{"id":360,"date":"2020-10-04T18:18:01","date_gmt":"2020-10-04T16:18:01","guid":{"rendered":"https:\/\/reflejarte.es\/reflejo\/?page_id=360"},"modified":"2024-10-20T10:04:06","modified_gmt":"2024-10-20T08:04:06","slug":"la-hora-en-espana-zona-horaria-horarios-oficiales-y-horarios-de-verano","status":"publish","type":"page","link":"https:\/\/reflejarte.es\/reflejo\/mi-carta-natal\/la-hora-en-espana-zona-horaria-horarios-oficiales-y-horarios-de-verano\/","title":{"rendered":"La hora en Espa\u00f1a: zona horaria, horarios oficiales y horarios de verano"},"content":{"rendered":"<p style=\"text-align: center;\"><a href=\"#lista\">consultar lista de los cambios horarios en Espa\u00f1a<\/a><\/p>\n<p style=\"text-align: center;\"><a href=\"#ayuda\">\u00bfqu\u00e9 datos necesito para calcular mi carta natal?<\/a><\/p>\n<h2>Un poco de historia del tiempo<strong><br \/>\n<\/strong><\/h2>\n<p>La <strong>hora natal\u00a0<\/strong>\u00a0 es un <strong>dato fundamental para calcular un hor\u00f3scopo<\/strong> ya que -junto con las coordenadas del lugar-\u00a0 determina los puntos angulares de la carta: el medio cielo, el ascendente\u00a0 y las c\u00faspides de las dem\u00e1s casas. Tambi\u00e9n depende de ella la posici\u00f3n de los planetas y sus interrelaciones (aspectos).<\/p>\n<p><strong>La hora<\/strong>, <strong>antiguamente<\/strong>, se determinaba por el paso del sol por el medio cielo, cosa que\u00a0 puede\u00a0 medirse usando un reloj solar: cuando el sol estaba en lo alto, en el z\u00e9nit,\u00a0 era mediod\u00eda.<\/p>\n<p>Ahora bien: como la Tierra no para de girar,\u00a0 el mediod\u00eda var\u00eda de pueblo en pueblo,\u00a0 y los relojes, tanto solares como mec\u00e1nicos ajustados al mediod\u00eda local\u00a0 mostraban la <strong>hora solar local<\/strong>.\u00a0 En aquellos tiempos en los que la gente no sol\u00eda viajar, las diferencias horarias no supon\u00edan ning\u00fan problema.<\/p>\n<p>Todo cambi\u00f3 cuando en el siglo XIX se introdujo el ferrocarril en Espa\u00f1a: el inconveniente de tantos horarios locales se hizo patente. Durante alg\u00fan tiempo se utiliz\u00f3 la hora\u00a0 solar media de Madrid para las comunicaciones ferroviarias, manteni\u00e9ndose las diferentes horas locales en los dem\u00e1s \u00e1mbitos.<\/p>\n<p>A finales del XIX, la modernizaci\u00f3n del pa\u00eds y el incremento de las comunicaciones nacionales e\u00a0 internacionales impulsaron al gobierno a establecer una<strong> hora oficial<\/strong>, obligatoria para ferrocarriles, correos, tel\u00e9grafos, tel\u00e9fonos y l\u00edneas de vapores entre pen\u00ednsula y Baleares, as\u00ed como para instituciones y organismos estatales, adoptando como referente el huso horario de Greenwich. As\u00ed,\u00a0 <strong>el\u00a0 1 de enero de 1901<\/strong> entr\u00f3 en vigor como\u00a0 <strong>hora legal<\/strong> la hora\u00a0 de \u00abEuropa occidental\u00bb (<strong>= GMT<\/strong>) &#8211; aunque en provincias se mantendr\u00edan las antiguas horas locales o provinciales durante a\u00f1os, sobre todo en la vida diaria.<\/p>\n<h2>\u00bfCu\u00e1l es el huso horario natural de Espa\u00f1a?<\/h2>\n<p>La mayor parte de Espa\u00f1a est\u00e1 situada al oeste del meridiano de Greenwich,\u00a0 por lo cual la zona horaria de Europa occidental (WET\u00a0 o\u00a0 GMT)\u00a0 conviene al conjunto del pa\u00eds para que no haya gran desfase entre la hora solar y la hora legal.<br \/>\nLa ciudad brit\u00e1nica de Greenwich, que dio nombre al GMT (Greenwich Mean Time = tiempo medio solar de Greenwich), constituye el punto de partida de un sistema de coordenadas geogr\u00e1ficas adoptado internacionalmente, un sistema que divide\u00a0 la circunferencia de la tierra\u00a0 en 360 grados:\u00a0 180\u00ba \u00a0 hacia el oeste (W)\u00a0 y otros 180\u00ba hacia el este (E). Se trata de un conjunto de l\u00edneas imaginarias entre los dos polos terrestres,\u00a0 donde Greenwich marca la longitud 0\u00ba.\u00a0 Este meridiano 0 atraviesa Espa\u00f1a entre el Parque Nacional de Ordesa y la ciudad de Castell\u00f3n de la Plana.<br \/>\nComo la tierra tarda 24 horas en girar sobre si misma, la circunferencia terrestre se dividi\u00f3 en 24 zonas de 15\u00ba de ancho,\u00a0 y en cada una de ellas\u00a0 rige otra hora est\u00e1ndar en funci\u00f3n de la posici\u00f3n del sol. La l\u00ednea del cambio de fecha est\u00e1 alrededor del grado de longitud 180\u00ba que pasa por el oc\u00e9ano Pac\u00edfico.<br \/>\nHoy se usa generalmente el t\u00e9rmino UTC para referirse a las diferencias horarias.<\/p>\n<p><a href=\"https:\/\/reflejarte.es\/reflejo\/wp-content\/uploads\/2019\/04\/World_Time_Zones_Map.png\"><img loading=\"lazy\" decoding=\"async\" class=\"wp-image-389 size-full alignnone\" src=\"https:\/\/reflejarte.es\/reflejo\/wp-content\/uploads\/2019\/04\/640px-World_Time_Zones_Map.png\" alt=\"Mapa Mundial de los husos horarios 2018\" width=\"640\" height=\"345\" srcset=\"https:\/\/reflejarte.es\/reflejo\/wp-content\/uploads\/2019\/04\/640px-World_Time_Zones_Map.png 640w, https:\/\/reflejarte.es\/reflejo\/wp-content\/uploads\/2019\/04\/640px-World_Time_Zones_Map-300x162.png 300w\" sizes=\"auto, (max-width: 640px) 100vw, 640px\" \/><\/a><\/p>\n<p>Los 24 husos horarios (zonas horarias) y\u00a0 el tiempo coordenado universal (UTC)<br \/>\nPulsar sobre la imagen para verla con detalles<br \/>\n<a name=\"ayuda\"><\/a><\/p>\n<h2><\/h2>\n<h2>\u00bfQu\u00e9 necesito para calcular mi hor\u00f3scopo?<\/h2>\n<p><strong>Para calcular el cielo exacto del nacimiento se necesitan, pues, la hora natal oficial y las coordenadas geogr\u00e1ficas del lugar (en grados y minutos de longitud y latitud).<br \/>\nCon estos datos y la fecha se pueden averiguar primero la hora solar verdadera del nacimiento y despu\u00e9s, las posiciones exactas de los planetas en ese momento.<\/strong><\/p>\n<p>Por eso es sumamente <strong>importante <\/strong><br \/>\n<strong> a) <\/strong><strong>conocer <\/strong><strong>la hora exacta\u00a0 de nacimiento<\/strong> (si no la sabes, puedes pedir tu partida de nacimiento<strong> literal\u00a0 <\/strong>al registro civil -por internet-, en la que consta la hora del parto)<br \/>\n<strong>b) saber si hab\u00eda<\/strong> alg\u00fan cambio en la hora oficial, por ejemplo, por<strong> horario de verano<\/strong>.<\/p>\n<p><strong>A\u00a0 continuaci\u00f3n te ofrecemos la lista de todos los cambios horarios que constan en las diversas fuentes que hemos consultado.<\/strong><\/p>\n<p>Pero antes una <strong>informaci\u00f3n fundamental :<\/strong><br \/>\n<span style=\"color: #ff0000;\"><strong>desde el 16 de marzo de 1940, la hora legal\u00a0 de Espa\u00f1a se rige por el huso horario de Europa CENTRAL<\/strong><\/span>, es decir: <strong>va adelantada en una hora <span style=\"color: #ff0000;\">durante todo el a\u00f1o<\/span><\/strong> con respecto al meridiano `natural&#8217; de Espa\u00f1a ( el mismo de Greenwich, UTC: 0h).\u00a0 Es una especie de hora de verano eterna.<br \/>\n<strong>En nuestro programa de c\u00e1lculo, este adelanto est\u00e1 ya incluido<\/strong>:\u00a0 siempre que ves la informaci\u00f3n\u00a0 \u00abzona horaria del lugar: Europe\/Madrid (UTC: <b>+1 h<\/b>)\u00bb ,\u00a0 significa que se ha tenido en cuenta el adelanto que llevamos en Espa\u00f1a desde marzo de 1940.<br \/>\nAhora bien: <span style=\"color: #ff0000;\"><strong><span style=\"color: #000000;\">si el nacimiento se ha producido<\/span> antes de marzo de 1940<\/strong><\/span>, en un periodo en que la hora oficial de Espa\u00f1a se reg\u00eda por su huso horario &#8216;natural&#8217;\u00a0 (es decir, UTC: 0h) puedes compensar el adelanto autom\u00e1tico sum\u00e1ndole una hora a la hora natal.<br \/>\n<a name=\"lista\"><\/a><\/p>\n<p>&nbsp;<\/p>\n<p>&nbsp;<\/p>\n<h2><\/h2>\n<h2>HORA OFICIAL Y CAMBIOS HORARIOS EN ESPA\u00d1A<\/h2>\n<p><strong>Antes del 1\/1\/1901<\/strong> \u00a0 se usaban las horas locales en Espa\u00f1a para asuntos relacionados con el estado civil (nacimientos, etc.). Los ferrocarriles y el mundo oficial, en cambio,\u00a0 se reg\u00edan por la hora legal de Madrid, que era la que correspond\u00eda a su meridiano de 3\u00ba41&#8217;W = 14 min 44 seg al oeste de Greenwich.<\/p>\n<p><strong>Desde el 1\/1\/1901<\/strong> :\u00a0\u00a0 la hora legal (= HL) de Espa\u00f1a (pen\u00ednsula y Baleares) es, a partir de ese d\u00eda, la del meridiano\/huso horario de Greenwich, con lo que la diferencia con GMT es de 0 horas (corresponde al Tiempo Universal Coordenado \u00a0 UTC\u00a0 de 0 horas.)<br \/>\nEn Canarias se implanta la hora de Europa Occidental (WET = UTC-1) a partir del 1\/3\/1922.<br \/>\nLos cambios de horario de verano se aplican siempre sobre la hora legal vigente.<\/p>\n<h3 style=\"text-align: center;\">Lista de <strong>horarios de verano<\/strong> desde 1900\u00a0 hasta hoy<\/h3>\n<p>(Los a\u00f1os que no se mencionan en la lista no registraron ning\u00fan cambio.<br \/>\nEn algunos a\u00f1os,\u00a0 los autores de los tratados consultados no coinciden: los cambios menos probables se listan en color gris.<br \/>\nDurante la Guerra Civil, ambos bandos establecieron su\u00a0 propia hora oficial.)<\/p>\n<p>&nbsp;<\/p>\n<table style=\"width: 100%; border: 2 px solid #333333;\">\n<tbody>\n<tr>\n<td style=\"text-align: center; background-color: #aaddff; color: #2578ab; border: 2 px solid #333333;\"><strong>desde <\/strong>d\/m\/a <strong>:<br \/>\nh <\/strong>invierno <strong>&gt; h <\/strong>verano<\/td>\n<td style=\"text-align: center; background-color: #99ccff; color: #2578ab; border: 2 px solid #333333;\"><strong>hasta\u00a0 <\/strong>d\/m\/a <strong>:<br \/>\nh<\/strong> verano <strong>&gt;<\/strong> <strong>h<\/strong> invierno<\/td>\n<td style=\"text-align: center; background-color: #aaddff; color: #006699; border: 2 px solid #333333;\"><small>Diferencia<br \/>\nentre<br \/>\n<\/small>GMT y HL<\/td>\n<td style=\"text-align: center; background-color: #99ccff; color: #006699; border: 2 px solid #333333;\">HL<br \/>\n<small>equivale a<br \/>\nzona horaria<br \/>\n<\/small>UTC<\/td>\n<\/tr>\n<tr>\n<td>\u00a0<span style=\"color: #2578ab;\">desde 1\/1\/<strong>1901<\/strong><\/span><\/td>\n<td><span style=\"color: #2578ab;\"><strong>Espa\u00f1a<\/strong> se rige por la<\/span><br \/>\n<span style=\"color: #2578ab;\">hora del meridiano 0<\/span><\/td>\n<td><span style=\"color: #2578ab;\">0<\/span><\/td>\n<td><span style=\"color: #2578ab;\">0<\/span><\/td>\n<\/tr>\n<tr>\n<td>15\/4\/<strong>1918\u00a0<\/strong>:\u00a0 23&gt;24<\/td>\n<td>6\/10\/1918 :\u00a0 1&gt;0<\/td>\n<td>-1<\/td>\n<td style=\"text-align: left;\">+1<\/td>\n<\/tr>\n<tr>\n<td>\u00a06\/4\/<strong>1919<\/strong> : 23&gt;24<\/td>\n<td>6\/10\/1919 : 1&gt;0<\/td>\n<td>-1<\/td>\n<td>+1<\/td>\n<\/tr>\n<tr>\n<td><span style=\"color: #2578ab;\">1\/3\/<strong>1922<\/strong> : 0&gt;WET<\/span><\/td>\n<td><span style=\"color: #2578ab;\">en <strong>CANARIAS<\/strong>, <strong>IFNI<\/strong>,<br \/>\n<strong>SAHARA ESP<\/strong>. se im-<\/span><br \/>\n<span style=\"color: #2578ab;\">planta la hora del<\/span><br \/>\n<span style=\"color: #2578ab;\">meridiano 15\u00baW =WET<\/span><\/td>\n<td><span style=\"color: #2578ab;\">-1<\/span><\/td>\n<td><strong><span style=\"color: #2578ab;\">-1<\/span><\/strong><\/td>\n<\/tr>\n<tr>\n<td>16\/4\/<strong>1924 <\/strong>: 23&gt;24<\/td>\n<td>5\/10\/1924 :1&gt;0<\/td>\n<td>-1<\/td>\n<td>+1<\/td>\n<\/tr>\n<tr>\n<td><span style=\"color: #999999;\">11\/4\/1925 :\u00a0 23&gt;24<\/span><\/td>\n<td><span style=\"color: #999999;\">3\/10\/1926 : 1&gt;0<\/span><\/td>\n<td><span style=\"color: #999999;\">-1\u00a0 <small>HV con-<br \/>\nt\u00ednua ?\u00a0 (*G)<\/small><\/span><\/td>\n<td><span style=\"color: #999999;\">+1<\/span><\/td>\n<\/tr>\n<tr>\n<td>17\/4\/1926 : 23&gt;24<\/td>\n<td>3\/10\/1926 : 1&gt;0<\/td>\n<td>-1<\/td>\n<td>+1<\/td>\n<\/tr>\n<tr>\n<td>\u00a09\/4\/<strong>1927 <\/strong>: 23&gt;24<\/td>\n<td>2\/10\/1927 : 1&gt;0<\/td>\n<td>-1<\/td>\n<td>+1<\/td>\n<\/tr>\n<tr>\n<td>15\/4\/<strong>1928<\/strong> :\u00a0 0&gt;1<\/td>\n<td>7\/10\/1928 : 1&gt;0<\/td>\n<td>-1<\/td>\n<td>+1<\/td>\n<\/tr>\n<tr>\n<td>20\/4\/<strong>1929 <\/strong>: 23&gt;24<\/td>\n<td>6\/10\/1929 : 1&gt;0<\/td>\n<td>-1<\/td>\n<td>+1<\/td>\n<\/tr>\n<tr>\n<td>16\/6\/<strong>1937<\/strong> : 23&gt;24<br \/>\n<span style=\"color: #999999;\">22\/5\/<strong>1937<\/strong> : 24&gt;23 (*X)<\/span><\/td>\n<td>3\/10\/1937 : 1&gt;0<\/td>\n<td>\u00a0-1 <span style=\"color: #000000;\"><small>(G.Civil:<br \/>\n<strong>Rep\u00fablica<\/strong>)<\/small><\/span><\/td>\n<td>+1<\/td>\n<\/tr>\n<tr>\n<td>2\/4\/<strong>1938<\/strong> : 23&gt;24<\/td>\n<td><\/td>\n<td>-1 <span style=\"color: #000000;\"><small>(G.Civil:<br \/>\n<strong>Rep\u00fablica<\/strong>)<\/small><\/span><\/td>\n<td>+1<\/td>\n<\/tr>\n<tr>\n<td>30\/4\/<strong>1938<\/strong> : 23&gt;24<\/td>\n<td>2\/10\/1938 : 24&gt;23<\/td>\n<td>-2<span style=\"color: #000000;\"> <small>(G.Civil:<br \/>\n<strong>Rep\u00fablica<\/strong>)<\/small><\/span><\/td>\n<td>+2<\/td>\n<\/tr>\n<tr>\n<td>2\/10\/<strong>1938<\/strong> : 24&gt;23<\/td>\n<td>28\/3\/1939\u00a0<small><br \/>\n(al finalizar la Guerra C.<br \/>\nse aplic\u00f3 la hora de<br \/>\nla zona franquista)<\/small><\/td>\n<td>-1 <small>(G.Civil:<br \/>\n<strong>Rep\u00fablica<\/strong>)<\/small><\/td>\n<td>+1<\/td>\n<\/tr>\n<tr>\n<td>22\/5\/<strong>1937<\/strong> : 23&gt;24<\/td>\n<td>3\/10\/1937 : 1&gt;0<\/td>\n<td>-1 <small>(G.Civil:<br \/>\n<strong>Zona<br \/>\nFranquista<\/strong>)<\/small><\/td>\n<td>+1<\/td>\n<\/tr>\n<tr>\n<td>26\/3\/ <strong>1938<\/strong> : 23&gt;24<\/td>\n<td>2\/10\/1938 : 1&gt;0<\/td>\n<td>-1 <small>(G.Civil:<br \/>\n<strong>Zona<br \/>\nFranquista<\/strong>)<\/small><\/td>\n<td>+1<\/td>\n<\/tr>\n<tr>\n<td>15\/4\/<strong>1939<\/strong> : 23&gt;24<\/td>\n<td>8\/10\/1939 : 1&gt;0<\/td>\n<td>-1<\/td>\n<td>+1<\/td>\n<\/tr>\n<tr>\n<td>16\/3\/<strong>1940<\/strong> : 23&gt;24<\/td>\n<td><span style=\"color: #ff0000;\">se inicia el <strong>adelanto<br \/>\npermanente<\/strong> de la HL<br \/>\n<strong>vigente hasta hoy<\/strong>:<br \/>\n<small>Espa\u00f1a se rige por la hora<br \/>\nCET (Hora Europa Central)<br \/>\nen <em><strong>Pen\u00ednsula<\/strong><\/em> y <em><strong>Baleares<\/strong><\/em><br \/>\n<em><strong>Canarias:<\/strong><\/em> WET+1 (= GMT)<br \/>\n<\/small><\/span><\/td>\n<td><strong>-1<\/strong><\/p>\n<p><em>\u00a0<\/em><\/p>\n<p><em>-1<\/em><strong><br \/>\n<\/strong><\/td>\n<td><span style=\"color: #ff0000;\"><span style=\"color: #ff0000;\"><strong>+1<\/strong><\/span><\/span><\/p>\n<p>&nbsp;<\/p>\n<p><span style=\"color: #ff0000;\"><span style=\"color: #ff0000;\"><em>+<strong>0<\/strong><\/em><\/span><\/span><\/td>\n<\/tr>\n<tr>\n<td>2\/5\/<strong>1942 <\/strong>: 23&gt;24<\/td>\n<td>2\/9\/1942 : 1&gt;0<\/td>\n<td>-2<\/td>\n<td>+2<\/td>\n<\/tr>\n<tr>\n<td>17\/4\/<strong>1943 <\/strong>: 23&gt;24<\/td>\n<td>3\/10\/1943 : 1&gt;0<\/td>\n<td>-2<\/td>\n<td>+2<\/td>\n<\/tr>\n<tr>\n<td>15\/4\/<strong>1944 <\/strong>: 23&gt;24<\/td>\n<td>1\/10\/1944 : 1&gt;0 (*X)(*P)<br \/>\n<span style=\"color: #999999;\">11\/10\/1944 : 1&gt;0 (*G)<\/span><\/td>\n<td>-2<\/td>\n<td>+2<\/td>\n<\/tr>\n<tr>\n<td>14\/4\/<strong>1945 <\/strong>: 23&gt;24<\/td>\n<td>30\/9\/1945 : 1&gt;0<\/td>\n<td>-2<\/td>\n<td>+2<\/td>\n<\/tr>\n<tr>\n<td>13\/4\/<strong>1946 <\/strong>: 23&gt;24<\/td>\n<td>29\/9\/1946 : 1&gt;0<\/td>\n<td>-2<\/td>\n<td>+2<\/td>\n<\/tr>\n<tr>\n<td>30\/4\/<strong>1949 <\/strong>: 23&gt;24<\/td>\n<td>2\/10\/1949 : 1&gt;0<\/td>\n<td>-2<\/td>\n<td>+2<\/td>\n<\/tr>\n<tr>\n<td><span style=\"color: #2578ab;\">entre <strong>1950 <\/strong>y<strong> 1973:<\/strong><\/span><\/td>\n<td><span style=\"color: #2578ab;\"><small>no hay HV, pero se mantiene<\/small><\/span><br \/>\n<small><span style=\"color: #2578ab;\">la hora de adelanto<\/span><br \/>\n<\/small><\/td>\n<td><span style=\"color: #2578ab;\">-1<\/span><\/td>\n<td><span style=\"color: #2578ab;\">+1<\/span><\/td>\n<\/tr>\n<tr>\n<td>13\/4\/<strong>1974 <\/strong>: 23&gt;24<\/td>\n<td>6\/10\/1974 : 1&gt;0<\/td>\n<td>-2<\/td>\n<td>+2<\/td>\n<\/tr>\n<tr>\n<td>12\/4\/<strong>1975 <\/strong>: 23&gt;24<\/td>\n<td>5\/10\/1975 : 1&gt;0<\/td>\n<td>-2<\/td>\n<td>+2<\/td>\n<\/tr>\n<tr>\n<td>27\/3\/<strong>1976 <\/strong>: 23&gt;24<\/td>\n<td>26\/9\/1976 : 1&gt;0<\/td>\n<td>-2<\/td>\n<td>+2<\/td>\n<\/tr>\n<tr>\n<td>2\/4\/<strong>1977 <\/strong>: 23&gt;24<\/td>\n<td>25\/9\/1977 : 1&gt;0<\/td>\n<td>-2<\/td>\n<td>+2<\/td>\n<\/tr>\n<tr>\n<td>2\/4\/<strong>1978 <\/strong>: 2&gt;3<\/td>\n<td>1\/10\/1975 : 3&gt;2<\/td>\n<td>-2<\/td>\n<td>+2<\/td>\n<\/tr>\n<tr>\n<td>1\/4\/<strong>1979 <\/strong>: 2&gt;3<\/td>\n<td>30\/9\/1979 : 3&gt;2<\/td>\n<td>-2<\/td>\n<td>+2<\/td>\n<\/tr>\n<tr>\n<td>6\/4\/<strong>1980 <\/strong>: 2&gt;3<\/td>\n<td>28\/9\/1980 : 3&gt;2<\/td>\n<td>-2<\/td>\n<td>+2<\/td>\n<\/tr>\n<tr>\n<td>29\/3\/<strong>1981 <\/strong>: 2&gt;3<\/td>\n<td>27\/9\/1981 : 3&gt;2<\/td>\n<td>-2<\/td>\n<td>+2<\/td>\n<\/tr>\n<tr>\n<td>28\/3\/<strong>1982 <\/strong>: 2&gt;3<\/td>\n<td>26\/9\/1982 : 3&gt;2<\/td>\n<td>-2<\/td>\n<td>+2<\/td>\n<\/tr>\n<tr>\n<td>27\/3\/<strong>1983 <\/strong>: 2&gt;3<\/td>\n<td>25\/9\/1983 : 3&gt;2<\/td>\n<td>-2<\/td>\n<td>+2<\/td>\n<\/tr>\n<tr>\n<td>25\/3\/<strong>1984 <\/strong>: 2&gt;3<\/td>\n<td>30\/9\/1984 : 3&gt;2<\/td>\n<td>-2<\/td>\n<td>+2<\/td>\n<\/tr>\n<tr>\n<td>31\/3\/<strong>1985 <\/strong>: 2&gt;3<\/td>\n<td>29\/9\/1985 : 3&gt;2<\/td>\n<td>-2<\/td>\n<td>+2<\/td>\n<\/tr>\n<tr>\n<td>30\/3\/<strong>1986 <\/strong>: 2&gt;3<\/td>\n<td>22\/9\/1986 : 3&gt;2<\/td>\n<td>-2<\/td>\n<td>+2&#8230;<\/td>\n<\/tr>\n<tr>\n<td>29\/3\/<strong>1987 <\/strong>: 2&gt;3<\/td>\n<td>27\/9\/1987 : 3&gt;2<\/td>\n<td>-2<\/td>\n<td>+2<\/td>\n<\/tr>\n<tr>\n<td>27\/3\/<strong>1988 <\/strong>: 2&gt;3<\/td>\n<td>25\/9\/1988 : 3&gt;2<\/td>\n<td>-2<\/td>\n<td>+2<\/td>\n<\/tr>\n<tr>\n<td>26\/3\/<strong>1989 <\/strong>: 2&gt;3<\/td>\n<td>24\/9\/1989 : 3&gt;2<\/td>\n<td>-2<\/td>\n<td>+2<\/td>\n<\/tr>\n<tr>\n<td>25\/3\/<strong>1990 <\/strong>: 2&gt;3<\/td>\n<td>30\/9\/1990 : 3&gt;2<\/td>\n<td>-2<\/td>\n<td>+2<\/td>\n<\/tr>\n<tr>\n<td>30\/3\/<strong>1991 <\/strong>: 2&gt;3<\/td>\n<td>29\/9\/1991 : 3&gt;2<\/td>\n<td>-2<\/td>\n<td>+2<\/td>\n<\/tr>\n<tr>\n<td>29\/3\/<strong>1992 <\/strong>: 2&gt;3<\/td>\n<td>27\/9\/1992 : 3&gt;2<\/td>\n<td>-2<\/td>\n<td>+2<\/td>\n<\/tr>\n<tr>\n<td>28\/3\/<strong>1993 <\/strong>: 2&gt;3<\/td>\n<td>26\/9\/1993 : 3&gt;2<\/td>\n<td>-2<\/td>\n<td>+2<\/td>\n<\/tr>\n<tr>\n<td>27\/3\/<strong>1994 <\/strong>: 2&gt;3<\/td>\n<td>25\/9\/1990 : 3&gt;2<\/td>\n<td>-2<\/td>\n<td>+2<\/td>\n<\/tr>\n<tr>\n<td>26\/3\/<strong>1995 <\/strong>: 2&gt;3<\/td>\n<td>24\/9\/1995 : 3&gt;2<\/td>\n<td>-2<\/td>\n<td>+2<\/td>\n<\/tr>\n<tr>\n<td>31\/3\/<strong>1996 <\/strong>: 2&gt;3<\/td>\n<td>27\/10\/1996 : 3&gt;2<\/td>\n<td>-2<\/td>\n<td>+2<\/td>\n<\/tr>\n<tr>\n<td>30\/3\/<strong>1997 <\/strong>: 2&gt;3<\/td>\n<td>26\/10\/1997 : 3&gt;2<\/td>\n<td>-2<\/td>\n<td>+2<\/td>\n<\/tr>\n<tr>\n<td>29\/3\/<strong>1998 <\/strong>: 2&gt;3<\/td>\n<td>25\/10\/1998 : 3&gt;2<\/td>\n<td>-2<\/td>\n<td>+2<\/td>\n<\/tr>\n<tr>\n<td>28\/3\/<strong>1999 <\/strong>: 2&gt;3<\/td>\n<td>31\/10\/1999 : 3&gt;2<\/td>\n<td>-2<\/td>\n<td>+2<\/td>\n<\/tr>\n<tr>\n<td>26\/3\/<strong>2000<\/strong>: 2&gt;3<\/td>\n<td>29\/10\/2000 : 3&gt;2<\/td>\n<td>-2<\/td>\n<td>+2<\/td>\n<\/tr>\n<tr>\n<td>25\/3\/<strong>2001<\/strong>: 2&gt;3<\/td>\n<td>28\/10\/2001 : 3&gt;2<\/td>\n<td>-2<\/td>\n<td>+2<\/td>\n<\/tr>\n<tr>\n<td>31\/3\/<strong>2002<\/strong>: 2&gt;3<\/td>\n<td>27\/10\/2002 : 3&gt;2<\/td>\n<td>-2<\/td>\n<td>+2<\/td>\n<\/tr>\n<tr>\n<td>30\/3\/<strong>2003<\/strong>: 2&gt;3<\/td>\n<td>26\/10\/2003 : 3&gt;2<\/td>\n<td>-2<\/td>\n<td>+2<\/td>\n<\/tr>\n<tr>\n<td>28\/3\/<strong>2004<\/strong>: 2&gt;3<\/td>\n<td>31\/10\/2004 : 3&gt;2<\/td>\n<td>-2<\/td>\n<td>+2<\/td>\n<\/tr>\n<tr>\n<td>27\/3\/<strong>2005<\/strong>: 2&gt;3<\/td>\n<td>30\/10\/2005 : 3&gt;2<\/td>\n<td>-2<\/td>\n<td>+2<\/td>\n<\/tr>\n<tr>\n<td>26\/3\/<strong>2006<\/strong>: 2&gt;3<\/td>\n<td>29\/10\/2006 : 3&gt;2<\/td>\n<td>-2<\/td>\n<td>+2<\/td>\n<\/tr>\n<tr>\n<td>25\/3\/<strong>2007<\/strong>: 2&gt;3<\/td>\n<td>28\/10\/2007 : 3&gt;2<\/td>\n<td>-2<\/td>\n<td>+2<\/td>\n<\/tr>\n<tr>\n<td>30\/3\/<strong>2008<\/strong>: 2&gt;3<\/td>\n<td>26\/10\/2008 : 3&gt;2<\/td>\n<td>-2<\/td>\n<td>+2<\/td>\n<\/tr>\n<tr>\n<td>29\/3\/<strong>2009<\/strong>: 2&gt;3<\/td>\n<td>25\/10\/2009 : 3&gt;2<\/td>\n<td>-2<\/td>\n<td>+2<\/td>\n<\/tr>\n<tr>\n<td>28\/3\/<strong>2010<\/strong>: 2&gt;3<\/td>\n<td>31\/10\/2010 : 3&gt;2<\/td>\n<td>-2<\/td>\n<td>+2<\/td>\n<\/tr>\n<tr>\n<td>27\/3\/<strong>2011<\/strong>: 2&gt;3<\/td>\n<td>30\/10\/2011 : 3&gt;2<\/td>\n<td>-2<\/td>\n<td>+2<\/td>\n<\/tr>\n<tr>\n<td>25\/3\/<strong>2012<\/strong>: 2&gt;3<\/td>\n<td>28\/10\/2012 : 3&gt;2<\/td>\n<td>-2<\/td>\n<td>+2<\/td>\n<\/tr>\n<tr>\n<td>31\/3\/<strong>2013<\/strong>: 2&gt;3<\/td>\n<td>27\/10\/2013 : 3&gt;2<\/td>\n<td>-2<\/td>\n<td>+2<\/td>\n<\/tr>\n<tr>\n<td>30\/3\/<strong>2014<\/strong>: 2&gt;3<\/td>\n<td>26\/10\/2014 : 3&gt;2<\/td>\n<td>-2<\/td>\n<td>+2<\/td>\n<\/tr>\n<tr>\n<td>29\/3\/<strong>2015<\/strong>: 2&gt;3<\/td>\n<td>25\/10\/2015 : 3&gt;2<\/td>\n<td>-2<\/td>\n<td>+2<\/td>\n<\/tr>\n<tr>\n<td>27\/3\/<strong>2016<\/strong>: 2&gt;3<\/td>\n<td>30\/10\/2016 : 3&gt;2<\/td>\n<td>-2<\/td>\n<td>+2<\/td>\n<\/tr>\n<tr>\n<td>26\/3\/<strong>2017<\/strong>: 2&gt;3<\/td>\n<td>29\/10\/2017 : 3&gt;2<\/td>\n<td>-2<\/td>\n<td>+2<\/td>\n<\/tr>\n<tr>\n<td>25\/3\/<strong>2018<\/strong>: 2&gt;3<\/td>\n<td>28\/10\/2018 : 3&gt;2<\/td>\n<td>-2<\/td>\n<td>+2<\/td>\n<\/tr>\n<tr>\n<td>31\/3\/<strong>2019<\/strong>: 2&gt;3<\/td>\n<td>27\/10\/2019 : 3&gt;2<\/td>\n<td>-2<\/td>\n<td>+2<\/td>\n<\/tr>\n<tr>\n<td>29\/3\/<strong>2020<\/strong>: 2&gt;3<\/td>\n<td>25\/10\/2020 : 3&gt;2<\/td>\n<td>-2<\/td>\n<td>+2<\/td>\n<\/tr>\n<tr>\n<td>28\/3\/<strong>2021<\/strong>: 2&gt;3<\/td>\n<td>31\/10\/2021 : 3&gt;2<\/td>\n<td>-2<\/td>\n<td>+2<\/td>\n<\/tr>\n<tr>\n<td>27\/3\/<strong>2022<\/strong>: 2&gt;3<\/td>\n<td>30\/10\/2022 : 3&gt;2<\/td>\n<td>-2<\/td>\n<td>+2<\/td>\n<\/tr>\n<tr>\n<td>26\/3\/<strong>2023<\/strong>: 2&gt;3<\/td>\n<td>29\/10\/2023 : 3&gt;2<\/td>\n<td>-2<\/td>\n<td>+2<\/td>\n<\/tr>\n<\/tbody>\n<\/table>\n<p>FUENTES:<br \/>\n&#8211;\u00a0 <a href=\"http:\/\/astronomia.ign.es\/rknowsys-theme\/images\/webAstro\/paginas\/documentos\/Anuario\/lahoraoficialenespana.pdf\" target=\"_blank\" rel=\"noopener noreferrer\">Pere Planesas: La hora oficial en Espa\u00f1a<\/a>), Anuario del Observatorio Astron\u00f3mico de Madrid para el a\u00f1o 2013 (IGN)<br \/>\n&#8211; Gerardo S\u00e1nchez, Jos\u00e9 Luis San Miguel \u00c1ngel Rodr\u00edguez Illera, Amalia Pe\u00f1asco: Cambios de hora legal en Espa\u00f1a, en: Cuadernos de Cultura Astrol\u00f3gica, N\u00ba 1, 1981, p\u00e1gs. 57-61\u00a0\u00a0 (*X)<br \/>\n&#8211;\u00a0 Gabriel: Trait\u00e9 de l&#8217;Heure dans le Monde, Paris 1982\u00a0\u00a0\u00a0 (*G)<br \/>\nLos trabajos citados se basan en los Boletines Oficiales del Estado (B.O.E.) y sus antecesores (Gaceta de Madrid, Gazeta de la Rep\u00fablica, etc.)<\/p>\n<p>&nbsp;<\/p>\n<p>&nbsp;<\/p>\n<p>&nbsp;<\/p>\n","protected":false},"excerpt":{"rendered":"<p>consultar lista de los cambios horarios en Espa\u00f1a \u00bfqu\u00e9 datos necesito para calcular mi carta natal? Un poco de historia del tiempo La hora natal\u00a0\u00a0 es un dato fundamental para calcular un hor\u00f3scopo ya que -junto con las coordenadas del lugar-\u00a0 determina los puntos angulares de la carta: el medio cielo, el ascendente\u00a0 y las &hellip; <\/p>\n<p class=\"link-more\"><a href=\"https:\/\/reflejarte.es\/reflejo\/mi-carta-natal\/la-hora-en-espana-zona-horaria-horarios-oficiales-y-horarios-de-verano\/\" class=\"more-link\">Continuar leyendo<span class=\"screen-reader-text\"> \u00abLa hora en Espa\u00f1a: zona horaria, horarios oficiales y horarios de verano\u00bb<\/span><\/a><\/p>\n","protected":false},"author":1,"featured_media":0,"parent":334,"menu_order":0,"comment_status":"closed","ping_status":"closed","template":"","meta":{"footnotes":""},"class_list":["post-360","page","type-page","status-publish","hentry"],"_links":{"self":[{"href":"https:\/\/reflejarte.es\/reflejo\/wp-json\/wp\/v2\/pages\/360","targetHints":{"allow":["GET"]}}],"collection":[{"href":"https:\/\/reflejarte.es\/reflejo\/wp-json\/wp\/v2\/pages"}],"about":[{"href":"https:\/\/reflejarte.es\/reflejo\/wp-json\/wp\/v2\/types\/page"}],"author":[{"embeddable":true,"href":"https:\/\/reflejarte.es\/reflejo\/wp-json\/wp\/v2\/users\/1"}],"replies":[{"embeddable":true,"href":"https:\/\/reflejarte.es\/reflejo\/wp-json\/wp\/v2\/comments?post=360"}],"version-history":[{"count":46,"href":"https:\/\/reflejarte.es\/reflejo\/wp-json\/wp\/v2\/pages\/360\/revisions"}],"predecessor-version":[{"id":638,"href":"https:\/\/reflejarte.es\/reflejo\/wp-json\/wp\/v2\/pages\/360\/revisions\/638"}],"up":[{"embeddable":true,"href":"https:\/\/reflejarte.es\/reflejo\/wp-json\/wp\/v2\/pages\/334"}],"wp:attachment":[{"href":"https:\/\/reflejarte.es\/reflejo\/wp-json\/wp\/v2\/media?parent=360"}],"curies":[{"name":"wp","href":"https:\/\/api.w.org\/{rel}","templated":true}]}}