{"id":1302,"date":"2018-10-09T12:33:12","date_gmt":"2018-10-09T12:33:12","guid":{"rendered":"https:\/\/reflejarte.es\/tallercreativo\/?page_id=1302"},"modified":"2022-03-31T12:00:22","modified_gmt":"2022-03-31T12:00:22","slug":"yolanda-campos-%c2%b7-mezzo-soprano","status":"publish","type":"page","link":"https:\/\/reflejarte.es\/lareverie\/en\/the-musicians\/yolanda-campos-%c2%b7-mezzo-soprano\/","title":{"rendered":"Yolanda Campos \u00b7 mezzo-soprano"},"content":{"rendered":"<h2 style=\"text-align: center;\">The musicians of La R\u00eaverie<\/h2>\n<h1>Yolanda Campos<\/h1>\n<h3>mezzo-soprano<a href=\"https:\/\/reflejarte.es\/lareverie\/wp-content\/uploads\/2018\/10\/Yolanda_Campos-CANTICA-LaReverie.jpg\"><img loading=\"lazy\" decoding=\"async\" class=\"alignright size-medium wp-image-1151\" src=\"https:\/\/reflejarte.es\/lareverie\/wp-content\/uploads\/2018\/10\/Yolanda_Campos-CANTICA-LaReverie-281x300.jpg\" alt=\"Yolanda Campos, canto \u00b7 CANTICA \u00b7 La R\u00eaverie\" width=\"281\" height=\"300\" srcset=\"https:\/\/reflejarte.es\/lareverie\/wp-content\/uploads\/2018\/10\/Yolanda_Campos-CANTICA-LaReverie-281x300.jpg 281w, https:\/\/reflejarte.es\/lareverie\/wp-content\/uploads\/2018\/10\/Yolanda_Campos-CANTICA-LaReverie-141x150.jpg 141w, https:\/\/reflejarte.es\/lareverie\/wp-content\/uploads\/2018\/10\/Yolanda_Campos-CANTICA-LaReverie.jpg 300w\" sizes=\"auto, (max-width: 281px) 100vw, 281px\" \/><\/a><\/h3>\n<p>&nbsp;<\/p>\n<p>Born in C\u00e1diz (Spain) in 1977, she started her music career at Orense&#8217;s Conservatory of Music where, in 1991, she discovered one of her biggest passions: singing. Besides her music studies (music theory, singing and piano) in the north of Spain, she graduated in translation and interpreting from the University of Granada in 2000 and speaks seven different languages.<\/p>\n<p style=\"text-align: right;\">Yolanda Campos, performing at the presentation of CANTICA<\/p>\n<p>Yolanda has sung in quartets, octets and choirs with conductors such as Francisco Ruiz, Pablo Heras, Josep Pons and Harry Christophers.<\/p>\n<p>Among her noteworthy concerts are: the recording of Jos\u00e9 Garc\u00eda Rom\u00e1n&#8217;s Stabat Mater for the Spanish national radio (Granada, 1995); Mozart&#8217;s Magic Flute at Granada&#8217;s renowned International Festival of Music and Dance (2000); cooperations with La Danserye in the Ecos del Templo y de la Corte (Echos of Temples and Courts) series of concerts around Andalusia (2006); or being in charge of the closing performance as a soloist at UNESCO&#8217;s conference on Education for the Third Millenium (Malaga, March 2013).<\/p>\n<p>A highly versatile and expressive artist, she loves all music styles and has also worked as one of the main characters in Romeo and Juliet: the Musical for two years.<\/p>\n<p>She has taught music and dance for 5 years in different international schools in Thailand to students between 3 and 16 years of age. She has also organised numerous music events both in Thailand and Spain, some of which have helped her raise money for charity institutions.<\/p>\n<p>She is currently involved in diverse music projects and works as a teacher training organiser at the Teachers&#8217; Centre in Malaga. She lives in Malaga with her husband and two children.<\/p>\n","protected":false},"excerpt":{"rendered":"<p>The musicians of La R\u00eaverie Yolanda Campos mezzo-soprano &nbsp; Born in C\u00e1diz (Spain) in 1977, she started her music career at Orense&#8217;s Conservatory of Music where, in 1991, she discovered one of her biggest passions:&#8230;<\/p>\n<p> <a class=\"continue-reading-link\" href=\"https:\/\/reflejarte.es\/lareverie\/en\/the-musicians\/yolanda-campos-%c2%b7-mezzo-soprano\/\"><span>seguir leyendo &#8230;<\/span><i class=\"crycon-right-dir\"><\/i><\/a> <\/p>\n","protected":false},"author":1,"featured_media":0,"parent":1270,"menu_order":0,"comment_status":"closed","ping_status":"closed","template":"","meta":{"footnotes":""},"class_list":["post-1302","page","type-page","status-publish","hentry"],"yoast_head":"<!-- This site is optimized with the Yoast SEO plugin v27.3 - https:\/\/yoast.com\/product\/yoast-seo-wordpress\/ -->\n<title>Yolanda Campos \u00b7 mezzo-soprano &#183; La R\u00eaverie<\/title>\n<meta name=\"description\" content=\"Yolanda Campos \u00b7 mezzo-soprano &#183; La R\u00eaverie\" \/>\n<meta name=\"robots\" content=\"index, follow, max-snippet:-1, max-image-preview:large, max-video-preview:-1\" \/>\n<link rel=\"canonical\" href=\"https:\/\/reflejarte.es\/lareverie\/en\/the-musicians\/yolanda-campos-\u00b7-mezzo-soprano\/\" \/>\n<meta property=\"og:locale\" content=\"es_ES\" \/>\n<meta property=\"og:type\" content=\"article\" \/>\n<meta property=\"og:title\" content=\"Yolanda Campos \u00b7 mezzo-soprano &#183; La R\u00eaverie\" \/>\n<meta property=\"og:description\" content=\"Yolanda Campos \u00b7 mezzo-soprano &#183; La R\u00eaverie\" \/>\n<meta property=\"og:url\" content=\"https:\/\/reflejarte.es\/lareverie\/en\/the-musicians\/yolanda-campos-\u00b7-mezzo-soprano\/\" \/>\n<meta property=\"og:site_name\" content=\"La R\u00eaverie\" \/>\n<meta property=\"article:modified_time\" content=\"2022-03-31T12:00:22+00:00\" \/>\n<meta property=\"og:image\" content=\"https:\/\/reflejarte.es\/lareverie\/wp-content\/uploads\/2018\/10\/Yolanda_Campos-CANTICA-LaReverie-281x300.jpg\" \/>\n<meta name=\"twitter:card\" content=\"summary_large_image\" \/>\n<meta name=\"twitter:label1\" content=\"Tiempo de lectura\" \/>\n\t<meta name=\"twitter:data1\" content=\"1 minuto\" \/>\n<script type=\"application\/ld+json\" class=\"yoast-schema-graph\">{\"@context\":\"https:\\\/\\\/schema.org\",\"@graph\":[{\"@type\":\"WebPage\",\"@id\":\"https:\\\/\\\/reflejarte.es\\\/lareverie\\\/en\\\/the-musicians\\\/yolanda-campos-%c2%b7-mezzo-soprano\\\/\",\"url\":\"https:\\\/\\\/reflejarte.es\\\/lareverie\\\/en\\\/the-musicians\\\/yolanda-campos-%c2%b7-mezzo-soprano\\\/\",\"name\":\"Yolanda Campos \u00b7 mezzo-soprano &#183; La R\u00eaverie\",\"isPartOf\":{\"@id\":\"https:\\\/\\\/reflejarte.es\\\/lareverie\\\/#website\"},\"primaryImageOfPage\":{\"@id\":\"https:\\\/\\\/reflejarte.es\\\/lareverie\\\/en\\\/the-musicians\\\/yolanda-campos-%c2%b7-mezzo-soprano\\\/#primaryimage\"},\"image\":{\"@id\":\"https:\\\/\\\/reflejarte.es\\\/lareverie\\\/en\\\/the-musicians\\\/yolanda-campos-%c2%b7-mezzo-soprano\\\/#primaryimage\"},\"thumbnailUrl\":\"https:\\\/\\\/reflejarte.es\\\/lareverie\\\/wp-content\\\/uploads\\\/2018\\\/10\\\/Yolanda_Campos-CANTICA-LaReverie-281x300.jpg\",\"datePublished\":\"2018-10-09T12:33:12+00:00\",\"dateModified\":\"2022-03-31T12:00:22+00:00\",\"description\":\"Yolanda Campos \u00b7 mezzo-soprano &#183; La R\u00eaverie\",\"breadcrumb\":{\"@id\":\"https:\\\/\\\/reflejarte.es\\\/lareverie\\\/en\\\/the-musicians\\\/yolanda-campos-%c2%b7-mezzo-soprano\\\/#breadcrumb\"},\"inLanguage\":\"es\",\"potentialAction\":[{\"@type\":\"ReadAction\",\"target\":[\"https:\\\/\\\/reflejarte.es\\\/lareverie\\\/en\\\/the-musicians\\\/yolanda-campos-%c2%b7-mezzo-soprano\\\/\"]}]},{\"@type\":\"ImageObject\",\"inLanguage\":\"es\",\"@id\":\"https:\\\/\\\/reflejarte.es\\\/lareverie\\\/en\\\/the-musicians\\\/yolanda-campos-%c2%b7-mezzo-soprano\\\/#primaryimage\",\"url\":\"https:\\\/\\\/reflejarte.es\\\/lareverie\\\/wp-content\\\/uploads\\\/2018\\\/10\\\/Yolanda_Campos-CANTICA-LaReverie.jpg\",\"contentUrl\":\"https:\\\/\\\/reflejarte.es\\\/lareverie\\\/wp-content\\\/uploads\\\/2018\\\/10\\\/Yolanda_Campos-CANTICA-LaReverie.jpg\",\"width\":300,\"height\":320,\"caption\":\"Yolanda Campos, canto \u00b7 CANTICA \u00b7 La R\u00eaverie\"},{\"@type\":\"BreadcrumbList\",\"@id\":\"https:\\\/\\\/reflejarte.es\\\/lareverie\\\/en\\\/the-musicians\\\/yolanda-campos-%c2%b7-mezzo-soprano\\\/#breadcrumb\",\"itemListElement\":[{\"@type\":\"ListItem\",\"position\":1,\"name\":\"Inicio\",\"item\":\"https:\\\/\\\/reflejarte.es\\\/lareverie\\\/\"},{\"@type\":\"ListItem\",\"position\":2,\"name\":\"English\",\"item\":\"https:\\\/\\\/reflejarte.es\\\/lareverie\\\/en\\\/\"},{\"@type\":\"ListItem\",\"position\":3,\"name\":\"The Musicians\",\"item\":\"https:\\\/\\\/reflejarte.es\\\/lareverie\\\/en\\\/the-musicians\\\/\"},{\"@type\":\"ListItem\",\"position\":4,\"name\":\"Yolanda Campos \u00b7 mezzo-soprano\"}]},{\"@type\":\"WebSite\",\"@id\":\"https:\\\/\\\/reflejarte.es\\\/lareverie\\\/#website\",\"url\":\"https:\\\/\\\/reflejarte.es\\\/lareverie\\\/\",\"name\":\"La R\u00eaverie\",\"description\":\"pasi\u00f3n por la m\u00fasica bien hecha\",\"publisher\":{\"@id\":\"https:\\\/\\\/reflejarte.es\\\/lareverie\\\/#\\\/schema\\\/person\\\/5c48ca5d852a6ac613afecdcdad33430\"},\"potentialAction\":[{\"@type\":\"SearchAction\",\"target\":{\"@type\":\"EntryPoint\",\"urlTemplate\":\"https:\\\/\\\/reflejarte.es\\\/lareverie\\\/?s={search_term_string}\"},\"query-input\":{\"@type\":\"PropertyValueSpecification\",\"valueRequired\":true,\"valueName\":\"search_term_string\"}}],\"inLanguage\":\"es\"},{\"@type\":[\"Person\",\"Organization\"],\"@id\":\"https:\\\/\\\/reflejarte.es\\\/lareverie\\\/#\\\/schema\\\/person\\\/5c48ca5d852a6ac613afecdcdad33430\",\"name\":\"La R\u00eaverie\",\"image\":{\"@type\":\"ImageObject\",\"inLanguage\":\"es\",\"@id\":\"https:\\\/\\\/reflejarte.es\\\/lareverie\\\/wp-content\\\/uploads\\\/2018\\\/09\\\/lareverie-logo.jpg\",\"url\":\"https:\\\/\\\/reflejarte.es\\\/lareverie\\\/wp-content\\\/uploads\\\/2018\\\/09\\\/lareverie-logo.jpg\",\"contentUrl\":\"https:\\\/\\\/reflejarte.es\\\/lareverie\\\/wp-content\\\/uploads\\\/2018\\\/09\\\/lareverie-logo.jpg\",\"width\":512,\"height\":512,\"caption\":\"La R\u00eaverie\"},\"logo\":{\"@id\":\"https:\\\/\\\/reflejarte.es\\\/lareverie\\\/wp-content\\\/uploads\\\/2018\\\/09\\\/lareverie-logo.jpg\"}}]}<\/script>\n<!-- \/ Yoast SEO plugin. -->","yoast_head_json":{"title":"Yolanda Campos \u00b7 mezzo-soprano &#183; La R\u00eaverie","description":"Yolanda Campos \u00b7 mezzo-soprano &#183; La R\u00eaverie","robots":{"index":"index","follow":"follow","max-snippet":"max-snippet:-1","max-image-preview":"max-image-preview:large","max-video-preview":"max-video-preview:-1"},"canonical":"https:\/\/reflejarte.es\/lareverie\/en\/the-musicians\/yolanda-campos-\u00b7-mezzo-soprano\/","og_locale":"es_ES","og_type":"article","og_title":"Yolanda Campos \u00b7 mezzo-soprano &#183; La R\u00eaverie","og_description":"Yolanda Campos \u00b7 mezzo-soprano &#183; La R\u00eaverie","og_url":"https:\/\/reflejarte.es\/lareverie\/en\/the-musicians\/yolanda-campos-\u00b7-mezzo-soprano\/","og_site_name":"La R\u00eaverie","article_modified_time":"2022-03-31T12:00:22+00:00","og_image":[{"url":"https:\/\/reflejarte.es\/lareverie\/wp-content\/uploads\/2018\/10\/Yolanda_Campos-CANTICA-LaReverie-281x300.jpg","type":"","width":"","height":""}],"twitter_card":"summary_large_image","twitter_misc":{"Tiempo de lectura":"1 minuto"},"schema":{"@context":"https:\/\/schema.org","@graph":[{"@type":"WebPage","@id":"https:\/\/reflejarte.es\/lareverie\/en\/the-musicians\/yolanda-campos-%c2%b7-mezzo-soprano\/","url":"https:\/\/reflejarte.es\/lareverie\/en\/the-musicians\/yolanda-campos-%c2%b7-mezzo-soprano\/","name":"Yolanda Campos \u00b7 mezzo-soprano &#183; La R\u00eaverie","isPartOf":{"@id":"https:\/\/reflejarte.es\/lareverie\/#website"},"primaryImageOfPage":{"@id":"https:\/\/reflejarte.es\/lareverie\/en\/the-musicians\/yolanda-campos-%c2%b7-mezzo-soprano\/#primaryimage"},"image":{"@id":"https:\/\/reflejarte.es\/lareverie\/en\/the-musicians\/yolanda-campos-%c2%b7-mezzo-soprano\/#primaryimage"},"thumbnailUrl":"https:\/\/reflejarte.es\/lareverie\/wp-content\/uploads\/2018\/10\/Yolanda_Campos-CANTICA-LaReverie-281x300.jpg","datePublished":"2018-10-09T12:33:12+00:00","dateModified":"2022-03-31T12:00:22+00:00","description":"Yolanda Campos \u00b7 mezzo-soprano &#183; La R\u00eaverie","breadcrumb":{"@id":"https:\/\/reflejarte.es\/lareverie\/en\/the-musicians\/yolanda-campos-%c2%b7-mezzo-soprano\/#breadcrumb"},"inLanguage":"es","potentialAction":[{"@type":"ReadAction","target":["https:\/\/reflejarte.es\/lareverie\/en\/the-musicians\/yolanda-campos-%c2%b7-mezzo-soprano\/"]}]},{"@type":"ImageObject","inLanguage":"es","@id":"https:\/\/reflejarte.es\/lareverie\/en\/the-musicians\/yolanda-campos-%c2%b7-mezzo-soprano\/#primaryimage","url":"https:\/\/reflejarte.es\/lareverie\/wp-content\/uploads\/2018\/10\/Yolanda_Campos-CANTICA-LaReverie.jpg","contentUrl":"https:\/\/reflejarte.es\/lareverie\/wp-content\/uploads\/2018\/10\/Yolanda_Campos-CANTICA-LaReverie.jpg","width":300,"height":320,"caption":"Yolanda Campos, canto \u00b7 CANTICA \u00b7 La R\u00eaverie"},{"@type":"BreadcrumbList","@id":"https:\/\/reflejarte.es\/lareverie\/en\/the-musicians\/yolanda-campos-%c2%b7-mezzo-soprano\/#breadcrumb","itemListElement":[{"@type":"ListItem","position":1,"name":"Inicio","item":"https:\/\/reflejarte.es\/lareverie\/"},{"@type":"ListItem","position":2,"name":"English","item":"https:\/\/reflejarte.es\/lareverie\/en\/"},{"@type":"ListItem","position":3,"name":"The Musicians","item":"https:\/\/reflejarte.es\/lareverie\/en\/the-musicians\/"},{"@type":"ListItem","position":4,"name":"Yolanda Campos \u00b7 mezzo-soprano"}]},{"@type":"WebSite","@id":"https:\/\/reflejarte.es\/lareverie\/#website","url":"https:\/\/reflejarte.es\/lareverie\/","name":"La R\u00eaverie","description":"pasi\u00f3n por la m\u00fasica bien hecha","publisher":{"@id":"https:\/\/reflejarte.es\/lareverie\/#\/schema\/person\/5c48ca5d852a6ac613afecdcdad33430"},"potentialAction":[{"@type":"SearchAction","target":{"@type":"EntryPoint","urlTemplate":"https:\/\/reflejarte.es\/lareverie\/?s={search_term_string}"},"query-input":{"@type":"PropertyValueSpecification","valueRequired":true,"valueName":"search_term_string"}}],"inLanguage":"es"},{"@type":["Person","Organization"],"@id":"https:\/\/reflejarte.es\/lareverie\/#\/schema\/person\/5c48ca5d852a6ac613afecdcdad33430","name":"La R\u00eaverie","image":{"@type":"ImageObject","inLanguage":"es","@id":"https:\/\/reflejarte.es\/lareverie\/wp-content\/uploads\/2018\/09\/lareverie-logo.jpg","url":"https:\/\/reflejarte.es\/lareverie\/wp-content\/uploads\/2018\/09\/lareverie-logo.jpg","contentUrl":"https:\/\/reflejarte.es\/lareverie\/wp-content\/uploads\/2018\/09\/lareverie-logo.jpg","width":512,"height":512,"caption":"La R\u00eaverie"},"logo":{"@id":"https:\/\/reflejarte.es\/lareverie\/wp-content\/uploads\/2018\/09\/lareverie-logo.jpg"}}]}},"_links":{"self":[{"href":"https:\/\/reflejarte.es\/lareverie\/wp-json\/wp\/v2\/pages\/1302","targetHints":{"allow":["GET"]}}],"collection":[{"href":"https:\/\/reflejarte.es\/lareverie\/wp-json\/wp\/v2\/pages"}],"about":[{"href":"https:\/\/reflejarte.es\/lareverie\/wp-json\/wp\/v2\/types\/page"}],"author":[{"embeddable":true,"href":"https:\/\/reflejarte.es\/lareverie\/wp-json\/wp\/v2\/users\/1"}],"replies":[{"embeddable":true,"href":"https:\/\/reflejarte.es\/lareverie\/wp-json\/wp\/v2\/comments?post=1302"}],"version-history":[{"count":5,"href":"https:\/\/reflejarte.es\/lareverie\/wp-json\/wp\/v2\/pages\/1302\/revisions"}],"predecessor-version":[{"id":1841,"href":"https:\/\/reflejarte.es\/lareverie\/wp-json\/wp\/v2\/pages\/1302\/revisions\/1841"}],"up":[{"embeddable":true,"href":"https:\/\/reflejarte.es\/lareverie\/wp-json\/wp\/v2\/pages\/1270"}],"wp:attachment":[{"href":"https:\/\/reflejarte.es\/lareverie\/wp-json\/wp\/v2\/media?parent=1302"}],"curies":[{"name":"wp","href":"https:\/\/api.w.org\/{rel}","templated":true}]}}