{"id":1293,"date":"2018-10-09T12:10:30","date_gmt":"2018-10-09T12:10:30","guid":{"rendered":"https:\/\/reflejarte.es\/tallercreativo\/?page_id=1293"},"modified":"2022-03-29T12:35:16","modified_gmt":"2022-03-29T12:35:16","slug":"angel-martin-%c2%b7-percussionist","status":"publish","type":"page","link":"https:\/\/reflejarte.es\/lareverie\/en\/the-musicians\/angel-martin-%c2%b7-percussionist\/","title":{"rendered":"\u00c1ngel Mart\u00edn \u00b7 percussionist"},"content":{"rendered":"<h2 style=\"text-align: center;\">The musicians of La R\u00eaverie<\/h2>\n<p>&nbsp;<\/p>\n<h1>\u00c1ngel Mart\u00edn<a href=\"https:\/\/reflejarte.es\/lareverie\/wp-content\/uploads\/2018\/09\/Angel_Martin-pandero.png\"><img loading=\"lazy\" decoding=\"async\" class=\"alignright size-medium wp-image-974\" src=\"https:\/\/reflejarte.es\/lareverie\/wp-content\/uploads\/2018\/09\/Angel_Martin-pandero-224x300.png\" alt=\"La R\u00eaverie \u00b7 Angel Mart\u00edn, percusionista\" width=\"224\" height=\"300\" srcset=\"https:\/\/reflejarte.es\/lareverie\/wp-content\/uploads\/2018\/09\/Angel_Martin-pandero-224x300.png 224w, https:\/\/reflejarte.es\/lareverie\/wp-content\/uploads\/2018\/09\/Angel_Martin-pandero-112x150.png 112w, https:\/\/reflejarte.es\/lareverie\/wp-content\/uploads\/2018\/09\/Angel_Martin-pandero.png 374w\" sizes=\"auto, (max-width: 224px) 100vw, 224px\" \/><\/a><\/h1>\n<h3>percussionist<\/h3>\n<p>&nbsp;<\/p>\n<p>\u00c1ngel Mart\u00edn Bandera was born in M\u00e1laga in 1976.<br \/>\nHis interest for music started at a very early age although he would begin his formal music studies after obtaining his bachelor&#8217;s degree in engineering.<\/p>\n<p>He began studying traverse flute in 1998. However, his passion for music from \u00abother worlds\u00bb constituted an awakening initially characterized by a deep interest in African percussion, which lead him to an investigation experience in Burkina Faso in 2000.<\/p>\n<p>One year later, he worked for an NGO as a social facilitator and educator in Bolivia, where he studied two Andean instruments: the quena and the siku.<\/p>\n<p>In 2002, during a three-year period living in Italy, \u00c1ngel combined his flute studies in Arrigo Boito Conservatory of Music in Parma with the deep research on wind &amp; percussion instruments present in cultures all around the world. Back to M\u00e1laga in 2005, his flute studies continued with Keiko Takehuchi and he began his autodidactic studies on frame drums (mainly riq &amp; tar). Since then, he has attended several workshops on frame drums and has continued his research on this type of percussion. One of his most renowned teachers has been Ricardo Passos.<\/p>\n<p>\u00c1ngel has worked as a therapist and facilitator for different projects and associations in M\u00e1laga (Spain), La Paz (Bolivia) and Cremona and Parma (Italy). As a flutist &amp; percussionist he has worked and performed with bands of various music styles (rock, folk, traditional music) such as: Khairkan, El Sombrero del Alquimista, Userne or Mokambo, with whom he has performed in Spain, Italy and Latin America.<\/p>\n","protected":false},"excerpt":{"rendered":"<p>The musicians of La R\u00eaverie &nbsp; \u00c1ngel Mart\u00edn percussionist &nbsp; \u00c1ngel Mart\u00edn Bandera was born in M\u00e1laga in 1976. His interest for music started at a very early age although he would begin his formal&#8230;<\/p>\n<p> <a class=\"continue-reading-link\" href=\"https:\/\/reflejarte.es\/lareverie\/en\/the-musicians\/angel-martin-%c2%b7-percussionist\/\"><span>seguir leyendo &#8230;<\/span><i class=\"crycon-right-dir\"><\/i><\/a> <\/p>\n","protected":false},"author":1,"featured_media":0,"parent":1270,"menu_order":0,"comment_status":"closed","ping_status":"closed","template":"","meta":{"footnotes":""},"class_list":["post-1293","page","type-page","status-publish","hentry"],"yoast_head":"<!-- This site is optimized with the Yoast SEO plugin v27.4 - https:\/\/yoast.com\/product\/yoast-seo-wordpress\/ -->\n<title>\u00c1ngel Mart\u00edn \u00b7 percussionist &#183; La R\u00eaverie<\/title>\n<meta name=\"description\" content=\"\u00c1ngel Mart\u00edn \u00b7 percussionist &#183; La R\u00eaverie\" \/>\n<meta name=\"robots\" content=\"index, follow, max-snippet:-1, max-image-preview:large, max-video-preview:-1\" \/>\n<link rel=\"canonical\" href=\"https:\/\/reflejarte.es\/lareverie\/en\/the-musicians\/angel-martin-\u00b7-percussionist\/\" \/>\n<meta property=\"og:locale\" content=\"es_ES\" \/>\n<meta property=\"og:type\" content=\"article\" \/>\n<meta property=\"og:title\" content=\"\u00c1ngel Mart\u00edn \u00b7 percussionist &#183; La R\u00eaverie\" \/>\n<meta property=\"og:description\" content=\"\u00c1ngel Mart\u00edn \u00b7 percussionist &#183; La R\u00eaverie\" \/>\n<meta property=\"og:url\" content=\"https:\/\/reflejarte.es\/lareverie\/en\/the-musicians\/angel-martin-\u00b7-percussionist\/\" \/>\n<meta property=\"og:site_name\" content=\"La R\u00eaverie\" \/>\n<meta property=\"article:modified_time\" content=\"2022-03-29T12:35:16+00:00\" \/>\n<meta property=\"og:image\" content=\"https:\/\/reflejarte.es\/lareverie\/wp-content\/uploads\/2018\/09\/Angel_Martin-pandero-224x300.png\" \/>\n<meta name=\"twitter:card\" content=\"summary_large_image\" \/>\n<meta name=\"twitter:label1\" content=\"Tiempo de lectura\" \/>\n\t<meta name=\"twitter:data1\" content=\"1 minuto\" \/>\n<script type=\"application\/ld+json\" class=\"yoast-schema-graph\">{\"@context\":\"https:\\\/\\\/schema.org\",\"@graph\":[{\"@type\":\"WebPage\",\"@id\":\"https:\\\/\\\/reflejarte.es\\\/lareverie\\\/en\\\/the-musicians\\\/angel-martin-%c2%b7-percussionist\\\/\",\"url\":\"https:\\\/\\\/reflejarte.es\\\/lareverie\\\/en\\\/the-musicians\\\/angel-martin-%c2%b7-percussionist\\\/\",\"name\":\"\u00c1ngel Mart\u00edn \u00b7 percussionist &#183; La R\u00eaverie\",\"isPartOf\":{\"@id\":\"https:\\\/\\\/reflejarte.es\\\/lareverie\\\/#website\"},\"primaryImageOfPage\":{\"@id\":\"https:\\\/\\\/reflejarte.es\\\/lareverie\\\/en\\\/the-musicians\\\/angel-martin-%c2%b7-percussionist\\\/#primaryimage\"},\"image\":{\"@id\":\"https:\\\/\\\/reflejarte.es\\\/lareverie\\\/en\\\/the-musicians\\\/angel-martin-%c2%b7-percussionist\\\/#primaryimage\"},\"thumbnailUrl\":\"https:\\\/\\\/reflejarte.es\\\/lareverie\\\/wp-content\\\/uploads\\\/2018\\\/09\\\/Angel_Martin-pandero-224x300.png\",\"datePublished\":\"2018-10-09T12:10:30+00:00\",\"dateModified\":\"2022-03-29T12:35:16+00:00\",\"description\":\"\u00c1ngel Mart\u00edn \u00b7 percussionist &#183; La R\u00eaverie\",\"breadcrumb\":{\"@id\":\"https:\\\/\\\/reflejarte.es\\\/lareverie\\\/en\\\/the-musicians\\\/angel-martin-%c2%b7-percussionist\\\/#breadcrumb\"},\"inLanguage\":\"es\",\"potentialAction\":[{\"@type\":\"ReadAction\",\"target\":[\"https:\\\/\\\/reflejarte.es\\\/lareverie\\\/en\\\/the-musicians\\\/angel-martin-%c2%b7-percussionist\\\/\"]}]},{\"@type\":\"ImageObject\",\"inLanguage\":\"es\",\"@id\":\"https:\\\/\\\/reflejarte.es\\\/lareverie\\\/en\\\/the-musicians\\\/angel-martin-%c2%b7-percussionist\\\/#primaryimage\",\"url\":\"https:\\\/\\\/reflejarte.es\\\/lareverie\\\/wp-content\\\/uploads\\\/2018\\\/09\\\/Angel_Martin-pandero.png\",\"contentUrl\":\"https:\\\/\\\/reflejarte.es\\\/lareverie\\\/wp-content\\\/uploads\\\/2018\\\/09\\\/Angel_Martin-pandero.png\",\"width\":374,\"height\":500,\"caption\":\"La R\u00eaverie \u00b7 Angel Mart\u00edn, percusionista\"},{\"@type\":\"BreadcrumbList\",\"@id\":\"https:\\\/\\\/reflejarte.es\\\/lareverie\\\/en\\\/the-musicians\\\/angel-martin-%c2%b7-percussionist\\\/#breadcrumb\",\"itemListElement\":[{\"@type\":\"ListItem\",\"position\":1,\"name\":\"Inicio\",\"item\":\"https:\\\/\\\/reflejarte.es\\\/lareverie\\\/\"},{\"@type\":\"ListItem\",\"position\":2,\"name\":\"English\",\"item\":\"https:\\\/\\\/reflejarte.es\\\/lareverie\\\/en\\\/\"},{\"@type\":\"ListItem\",\"position\":3,\"name\":\"The Musicians\",\"item\":\"https:\\\/\\\/reflejarte.es\\\/lareverie\\\/en\\\/the-musicians\\\/\"},{\"@type\":\"ListItem\",\"position\":4,\"name\":\"\u00c1ngel Mart\u00edn \u00b7 percussionist\"}]},{\"@type\":\"WebSite\",\"@id\":\"https:\\\/\\\/reflejarte.es\\\/lareverie\\\/#website\",\"url\":\"https:\\\/\\\/reflejarte.es\\\/lareverie\\\/\",\"name\":\"La R\u00eaverie\",\"description\":\"pasi\u00f3n por la m\u00fasica bien hecha\",\"publisher\":{\"@id\":\"https:\\\/\\\/reflejarte.es\\\/lareverie\\\/#\\\/schema\\\/person\\\/5c48ca5d852a6ac613afecdcdad33430\"},\"potentialAction\":[{\"@type\":\"SearchAction\",\"target\":{\"@type\":\"EntryPoint\",\"urlTemplate\":\"https:\\\/\\\/reflejarte.es\\\/lareverie\\\/?s={search_term_string}\"},\"query-input\":{\"@type\":\"PropertyValueSpecification\",\"valueRequired\":true,\"valueName\":\"search_term_string\"}}],\"inLanguage\":\"es\"},{\"@type\":[\"Person\",\"Organization\"],\"@id\":\"https:\\\/\\\/reflejarte.es\\\/lareverie\\\/#\\\/schema\\\/person\\\/5c48ca5d852a6ac613afecdcdad33430\",\"name\":\"La R\u00eaverie\",\"image\":{\"@type\":\"ImageObject\",\"inLanguage\":\"es\",\"@id\":\"https:\\\/\\\/reflejarte.es\\\/lareverie\\\/wp-content\\\/uploads\\\/2018\\\/09\\\/lareverie-logo.jpg\",\"url\":\"https:\\\/\\\/reflejarte.es\\\/lareverie\\\/wp-content\\\/uploads\\\/2018\\\/09\\\/lareverie-logo.jpg\",\"contentUrl\":\"https:\\\/\\\/reflejarte.es\\\/lareverie\\\/wp-content\\\/uploads\\\/2018\\\/09\\\/lareverie-logo.jpg\",\"width\":512,\"height\":512,\"caption\":\"La R\u00eaverie\"},\"logo\":{\"@id\":\"https:\\\/\\\/reflejarte.es\\\/lareverie\\\/wp-content\\\/uploads\\\/2018\\\/09\\\/lareverie-logo.jpg\"}}]}<\/script>\n<!-- \/ Yoast SEO plugin. -->","yoast_head_json":{"title":"\u00c1ngel Mart\u00edn \u00b7 percussionist &#183; La R\u00eaverie","description":"\u00c1ngel Mart\u00edn \u00b7 percussionist &#183; La R\u00eaverie","robots":{"index":"index","follow":"follow","max-snippet":"max-snippet:-1","max-image-preview":"max-image-preview:large","max-video-preview":"max-video-preview:-1"},"canonical":"https:\/\/reflejarte.es\/lareverie\/en\/the-musicians\/angel-martin-\u00b7-percussionist\/","og_locale":"es_ES","og_type":"article","og_title":"\u00c1ngel Mart\u00edn \u00b7 percussionist &#183; La R\u00eaverie","og_description":"\u00c1ngel Mart\u00edn \u00b7 percussionist &#183; La R\u00eaverie","og_url":"https:\/\/reflejarte.es\/lareverie\/en\/the-musicians\/angel-martin-\u00b7-percussionist\/","og_site_name":"La R\u00eaverie","article_modified_time":"2022-03-29T12:35:16+00:00","og_image":[{"url":"https:\/\/reflejarte.es\/lareverie\/wp-content\/uploads\/2018\/09\/Angel_Martin-pandero-224x300.png","type":"","width":"","height":""}],"twitter_card":"summary_large_image","twitter_misc":{"Tiempo de lectura":"1 minuto"},"schema":{"@context":"https:\/\/schema.org","@graph":[{"@type":"WebPage","@id":"https:\/\/reflejarte.es\/lareverie\/en\/the-musicians\/angel-martin-%c2%b7-percussionist\/","url":"https:\/\/reflejarte.es\/lareverie\/en\/the-musicians\/angel-martin-%c2%b7-percussionist\/","name":"\u00c1ngel Mart\u00edn \u00b7 percussionist &#183; La R\u00eaverie","isPartOf":{"@id":"https:\/\/reflejarte.es\/lareverie\/#website"},"primaryImageOfPage":{"@id":"https:\/\/reflejarte.es\/lareverie\/en\/the-musicians\/angel-martin-%c2%b7-percussionist\/#primaryimage"},"image":{"@id":"https:\/\/reflejarte.es\/lareverie\/en\/the-musicians\/angel-martin-%c2%b7-percussionist\/#primaryimage"},"thumbnailUrl":"https:\/\/reflejarte.es\/lareverie\/wp-content\/uploads\/2018\/09\/Angel_Martin-pandero-224x300.png","datePublished":"2018-10-09T12:10:30+00:00","dateModified":"2022-03-29T12:35:16+00:00","description":"\u00c1ngel Mart\u00edn \u00b7 percussionist &#183; La R\u00eaverie","breadcrumb":{"@id":"https:\/\/reflejarte.es\/lareverie\/en\/the-musicians\/angel-martin-%c2%b7-percussionist\/#breadcrumb"},"inLanguage":"es","potentialAction":[{"@type":"ReadAction","target":["https:\/\/reflejarte.es\/lareverie\/en\/the-musicians\/angel-martin-%c2%b7-percussionist\/"]}]},{"@type":"ImageObject","inLanguage":"es","@id":"https:\/\/reflejarte.es\/lareverie\/en\/the-musicians\/angel-martin-%c2%b7-percussionist\/#primaryimage","url":"https:\/\/reflejarte.es\/lareverie\/wp-content\/uploads\/2018\/09\/Angel_Martin-pandero.png","contentUrl":"https:\/\/reflejarte.es\/lareverie\/wp-content\/uploads\/2018\/09\/Angel_Martin-pandero.png","width":374,"height":500,"caption":"La R\u00eaverie \u00b7 Angel Mart\u00edn, percusionista"},{"@type":"BreadcrumbList","@id":"https:\/\/reflejarte.es\/lareverie\/en\/the-musicians\/angel-martin-%c2%b7-percussionist\/#breadcrumb","itemListElement":[{"@type":"ListItem","position":1,"name":"Inicio","item":"https:\/\/reflejarte.es\/lareverie\/"},{"@type":"ListItem","position":2,"name":"English","item":"https:\/\/reflejarte.es\/lareverie\/en\/"},{"@type":"ListItem","position":3,"name":"The Musicians","item":"https:\/\/reflejarte.es\/lareverie\/en\/the-musicians\/"},{"@type":"ListItem","position":4,"name":"\u00c1ngel Mart\u00edn \u00b7 percussionist"}]},{"@type":"WebSite","@id":"https:\/\/reflejarte.es\/lareverie\/#website","url":"https:\/\/reflejarte.es\/lareverie\/","name":"La R\u00eaverie","description":"pasi\u00f3n por la m\u00fasica bien hecha","publisher":{"@id":"https:\/\/reflejarte.es\/lareverie\/#\/schema\/person\/5c48ca5d852a6ac613afecdcdad33430"},"potentialAction":[{"@type":"SearchAction","target":{"@type":"EntryPoint","urlTemplate":"https:\/\/reflejarte.es\/lareverie\/?s={search_term_string}"},"query-input":{"@type":"PropertyValueSpecification","valueRequired":true,"valueName":"search_term_string"}}],"inLanguage":"es"},{"@type":["Person","Organization"],"@id":"https:\/\/reflejarte.es\/lareverie\/#\/schema\/person\/5c48ca5d852a6ac613afecdcdad33430","name":"La R\u00eaverie","image":{"@type":"ImageObject","inLanguage":"es","@id":"https:\/\/reflejarte.es\/lareverie\/wp-content\/uploads\/2018\/09\/lareverie-logo.jpg","url":"https:\/\/reflejarte.es\/lareverie\/wp-content\/uploads\/2018\/09\/lareverie-logo.jpg","contentUrl":"https:\/\/reflejarte.es\/lareverie\/wp-content\/uploads\/2018\/09\/lareverie-logo.jpg","width":512,"height":512,"caption":"La R\u00eaverie"},"logo":{"@id":"https:\/\/reflejarte.es\/lareverie\/wp-content\/uploads\/2018\/09\/lareverie-logo.jpg"}}]}},"_links":{"self":[{"href":"https:\/\/reflejarte.es\/lareverie\/wp-json\/wp\/v2\/pages\/1293","targetHints":{"allow":["GET"]}}],"collection":[{"href":"https:\/\/reflejarte.es\/lareverie\/wp-json\/wp\/v2\/pages"}],"about":[{"href":"https:\/\/reflejarte.es\/lareverie\/wp-json\/wp\/v2\/types\/page"}],"author":[{"embeddable":true,"href":"https:\/\/reflejarte.es\/lareverie\/wp-json\/wp\/v2\/users\/1"}],"replies":[{"embeddable":true,"href":"https:\/\/reflejarte.es\/lareverie\/wp-json\/wp\/v2\/comments?post=1293"}],"version-history":[{"count":4,"href":"https:\/\/reflejarte.es\/lareverie\/wp-json\/wp\/v2\/pages\/1293\/revisions"}],"predecessor-version":[{"id":1840,"href":"https:\/\/reflejarte.es\/lareverie\/wp-json\/wp\/v2\/pages\/1293\/revisions\/1840"}],"up":[{"embeddable":true,"href":"https:\/\/reflejarte.es\/lareverie\/wp-json\/wp\/v2\/pages\/1270"}],"wp:attachment":[{"href":"https:\/\/reflejarte.es\/lareverie\/wp-json\/wp\/v2\/media?parent=1293"}],"curies":[{"name":"wp","href":"https:\/\/api.w.org\/{rel}","templated":true}]}}