{"id":1180,"date":"2018-10-03T15:22:56","date_gmt":"2018-10-03T15:22:56","guid":{"rendered":"https:\/\/reflejarte.es\/tallercreativo\/?page_id=1180"},"modified":"2022-03-27T16:14:57","modified_gmt":"2022-03-27T16:14:57","slug":"en","status":"publish","type":"page","link":"https:\/\/reflejarte.es\/lareverie\/en\/","title":{"rendered":"English"},"content":{"rendered":"<p><a href=\"https:\/\/reflejarte.es\/lareverie\/en\/\"><img loading=\"lazy\" decoding=\"async\" class=\"size-full wp-image-1074 aligncenter\" title=\"5 albums by La Reverie, 2018\" src=\"https:\/\/reflejarte.es\/lareverie\/wp-content\/uploads\/2018\/12\/Lareverie-portadaalbumsRoundeSongs.png\" alt=\"5 albums by La Reverie, 2018\" width=\"1263\" height=\"418\" \/><\/a><\/p>\n<h2><b><big>La R\u00eaverie<\/big><\/b>.<\/h2>\n<p>&nbsp;<\/p>\n<p>Over ten years of handcrafted music, created with enthusiasm and attention to detail, composed from the heart and soul.<br \/>\nYou\u2019re invited to listen to our albums the traditional way, that is, listening carefully and calmly.<\/p>\n<p>Nowadays, music has become a superfluous element, another piece of furniture in our lives.<br \/>\nWe rebel against this.<\/p>\n<p>&nbsp;<\/p>\n<h3><b>Our albums:<\/b><\/h3>\n<p><strong><a href=\"http:\/\/open.spotify.com\/artist\/0j0kISVp5ynwLWbMamTlM7\" target=\"_blank\" rel=\"noopener noreferrer\">Listen to all our music for free<\/a><\/strong><\/p>\n<p>&nbsp;<\/p>\n<p><a href=\"https:\/\/reflejarte.es\/lareverie\/coplas-a-la-muerte-de-su-padre-letra-jorge-manrique-musica-manuel-esteban\/\"><img loading=\"lazy\" decoding=\"async\" class=\"alignleft wp-image-1772\" title=\"Coplas a la muerte de su padre (Jorge Manrique). M\u00fasica de Manuel Esteban, interpretado por La Reverie-CANTICA\" src=\"https:\/\/reflejarte.es\/lareverie\/wp-content\/uploads\/2022\/03\/Coplas-Manrique-MEsteban-LaReverie-CANTICA-150x150.jpg\" alt=\"Coplas a la muerte de su padre (Jorge Manrique). M\u00fasica de Manuel Esteban, interpretado por La Reverie-CANTICA\" width=\"103\" height=\"103\" srcset=\"https:\/\/reflejarte.es\/lareverie\/wp-content\/uploads\/2022\/03\/Coplas-Manrique-MEsteban-LaReverie-CANTICA-150x150.jpg 150w, https:\/\/reflejarte.es\/lareverie\/wp-content\/uploads\/2022\/03\/Coplas-Manrique-MEsteban-LaReverie-CANTICA.jpg 300w\" sizes=\"auto, (max-width: 103px) 100vw, 103px\" \/><\/a><a href=\"https:\/\/reflejarte.es\/lareverie\/en\/coplas-a-la-muerte-de-su-padre-jorge-manrique-composed-by-manuel-esteban-performed-by-la-reverie-cantica\/\"><strong>Coplas a la muerte de su padre &#8211; Stanzas about the Death of his Father<\/strong><\/a><br \/>\n<strong>\u00abVerses on the death of Don Rodrigo Manrique, his Father<\/strong>\u00bb is a composition by Manuel Esteban on the famous coplas of Jorge Manrique (1440-1479).\u00a0\u00a0\u00a0 <a href=\"https:\/\/open.spotify.com\/album\/7tFE6dHaOJbaONEOXlSdhi?si=R87v8LQDTu6CV9Tw0IZE8A\" target=\"_blank\" rel=\"noopener\">Listen to the single on spotify<\/a><\/p>\n<p>&nbsp;<\/p>\n<p><a href=\"https:\/\/reflejarte.es\/lareverie\/en\/rounded-songs\/\"><img loading=\"lazy\" decoding=\"async\" class=\"alignleft wp-image-1513\" title=\"More information about Rounded Songs - Canciones redondas\" src=\"https:\/\/reflejarte.es\/lareverie\/wp-content\/uploads\/2018\/11\/coverLORCA-copia-150x150.png\" alt=\"Rounded Songs \u00b7 Canciones redondas - La Reverie\" width=\"92\" height=\"92\" \/><b>Rounded Songs \u00b7 Canciones redondas<\/b><\/a><br \/>\nOn December 2, 2018 has been released the new work of La Reverie, on <a title=\"listen to Rounded Songs - Canciones redondas on Spotify\" href=\"https:\/\/open.spotify.com\/artist\/0j0kISVp5ynwLWbMamTlM7\" target=\"_blank\" rel=\"noopener noreferrer\">Spotify<\/a>: the album <a title=\"More information about Rounded Songs - Canciones redondas\" href=\"https:\/\/reflejarte.es\/lareverie\/en\/rounded-songs\/\" target=\"_blank\" rel=\"noopener noreferrer\"><strong>Rounded Songs \u00b7 Canciones redondas <\/strong><\/a><br \/>\n10 themes composed by Manuel Esteban, musicating poems written by the great Andalusian poet of Granada, <strong> Federico Garc\u00eda Lorca<\/strong>, and performed by La R\u00eaverie &#8211; CANTICA CUARTETO<br \/>\n<a title=\"listen to Rounded Songs - Canciones redondas on Spotify\" href=\"https:\/\/open.spotify.com\/artist\/0j0kISVp5ynwLWbMamTlM7\" target=\"_blank\" rel=\"noopener noreferrer\">listen to the album &#8216;Rounded Songs \u00b7 Canciones redondas&#8217; on Spotify<\/a><\/p>\n<p>&nbsp;<\/p>\n<p><a title=\"La R\u00eaverie :: Alma de cuerda - Soul of String :: Esteban Canyar, guitarra &amp; Juan Manuel Rubio, santur, oud\" href=\"https:\/\/reflejarte.es\/lareverie\/en\/soul-of-string\/\" rel=\"noopener\"><br \/>\n<\/a><a href=\"https:\/\/reflejarte.es\/lareverie\/en\/soul-of-string\/\"><img loading=\"lazy\" decoding=\"async\" class=\"alignleft wp-image-929\" title=\"Album 'Alma de cuerda' \u00b7 'Soul of String' \u00b7 La R\u00eaverie: Juan Manuel Rubio, Santur &amp; Manuel Esteban, guitarra\" src=\"https:\/\/reflejarte.es\/lareverie\/wp-content\/uploads\/2018\/09\/Cd-Alma_de_cuerda--300x270.gif\" alt=\"Cd Alma de cuerda \u00b7 Soul of String \u00b7 La R\u00eaverie: Juan Manuel Rubio, Santur &amp; Manuel Esteban, guitarra\" width=\"100\" height=\"90\" srcset=\"https:\/\/reflejarte.es\/lareverie\/wp-content\/uploads\/2018\/09\/Cd-Alma_de_cuerda--300x270.gif 300w, https:\/\/reflejarte.es\/lareverie\/wp-content\/uploads\/2018\/09\/Cd-Alma_de_cuerda--150x135.gif 150w, https:\/\/reflejarte.es\/lareverie\/wp-content\/uploads\/2018\/09\/Cd-Alma_de_cuerda--167x150.gif 167w\" sizes=\"auto, (max-width: 100px) 100vw, 100px\" \/><\/a><a href=\"https:\/\/reflejarte.es\/lareverie\/en\/soul-of-string\/\">Soul of String<\/a> (Alma de cuerda),\u00a0 recreating Satie and his contemporaries with different instruments.<br \/>\n<a href=\"https:\/\/open.spotify.com\/album\/1EBhSTmOuAeGeRyP2HtEvj\" target=\"_blank\" rel=\"noopener noreferrer\">Enjoy Soul of String for free<\/a><\/p>\n<p>&nbsp;<\/p>\n<p><b><a href=\"https:\/\/reflejarte.es\/lareverie\/en\/ancient-mosaic-with-guitar\/\"><img loading=\"lazy\" decoding=\"async\" class=\"alignleft wp-image-930\" title=\"Cd Mosaico antiguo con guitarra (Ancient Mosaic with Guitar) Manuel Esteban Canyar, guitarra\" src=\"https:\/\/reflejarte.es\/lareverie\/wp-content\/uploads\/2018\/09\/Cd-Ancient-Mosaic-with-Guitar-Esteban-Canyar--300x270.gif\" alt=\"Cd Mosaico antiguo con guitarra (Ancient Mosaic with Guitar) Manuel Esteban Canyar, guitarra\" width=\"100\" height=\"90\" srcset=\"https:\/\/reflejarte.es\/lareverie\/wp-content\/uploads\/2018\/09\/Cd-Ancient-Mosaic-with-Guitar-Esteban-Canyar--300x270.gif 300w, https:\/\/reflejarte.es\/lareverie\/wp-content\/uploads\/2018\/09\/Cd-Ancient-Mosaic-with-Guitar-Esteban-Canyar--150x135.gif 150w, https:\/\/reflejarte.es\/lareverie\/wp-content\/uploads\/2018\/09\/Cd-Ancient-Mosaic-with-Guitar-Esteban-Canyar--167x150.gif 167w\" sizes=\"auto, (max-width: 100px) 100vw, 100px\" \/><\/a><\/b><a href=\"https:\/\/reflejarte.es\/lareverie\/en\/ancient-mosaic-with-guitar\/\">Ancient Mosaic with Guitar<\/a> (Mosaico antiguo con guitarra),<br \/>\na look back at some musical gems from the Renaissance and Baroque periods.<br \/>\n<a href=\"https:\/\/open.spotify.com\/album\/4Msu1gciDi5NPKAPhcLN0i\" target=\"_blank\" rel=\"noopener noreferrer\">Enjoy the album for free<\/a><\/p>\n<p>&nbsp;<\/p>\n<p><a href=\"https:\/\/reflejarte.es\/lareverie\/en\/cantica\/\"><img loading=\"lazy\" decoding=\"async\" class=\"alignleft wp-image-931\" title=\"cd 'C\u00c1NTICA' de La R\u00eaverie\" src=\"https:\/\/reflejarte.es\/lareverie\/wp-content\/uploads\/2018\/09\/Cd-cantica-300x270.gif\" alt=\"cd 'C\u00c1NTICA' de La R\u00eaverie\" width=\"100\" height=\"90\" srcset=\"https:\/\/reflejarte.es\/lareverie\/wp-content\/uploads\/2018\/09\/Cd-cantica-300x270.gif 300w, https:\/\/reflejarte.es\/lareverie\/wp-content\/uploads\/2018\/09\/Cd-cantica-150x135.gif 150w, https:\/\/reflejarte.es\/lareverie\/wp-content\/uploads\/2018\/09\/Cd-cantica-167x150.gif 167w\" sizes=\"auto, (max-width: 100px) 100vw, 100px\" \/><\/a><a title=\"La R\u00eaverie :: C\u00c1NTICA :: Esteban Canyar, guitarra, arreglos, direcci\u00f3n - Yolanda Campos, voz - Inmaculada G\u00f3mez, flauta travesera - \u00c1ngel Mart\u00edn, percusiones\" href=\"https:\/\/reflejarte.es\/lareverie\/en\/cantica\/\" rel=\"noopener\"><b>C\u00c1NTICA<\/b><\/a>, a dialogue with troubadours, Sephardic music, the Cancionero de Palacio (Palace Songbook) and with Spanish popular music in which everything is reinvented.<br \/>\n<a href=\"https:\/\/open.spotify.com\/album\/081oz1LEYX2D34DbIRiTlx\" target=\"_blank\" rel=\"noopener noreferrer\">Listen to C\u00c1NTICA on Spotify<\/a><\/p>\n<p>&nbsp;<\/p>\n<p><a href=\"https:\/\/reflejarte.es\/lareverie\/en\/music-of-spanish-gentlemen\/\"><img loading=\"lazy\" decoding=\"async\" class=\"alignleft wp-image-932\" src=\"https:\/\/reflejarte.es\/lareverie\/wp-content\/uploads\/2018\/09\/Cd-Music-of-Spanish-Gentlemen-300x270.gif\" alt=\"Album M\u00fasica de los gentilhombres \u00b7 Music of Spanish Gentlemen \u00b7 Manuel Esteban, guitarra\" width=\"100\" height=\"90\" srcset=\"https:\/\/reflejarte.es\/lareverie\/wp-content\/uploads\/2018\/09\/Cd-Music-of-Spanish-Gentlemen-300x270.gif 300w, https:\/\/reflejarte.es\/lareverie\/wp-content\/uploads\/2018\/09\/Cd-Music-of-Spanish-Gentlemen-150x135.gif 150w, https:\/\/reflejarte.es\/lareverie\/wp-content\/uploads\/2018\/09\/Cd-Music-of-Spanish-Gentlemen-167x150.gif 167w\" sizes=\"auto, (max-width: 100px) 100vw, 100px\" \/><\/a><a title=\"La R\u00eaverie - M\u00fasica de los Gentilhombres \u00b7 Music of Spanish Gentlemen) :: Manuel Esteban Canyar, guitarra :: Juan Manuel Rubio, santur :: \u00c1ngel Mart\u00edn, percusiones \" href=\"https:\/\/reflejarte.es\/lareverie\/en\/music-of-spanish-gentlemen\/\" rel=\"noopener\"><strong>Music of Spanish Gentlemen <\/strong>(<\/a><a title=\"La R\u00eaverie - M\u00fasica de los Gentilhombres \u00b7 Music of Spanish Gentlemen) :: Manuel Esteban Canyar, guitarra :: Juan Manuel Rubio, santur :: \u00c1ngel Mart\u00edn, percusiones \" href=\"https:\/\/reflejarte.es\/lareverie\/en\/music-of-spanish-gentlemen\/\" target=\"_blank\" rel=\"noopener noreferrer\">M\u00fasica de los gentilhombres)<\/a>.<br \/>\nWorks of Narv\u00e1ez, Mil\u00e1n, De Murcia, Sanz, Mudarra y Sor, true gentlemen of the Spanish music, who lived and composed in the centuries XVI-XIX.<br \/>\nWe interprete their music with singular instruments like santur, oud or guitar.<br \/>\n<a href=\"https:\/\/open.spotify.com\/album\/5AJSCCGWwuqhIdMytzrwP3?si=v-5FEjAxStaRYPJtGh2PWg\" target=\"_blank\" rel=\"noopener noreferrer\">Enjoy the Music of Spanish Gentlemen<\/a><\/p>\n<p>&nbsp;<\/p>\n<p><!--\n<a href=\"https:\/\/reflejarte.es\/lareverie\/rounded-songs-canciones-redondas\/\"><img loading=\"lazy\" decoding=\"async\" class=\"alignleft wp-image-1513\" src=\"http:\/\/lareverie.es\/wp-content\/uploads\/2018\/11\/coverLORCA-copia-150x150.png\" alt=\"Rounded Songs \u00b7 Canciones redondas - La Reverie\" width=\"92\" height=\"92\" \/><\/a>On December, 2nd,\u00a0 we release our <a href=\"https:\/\/reflejarte.es\/lareverie\/rounded-songs-canciones-redondas\/\">new album<\/a> on Spotify:\n<a href=\"https:\/\/open.spotify.com\/artist\/0j0kISVp5ynwLWbMamTlM7\" target=\"_blank\" rel=\"noopener noreferrer\"><strong>Rounded Songs \u00b7 Canciones redondas <\/strong><\/a>\n10 themes composed by Manuel Esteban on poems written <span id=\"result_box\" class=\"\" lang=\"en\"><span class=\"\">by the great Andalusian poet of Granada<\/span><\/span>, <strong><span style=\"color: #000000;\"> Federico Garc\u00eda Lorca<\/span><\/strong>, performed by La R\u00eaverie -\u00a0 CANTICA CUARTETO\n\n&nbsp;\n\n&nbsp;\n--><br \/>\nYou can find our albums on platforms such as Spotify and I-Tunes, and on Magnatune.com (our first record company).<br \/>\nYou may also order an actual physical CD by filling in the <a href=\"https:\/\/reflejarte.es\/lareverie\/en\/contact\/\">contact form<\/a>.<br \/>\nWe\u2019re willing to keep up the good work and, for that, we need your support!<br \/>\nThat&#8217;s easy to do:\u00a0 only <a href=\"https:\/\/open.spotify.com\/artist\/0j0kISVp5ynwLWbMamTlM7\" target=\"_blank\" rel=\"noopener noreferrer\">enjoy our music for free!<\/a><\/p>\n<p>&nbsp;<\/p>\n<p><img loading=\"lazy\" decoding=\"async\" class=\" wp-image-1005 aligncenter\" src=\"https:\/\/reflejarte.es\/lareverie\/wp-content\/uploads\/2018\/09\/LaReverie-Ensemble-1.jpg\" alt=\"La Reverie - Ensembles musicales\" width=\"466\" height=\"143\" srcset=\"https:\/\/reflejarte.es\/lareverie\/wp-content\/uploads\/2018\/09\/LaReverie-Ensemble-1.jpg 800w, https:\/\/reflejarte.es\/lareverie\/wp-content\/uploads\/2018\/09\/LaReverie-Ensemble-1-300x92.jpg 300w, https:\/\/reflejarte.es\/lareverie\/wp-content\/uploads\/2018\/09\/LaReverie-Ensemble-1-768x236.jpg 768w, https:\/\/reflejarte.es\/lareverie\/wp-content\/uploads\/2018\/09\/LaReverie-Ensemble-1-150x46.jpg 150w, https:\/\/reflejarte.es\/lareverie\/wp-content\/uploads\/2018\/09\/LaReverie-Ensemble-1-250x77.jpg 250w\" sizes=\"auto, (max-width: 466px) 100vw, 466px\" \/><\/p>\n<p>&nbsp;<\/p>\n<p style=\"text-align: center;\"><a title=\"La R\u00eaverie en Spotify\" href=\"https:\/\/open.spotify.com\/artist\/0j0kISVp5ynwLWbMamTlM7\" target=\"_blank\" rel=\"noopener noreferrer\"><img loading=\"lazy\" decoding=\"async\" class=\"aligncenter wp-image-1411\" title=\"La Reverie @ spotify\" src=\"https:\/\/reflejarte.es\/lareverie\/wp-content\/uploads\/2018\/10\/spotifyweiss.jpg\" alt=\"La Reverie @ spotify\" width=\"223\" height=\"82\" srcset=\"https:\/\/reflejarte.es\/lareverie\/wp-content\/uploads\/2018\/10\/spotifyweiss.jpg 370w, https:\/\/reflejarte.es\/lareverie\/wp-content\/uploads\/2018\/10\/spotifyweiss-300x110.jpg 300w, https:\/\/reflejarte.es\/lareverie\/wp-content\/uploads\/2018\/10\/spotifyweiss-150x55.jpg 150w, https:\/\/reflejarte.es\/lareverie\/wp-content\/uploads\/2018\/10\/spotifyweiss-250x92.jpg 250w\" sizes=\"auto, (max-width: 223px) 100vw, 223px\" \/><\/a><a title=\"La R\u00eaverie en Spotify\" href=\"https:\/\/open.spotify.com\/artist\/0j0kISVp5ynwLWbMamTlM7\" target=\"_blank\" rel=\"noopener noreferrer\">La R\u00eaverie on Spotify<\/a><\/p>\n<p><iframe loading=\"lazy\" style=\"border-radius: 12px; align: center;\" src=\"https:\/\/open.spotify.com\/embed\/artist\/0j0kISVp5ynwLWbMamTlM7?utm_source=generator\" width=\"100%\" height=\"380\" frameborder=\"0\" allowfullscreen=\"allowfullscreen\"><\/iframe><\/p>\n<p style=\"text-align: center;\"><a href=\"http:\/\/magnatune.com\/artists\/la_reverie\/\" target=\"_blank\" rel=\"noopener noreferrer\"><img loading=\"lazy\" decoding=\"async\" class=\"aligncenter wp-image-1415 size-full\" title=\"La R\u00eaverie @ magnatune\" src=\"https:\/\/reflejarte.es\/lareverie\/wp-content\/uploads\/2018\/10\/magnatune.gif\" alt=\"La R\u00eaverie @ magnatune\" width=\"207\" height=\"48\" \/><\/a><a title=\"La R\u00eaverie en Magnatune\" href=\"http:\/\/magnatune.com\/artists\/la_reverie\/\" target=\"_blank\" rel=\"noopener noreferrer\">La R\u00eaverie at Magnatune<\/a><\/p>\n<p>&nbsp;<\/p>\n<p style=\"text-align: center;\"><a title=\"La R\u00eaverie - C\u00e1ntica en YouTube\" href=\"https:\/\/www.youtube.com\/watch?v=mzkWDRRz0-s\" target=\"_blank\" rel=\"noopener noreferrer\"> <img loading=\"lazy\" decoding=\"async\" class=\"size-full wp-image-1416 aligncenter\" src=\"https:\/\/reflejarte.es\/lareverie\/wp-content\/uploads\/2018\/10\/YouTube-LaReverie.png\" alt=\"La R\u00eaverie @ YouTube\" width=\"67\" height=\"30\" \/>La R\u00eaverie &#8211; C\u00e1ntica on YouTube<\/a><\/p>\n<p>&nbsp;<\/p>\n<p style=\"text-align: center;\"><a title=\"La R\u00eaverie en iTunes\" href=\"https:\/\/itunes.apple.com\/es\/artist\/la-reverie\/id385580220\" target=\"_blank\" rel=\"noopener noreferrer\"><img loading=\"lazy\" decoding=\"async\" class=\"wp-image-1414 aligncenter\" src=\"https:\/\/reflejarte.es\/lareverie\/wp-content\/uploads\/2018\/10\/iTunes-logo.gif\" alt=\"La R\u00eaverie @ iTunes\" width=\"164\" height=\"72\" \/>La R\u00eaverie at iTunes<\/a><\/p>\n<p>&nbsp;<\/p>\n<p style=\"text-align: center;\"><a title=\"La R\u00eaverie en Facebook\" href=\"https:\/\/www.facebook.com\/pages\/La-Reverie\/119318331500265?fref=ts\" target=\"_blank\" rel=\"noopener noreferrer\">La R\u00eaverie on Facebook<\/a><a href=\"https:\/\/www.facebook.com\/pages\/La-Reverie\/119318331500265?fref=ts\" target=\"_blank\" rel=\"noopener noreferrer\"><img loading=\"lazy\" decoding=\"async\" class=\"aligncenter wp-image-1413 size-full\" title=\"La R\u00eaverie @ fb\" src=\"https:\/\/reflejarte.es\/lareverie\/wp-content\/uploads\/2018\/10\/facebook-logo-.jpg\" alt=\"La R\u00eaverie @ fb\" width=\"25\" height=\"25\" \/><\/a><\/p>\n<p>&nbsp;<\/p>\n","protected":false},"excerpt":{"rendered":"<p>La R\u00eaverie. &nbsp; Over ten years of handcrafted music, created with enthusiasm and attention to detail, composed from the heart and soul. You\u2019re invited to listen to our albums the traditional way, that is, listening&#8230;<\/p>\n<p> <a class=\"continue-reading-link\" href=\"https:\/\/reflejarte.es\/lareverie\/en\/\"><span>seguir leyendo &#8230;<\/span><i class=\"crycon-right-dir\"><\/i><\/a> <\/p>\n","protected":false},"author":1,"featured_media":0,"parent":0,"menu_order":0,"comment_status":"closed","ping_status":"closed","template":"","meta":{"footnotes":""},"class_list":["post-1180","page","type-page","status-publish","hentry"],"yoast_head":"<!-- This site is optimized with the Yoast SEO plugin v27.4 - https:\/\/yoast.com\/product\/yoast-seo-wordpress\/ -->\n<title>English &#183; La R\u00eaverie<\/title>\n<meta name=\"description\" content=\"English &#183; La R\u00eaverie\" \/>\n<meta name=\"robots\" content=\"index, follow, max-snippet:-1, max-image-preview:large, max-video-preview:-1\" \/>\n<link rel=\"canonical\" href=\"https:\/\/reflejarte.es\/lareverie\/en\/\" \/>\n<meta property=\"og:locale\" content=\"es_ES\" \/>\n<meta property=\"og:type\" content=\"article\" \/>\n<meta property=\"og:title\" content=\"English &#183; La R\u00eaverie\" \/>\n<meta property=\"og:description\" content=\"English &#183; La R\u00eaverie\" \/>\n<meta property=\"og:url\" content=\"https:\/\/reflejarte.es\/lareverie\/en\/\" \/>\n<meta property=\"og:site_name\" content=\"La R\u00eaverie\" \/>\n<meta property=\"article:modified_time\" content=\"2022-03-27T16:14:57+00:00\" \/>\n<meta property=\"og:image\" content=\"https:\/\/reflejarte.es\/lareverie\/wp-content\/uploads\/2018\/12\/Lareverie-portadaalbumsRoundeSongs.png\" \/>\n<meta name=\"twitter:card\" content=\"summary_large_image\" \/>\n<meta name=\"twitter:label1\" content=\"Tiempo de lectura\" \/>\n\t<meta name=\"twitter:data1\" content=\"2 minutos\" \/>\n<script type=\"application\/ld+json\" class=\"yoast-schema-graph\">{\"@context\":\"https:\\\/\\\/schema.org\",\"@graph\":[{\"@type\":\"WebPage\",\"@id\":\"https:\\\/\\\/reflejarte.es\\\/lareverie\\\/en\\\/\",\"url\":\"https:\\\/\\\/reflejarte.es\\\/lareverie\\\/en\\\/\",\"name\":\"English &#183; La R\u00eaverie\",\"isPartOf\":{\"@id\":\"https:\\\/\\\/reflejarte.es\\\/lareverie\\\/#website\"},\"primaryImageOfPage\":{\"@id\":\"https:\\\/\\\/reflejarte.es\\\/lareverie\\\/en\\\/#primaryimage\"},\"image\":{\"@id\":\"https:\\\/\\\/reflejarte.es\\\/lareverie\\\/en\\\/#primaryimage\"},\"thumbnailUrl\":\"https:\\\/\\\/reflejarte.es\\\/lareverie\\\/wp-content\\\/uploads\\\/2018\\\/12\\\/Lareverie-portadaalbumsRoundeSongs.png\",\"datePublished\":\"2018-10-03T15:22:56+00:00\",\"dateModified\":\"2022-03-27T16:14:57+00:00\",\"description\":\"English &#183; La R\u00eaverie\",\"breadcrumb\":{\"@id\":\"https:\\\/\\\/reflejarte.es\\\/lareverie\\\/en\\\/#breadcrumb\"},\"inLanguage\":\"es\",\"potentialAction\":[{\"@type\":\"ReadAction\",\"target\":[\"https:\\\/\\\/reflejarte.es\\\/lareverie\\\/en\\\/\"]}]},{\"@type\":\"ImageObject\",\"inLanguage\":\"es\",\"@id\":\"https:\\\/\\\/reflejarte.es\\\/lareverie\\\/en\\\/#primaryimage\",\"url\":\"https:\\\/\\\/reflejarte.es\\\/lareverie\\\/wp-content\\\/uploads\\\/2018\\\/12\\\/Lareverie-portadaalbumsRoundeSongs.png\",\"contentUrl\":\"https:\\\/\\\/reflejarte.es\\\/lareverie\\\/wp-content\\\/uploads\\\/2018\\\/12\\\/Lareverie-portadaalbumsRoundeSongs.png\",\"width\":1263,\"height\":418,\"caption\":\"5 \u00e1lbumes de La Reverie 2018\"},{\"@type\":\"BreadcrumbList\",\"@id\":\"https:\\\/\\\/reflejarte.es\\\/lareverie\\\/en\\\/#breadcrumb\",\"itemListElement\":[{\"@type\":\"ListItem\",\"position\":1,\"name\":\"Inicio\",\"item\":\"https:\\\/\\\/reflejarte.es\\\/lareverie\\\/\"},{\"@type\":\"ListItem\",\"position\":2,\"name\":\"English\"}]},{\"@type\":\"WebSite\",\"@id\":\"https:\\\/\\\/reflejarte.es\\\/lareverie\\\/#website\",\"url\":\"https:\\\/\\\/reflejarte.es\\\/lareverie\\\/\",\"name\":\"La R\u00eaverie\",\"description\":\"pasi\u00f3n por la m\u00fasica bien hecha\",\"publisher\":{\"@id\":\"https:\\\/\\\/reflejarte.es\\\/lareverie\\\/#\\\/schema\\\/person\\\/5c48ca5d852a6ac613afecdcdad33430\"},\"potentialAction\":[{\"@type\":\"SearchAction\",\"target\":{\"@type\":\"EntryPoint\",\"urlTemplate\":\"https:\\\/\\\/reflejarte.es\\\/lareverie\\\/?s={search_term_string}\"},\"query-input\":{\"@type\":\"PropertyValueSpecification\",\"valueRequired\":true,\"valueName\":\"search_term_string\"}}],\"inLanguage\":\"es\"},{\"@type\":[\"Person\",\"Organization\"],\"@id\":\"https:\\\/\\\/reflejarte.es\\\/lareverie\\\/#\\\/schema\\\/person\\\/5c48ca5d852a6ac613afecdcdad33430\",\"name\":\"La R\u00eaverie\",\"image\":{\"@type\":\"ImageObject\",\"inLanguage\":\"es\",\"@id\":\"https:\\\/\\\/reflejarte.es\\\/lareverie\\\/wp-content\\\/uploads\\\/2018\\\/09\\\/lareverie-logo.jpg\",\"url\":\"https:\\\/\\\/reflejarte.es\\\/lareverie\\\/wp-content\\\/uploads\\\/2018\\\/09\\\/lareverie-logo.jpg\",\"contentUrl\":\"https:\\\/\\\/reflejarte.es\\\/lareverie\\\/wp-content\\\/uploads\\\/2018\\\/09\\\/lareverie-logo.jpg\",\"width\":512,\"height\":512,\"caption\":\"La R\u00eaverie\"},\"logo\":{\"@id\":\"https:\\\/\\\/reflejarte.es\\\/lareverie\\\/wp-content\\\/uploads\\\/2018\\\/09\\\/lareverie-logo.jpg\"}}]}<\/script>\n<!-- \/ Yoast SEO plugin. -->","yoast_head_json":{"title":"English &#183; La R\u00eaverie","description":"English &#183; La R\u00eaverie","robots":{"index":"index","follow":"follow","max-snippet":"max-snippet:-1","max-image-preview":"max-image-preview:large","max-video-preview":"max-video-preview:-1"},"canonical":"https:\/\/reflejarte.es\/lareverie\/en\/","og_locale":"es_ES","og_type":"article","og_title":"English &#183; La R\u00eaverie","og_description":"English &#183; La R\u00eaverie","og_url":"https:\/\/reflejarte.es\/lareverie\/en\/","og_site_name":"La R\u00eaverie","article_modified_time":"2022-03-27T16:14:57+00:00","og_image":[{"url":"https:\/\/reflejarte.es\/lareverie\/wp-content\/uploads\/2018\/12\/Lareverie-portadaalbumsRoundeSongs.png","type":"","width":"","height":""}],"twitter_card":"summary_large_image","twitter_misc":{"Tiempo de lectura":"2 minutos"},"schema":{"@context":"https:\/\/schema.org","@graph":[{"@type":"WebPage","@id":"https:\/\/reflejarte.es\/lareverie\/en\/","url":"https:\/\/reflejarte.es\/lareverie\/en\/","name":"English &#183; La R\u00eaverie","isPartOf":{"@id":"https:\/\/reflejarte.es\/lareverie\/#website"},"primaryImageOfPage":{"@id":"https:\/\/reflejarte.es\/lareverie\/en\/#primaryimage"},"image":{"@id":"https:\/\/reflejarte.es\/lareverie\/en\/#primaryimage"},"thumbnailUrl":"https:\/\/reflejarte.es\/lareverie\/wp-content\/uploads\/2018\/12\/Lareverie-portadaalbumsRoundeSongs.png","datePublished":"2018-10-03T15:22:56+00:00","dateModified":"2022-03-27T16:14:57+00:00","description":"English &#183; La R\u00eaverie","breadcrumb":{"@id":"https:\/\/reflejarte.es\/lareverie\/en\/#breadcrumb"},"inLanguage":"es","potentialAction":[{"@type":"ReadAction","target":["https:\/\/reflejarte.es\/lareverie\/en\/"]}]},{"@type":"ImageObject","inLanguage":"es","@id":"https:\/\/reflejarte.es\/lareverie\/en\/#primaryimage","url":"https:\/\/reflejarte.es\/lareverie\/wp-content\/uploads\/2018\/12\/Lareverie-portadaalbumsRoundeSongs.png","contentUrl":"https:\/\/reflejarte.es\/lareverie\/wp-content\/uploads\/2018\/12\/Lareverie-portadaalbumsRoundeSongs.png","width":1263,"height":418,"caption":"5 \u00e1lbumes de La Reverie 2018"},{"@type":"BreadcrumbList","@id":"https:\/\/reflejarte.es\/lareverie\/en\/#breadcrumb","itemListElement":[{"@type":"ListItem","position":1,"name":"Inicio","item":"https:\/\/reflejarte.es\/lareverie\/"},{"@type":"ListItem","position":2,"name":"English"}]},{"@type":"WebSite","@id":"https:\/\/reflejarte.es\/lareverie\/#website","url":"https:\/\/reflejarte.es\/lareverie\/","name":"La R\u00eaverie","description":"pasi\u00f3n por la m\u00fasica bien hecha","publisher":{"@id":"https:\/\/reflejarte.es\/lareverie\/#\/schema\/person\/5c48ca5d852a6ac613afecdcdad33430"},"potentialAction":[{"@type":"SearchAction","target":{"@type":"EntryPoint","urlTemplate":"https:\/\/reflejarte.es\/lareverie\/?s={search_term_string}"},"query-input":{"@type":"PropertyValueSpecification","valueRequired":true,"valueName":"search_term_string"}}],"inLanguage":"es"},{"@type":["Person","Organization"],"@id":"https:\/\/reflejarte.es\/lareverie\/#\/schema\/person\/5c48ca5d852a6ac613afecdcdad33430","name":"La R\u00eaverie","image":{"@type":"ImageObject","inLanguage":"es","@id":"https:\/\/reflejarte.es\/lareverie\/wp-content\/uploads\/2018\/09\/lareverie-logo.jpg","url":"https:\/\/reflejarte.es\/lareverie\/wp-content\/uploads\/2018\/09\/lareverie-logo.jpg","contentUrl":"https:\/\/reflejarte.es\/lareverie\/wp-content\/uploads\/2018\/09\/lareverie-logo.jpg","width":512,"height":512,"caption":"La R\u00eaverie"},"logo":{"@id":"https:\/\/reflejarte.es\/lareverie\/wp-content\/uploads\/2018\/09\/lareverie-logo.jpg"}}]}},"_links":{"self":[{"href":"https:\/\/reflejarte.es\/lareverie\/wp-json\/wp\/v2\/pages\/1180","targetHints":{"allow":["GET"]}}],"collection":[{"href":"https:\/\/reflejarte.es\/lareverie\/wp-json\/wp\/v2\/pages"}],"about":[{"href":"https:\/\/reflejarte.es\/lareverie\/wp-json\/wp\/v2\/types\/page"}],"author":[{"embeddable":true,"href":"https:\/\/reflejarte.es\/lareverie\/wp-json\/wp\/v2\/users\/1"}],"replies":[{"embeddable":true,"href":"https:\/\/reflejarte.es\/lareverie\/wp-json\/wp\/v2\/comments?post=1180"}],"version-history":[{"count":37,"href":"https:\/\/reflejarte.es\/lareverie\/wp-json\/wp\/v2\/pages\/1180\/revisions"}],"predecessor-version":[{"id":1821,"href":"https:\/\/reflejarte.es\/lareverie\/wp-json\/wp\/v2\/pages\/1180\/revisions\/1821"}],"wp:attachment":[{"href":"https:\/\/reflejarte.es\/lareverie\/wp-json\/wp\/v2\/media?parent=1180"}],"curies":[{"name":"wp","href":"https:\/\/api.w.org\/{rel}","templated":true}]}}