{"id":1135,"date":"2018-10-01T19:01:03","date_gmt":"2018-10-01T19:01:03","guid":{"rendered":"https:\/\/reflejarte.es\/tallercreativo\/?page_id=1135"},"modified":"2022-03-31T11:34:48","modified_gmt":"2022-03-31T11:34:48","slug":"palmira-irisarri-musicologa-soprano","status":"publish","type":"page","link":"https:\/\/reflejarte.es\/lareverie\/los-musicos-de-la-reverie\/palmira-irisarri-musicologa-soprano\/","title":{"rendered":"Palmira Irisarri, music\u00f3loga y soprano"},"content":{"rendered":"<h2>Los m\u00fasicos de La R\u00eaverie<\/h2>\n<h1 style=\"text-align: left;\">Palmira Irisarri, music\u00f3loga y soprano<\/h1>\n<p>&nbsp;<\/p>\n<p>Bilba\u00edna apasionada de la m\u00fasica, estudi\u00f3 musicolog\u00eda en la Universidad de Valladolid. Excelente soprano, fue vicepresidente de la coral &#8216;Carmina Nova&#8217; de M\u00e1laga.<br \/>\nJunto con Esteban Canyar grab\u00f3 el disco de m\u00fasica renacentista y barroca \u00abAncient Mosaic with Guitar\u00bb, editado por Magnatune en 2011.<br \/>\nInvestig\u00f3 en profundidad el trasfondo hist\u00f3rico, musical y ling\u00fc\u00edstico de los temas renacentistas que interpreta con gran acierto.<br \/>\nSu forma de cantar se destaca por su timbre dulce, su <a href=\"https:\/\/reflejarte.es\/lareverie\/wp-content\/uploads\/2018\/10\/PalmiraIrisarri.jpg\"><img loading=\"lazy\" decoding=\"async\" class=\"wp-image-1136 alignright\" src=\"https:\/\/reflejarte.es\/lareverie\/wp-content\/uploads\/2018\/10\/PalmiraIrisarri-300x214.jpg\" alt=\"Palmira Irisarri, music\u00f3loga, soprano\" width=\"371\" height=\"265\" srcset=\"https:\/\/reflejarte.es\/lareverie\/wp-content\/uploads\/2018\/10\/PalmiraIrisarri-300x214.jpg 300w, https:\/\/reflejarte.es\/lareverie\/wp-content\/uploads\/2018\/10\/PalmiraIrisarri-150x107.jpg 150w, https:\/\/reflejarte.es\/lareverie\/wp-content\/uploads\/2018\/10\/PalmiraIrisarri-210x150.jpg 210w, https:\/\/reflejarte.es\/lareverie\/wp-content\/uploads\/2018\/10\/PalmiraIrisarri.jpg 591w\" sizes=\"auto, (max-width: 371px) 100vw, 371px\" \/><\/a>sencillez y naturalidad, y su perfecta afinaci\u00f3n.<br \/>\nSin duda alguna, el estilo de Palmira es perfecto para las piezas del Renacimiento espa\u00f1ol, que tan a menudo se interpretan con enfoques de \u00e9pocas posteriores.<\/p>\n<p>&nbsp;<\/p>\n<p style=\"text-align: right;\">Palmira Irisarri durante la grabaci\u00f3n<br \/>\ndel cd Ancient Mosaic with Guitar<\/p>\n<p>&nbsp;<\/p>\n<p><img loading=\"lazy\" decoding=\"async\" class=\"alignleft size-medium wp-image-1502\" src=\"https:\/\/reflejarte.es\/lareverie\/wp-content\/uploads\/2018\/10\/tiempovacioCara2-300x300.jpg\" alt=\"M\u00fasica antigua para un tiempo vac\u00edo - Manuel Esteban &amp; Palmira Irisarri\" width=\"300\" height=\"300\" srcset=\"https:\/\/reflejarte.es\/lareverie\/wp-content\/uploads\/2018\/10\/tiempovacioCara2-300x300.jpg 300w, https:\/\/reflejarte.es\/lareverie\/wp-content\/uploads\/2018\/10\/tiempovacioCara2-150x150.jpg 150w, https:\/\/reflejarte.es\/lareverie\/wp-content\/uploads\/2018\/10\/tiempovacioCara2.jpg 315w\" sizes=\"auto, (max-width: 300px) 100vw, 300px\" \/><\/p>\n","protected":false},"excerpt":{"rendered":"<p>Los m\u00fasicos de La R\u00eaverie Palmira Irisarri, music\u00f3loga y soprano &nbsp; Bilba\u00edna apasionada de la m\u00fasica, estudi\u00f3 musicolog\u00eda en la Universidad de Valladolid. Excelente soprano, fue vicepresidente de la coral &#8216;Carmina Nova&#8217; de M\u00e1laga. Junto&#8230;<\/p>\n<p> <a class=\"continue-reading-link\" href=\"https:\/\/reflejarte.es\/lareverie\/los-musicos-de-la-reverie\/palmira-irisarri-musicologa-soprano\/\"><span>seguir leyendo &#8230;<\/span><i class=\"crycon-right-dir\"><\/i><\/a> <\/p>\n","protected":false},"author":1,"featured_media":0,"parent":1108,"menu_order":0,"comment_status":"closed","ping_status":"closed","template":"","meta":{"footnotes":""},"class_list":["post-1135","page","type-page","status-publish","hentry"],"yoast_head":"<!-- This site is optimized with the Yoast SEO plugin v27.3 - https:\/\/yoast.com\/product\/yoast-seo-wordpress\/ -->\n<title>Palmira Irisarri, music\u00f3loga y soprano &#183; La R\u00eaverie<\/title>\n<meta name=\"description\" content=\"Palmira Irisarri, music\u00f3loga y soprano &#183; La R\u00eaverie\" \/>\n<meta name=\"robots\" content=\"index, follow, max-snippet:-1, max-image-preview:large, max-video-preview:-1\" \/>\n<link rel=\"canonical\" href=\"https:\/\/reflejarte.es\/lareverie\/los-musicos-de-la-reverie\/palmira-irisarri-musicologa-soprano\/\" \/>\n<meta property=\"og:locale\" content=\"es_ES\" \/>\n<meta property=\"og:type\" content=\"article\" \/>\n<meta property=\"og:title\" content=\"Palmira Irisarri, music\u00f3loga y soprano &#183; La R\u00eaverie\" \/>\n<meta property=\"og:description\" content=\"Palmira Irisarri, music\u00f3loga y soprano &#183; La R\u00eaverie\" \/>\n<meta property=\"og:url\" content=\"https:\/\/reflejarte.es\/lareverie\/los-musicos-de-la-reverie\/palmira-irisarri-musicologa-soprano\/\" \/>\n<meta property=\"og:site_name\" content=\"La R\u00eaverie\" \/>\n<meta property=\"article:modified_time\" content=\"2022-03-31T11:34:48+00:00\" \/>\n<meta property=\"og:image\" content=\"https:\/\/reflejarte.es\/lareverie\/wp-content\/uploads\/2018\/10\/PalmiraIrisarri-300x214.jpg\" \/>\n<meta name=\"twitter:card\" content=\"summary_large_image\" \/>\n<meta name=\"twitter:label1\" content=\"Tiempo de lectura\" \/>\n\t<meta name=\"twitter:data1\" content=\"1 minuto\" \/>\n<script type=\"application\/ld+json\" class=\"yoast-schema-graph\">{\"@context\":\"https:\\\/\\\/schema.org\",\"@graph\":[{\"@type\":\"WebPage\",\"@id\":\"https:\\\/\\\/reflejarte.es\\\/lareverie\\\/los-musicos-de-la-reverie\\\/palmira-irisarri-musicologa-soprano\\\/\",\"url\":\"https:\\\/\\\/reflejarte.es\\\/lareverie\\\/los-musicos-de-la-reverie\\\/palmira-irisarri-musicologa-soprano\\\/\",\"name\":\"Palmira Irisarri, music\u00f3loga y soprano &#183; La R\u00eaverie\",\"isPartOf\":{\"@id\":\"https:\\\/\\\/reflejarte.es\\\/lareverie\\\/#website\"},\"primaryImageOfPage\":{\"@id\":\"https:\\\/\\\/reflejarte.es\\\/lareverie\\\/los-musicos-de-la-reverie\\\/palmira-irisarri-musicologa-soprano\\\/#primaryimage\"},\"image\":{\"@id\":\"https:\\\/\\\/reflejarte.es\\\/lareverie\\\/los-musicos-de-la-reverie\\\/palmira-irisarri-musicologa-soprano\\\/#primaryimage\"},\"thumbnailUrl\":\"https:\\\/\\\/reflejarte.es\\\/lareverie\\\/wp-content\\\/uploads\\\/2018\\\/10\\\/PalmiraIrisarri-300x214.jpg\",\"datePublished\":\"2018-10-01T19:01:03+00:00\",\"dateModified\":\"2022-03-31T11:34:48+00:00\",\"description\":\"Palmira Irisarri, music\u00f3loga y soprano &#183; La R\u00eaverie\",\"breadcrumb\":{\"@id\":\"https:\\\/\\\/reflejarte.es\\\/lareverie\\\/los-musicos-de-la-reverie\\\/palmira-irisarri-musicologa-soprano\\\/#breadcrumb\"},\"inLanguage\":\"es\",\"potentialAction\":[{\"@type\":\"ReadAction\",\"target\":[\"https:\\\/\\\/reflejarte.es\\\/lareverie\\\/los-musicos-de-la-reverie\\\/palmira-irisarri-musicologa-soprano\\\/\"]}]},{\"@type\":\"ImageObject\",\"inLanguage\":\"es\",\"@id\":\"https:\\\/\\\/reflejarte.es\\\/lareverie\\\/los-musicos-de-la-reverie\\\/palmira-irisarri-musicologa-soprano\\\/#primaryimage\",\"url\":\"https:\\\/\\\/reflejarte.es\\\/lareverie\\\/wp-content\\\/uploads\\\/2018\\\/10\\\/PalmiraIrisarri.jpg\",\"contentUrl\":\"https:\\\/\\\/reflejarte.es\\\/lareverie\\\/wp-content\\\/uploads\\\/2018\\\/10\\\/PalmiraIrisarri.jpg\",\"width\":591,\"height\":422,\"caption\":\"Palmira Irisarri, music\u00f3loga, soprano\"},{\"@type\":\"BreadcrumbList\",\"@id\":\"https:\\\/\\\/reflejarte.es\\\/lareverie\\\/los-musicos-de-la-reverie\\\/palmira-irisarri-musicologa-soprano\\\/#breadcrumb\",\"itemListElement\":[{\"@type\":\"ListItem\",\"position\":1,\"name\":\"Inicio\",\"item\":\"https:\\\/\\\/reflejarte.es\\\/lareverie\\\/\"},{\"@type\":\"ListItem\",\"position\":2,\"name\":\"Los m\u00fasicos de La R\u00eaverie\",\"item\":\"https:\\\/\\\/reflejarte.es\\\/lareverie\\\/los-musicos-de-la-reverie\\\/\"},{\"@type\":\"ListItem\",\"position\":3,\"name\":\"Palmira Irisarri, music\u00f3loga y soprano\"}]},{\"@type\":\"WebSite\",\"@id\":\"https:\\\/\\\/reflejarte.es\\\/lareverie\\\/#website\",\"url\":\"https:\\\/\\\/reflejarte.es\\\/lareverie\\\/\",\"name\":\"La R\u00eaverie\",\"description\":\"pasi\u00f3n por la m\u00fasica bien hecha\",\"publisher\":{\"@id\":\"https:\\\/\\\/reflejarte.es\\\/lareverie\\\/#\\\/schema\\\/person\\\/5c48ca5d852a6ac613afecdcdad33430\"},\"potentialAction\":[{\"@type\":\"SearchAction\",\"target\":{\"@type\":\"EntryPoint\",\"urlTemplate\":\"https:\\\/\\\/reflejarte.es\\\/lareverie\\\/?s={search_term_string}\"},\"query-input\":{\"@type\":\"PropertyValueSpecification\",\"valueRequired\":true,\"valueName\":\"search_term_string\"}}],\"inLanguage\":\"es\"},{\"@type\":[\"Person\",\"Organization\"],\"@id\":\"https:\\\/\\\/reflejarte.es\\\/lareverie\\\/#\\\/schema\\\/person\\\/5c48ca5d852a6ac613afecdcdad33430\",\"name\":\"La R\u00eaverie\",\"image\":{\"@type\":\"ImageObject\",\"inLanguage\":\"es\",\"@id\":\"https:\\\/\\\/reflejarte.es\\\/lareverie\\\/wp-content\\\/uploads\\\/2018\\\/09\\\/lareverie-logo.jpg\",\"url\":\"https:\\\/\\\/reflejarte.es\\\/lareverie\\\/wp-content\\\/uploads\\\/2018\\\/09\\\/lareverie-logo.jpg\",\"contentUrl\":\"https:\\\/\\\/reflejarte.es\\\/lareverie\\\/wp-content\\\/uploads\\\/2018\\\/09\\\/lareverie-logo.jpg\",\"width\":512,\"height\":512,\"caption\":\"La R\u00eaverie\"},\"logo\":{\"@id\":\"https:\\\/\\\/reflejarte.es\\\/lareverie\\\/wp-content\\\/uploads\\\/2018\\\/09\\\/lareverie-logo.jpg\"}}]}<\/script>\n<!-- \/ Yoast SEO plugin. -->","yoast_head_json":{"title":"Palmira Irisarri, music\u00f3loga y soprano &#183; La R\u00eaverie","description":"Palmira Irisarri, music\u00f3loga y soprano &#183; La R\u00eaverie","robots":{"index":"index","follow":"follow","max-snippet":"max-snippet:-1","max-image-preview":"max-image-preview:large","max-video-preview":"max-video-preview:-1"},"canonical":"https:\/\/reflejarte.es\/lareverie\/los-musicos-de-la-reverie\/palmira-irisarri-musicologa-soprano\/","og_locale":"es_ES","og_type":"article","og_title":"Palmira Irisarri, music\u00f3loga y soprano &#183; La R\u00eaverie","og_description":"Palmira Irisarri, music\u00f3loga y soprano &#183; La R\u00eaverie","og_url":"https:\/\/reflejarte.es\/lareverie\/los-musicos-de-la-reverie\/palmira-irisarri-musicologa-soprano\/","og_site_name":"La R\u00eaverie","article_modified_time":"2022-03-31T11:34:48+00:00","og_image":[{"url":"https:\/\/reflejarte.es\/lareverie\/wp-content\/uploads\/2018\/10\/PalmiraIrisarri-300x214.jpg","type":"","width":"","height":""}],"twitter_card":"summary_large_image","twitter_misc":{"Tiempo de lectura":"1 minuto"},"schema":{"@context":"https:\/\/schema.org","@graph":[{"@type":"WebPage","@id":"https:\/\/reflejarte.es\/lareverie\/los-musicos-de-la-reverie\/palmira-irisarri-musicologa-soprano\/","url":"https:\/\/reflejarte.es\/lareverie\/los-musicos-de-la-reverie\/palmira-irisarri-musicologa-soprano\/","name":"Palmira Irisarri, music\u00f3loga y soprano &#183; La R\u00eaverie","isPartOf":{"@id":"https:\/\/reflejarte.es\/lareverie\/#website"},"primaryImageOfPage":{"@id":"https:\/\/reflejarte.es\/lareverie\/los-musicos-de-la-reverie\/palmira-irisarri-musicologa-soprano\/#primaryimage"},"image":{"@id":"https:\/\/reflejarte.es\/lareverie\/los-musicos-de-la-reverie\/palmira-irisarri-musicologa-soprano\/#primaryimage"},"thumbnailUrl":"https:\/\/reflejarte.es\/lareverie\/wp-content\/uploads\/2018\/10\/PalmiraIrisarri-300x214.jpg","datePublished":"2018-10-01T19:01:03+00:00","dateModified":"2022-03-31T11:34:48+00:00","description":"Palmira Irisarri, music\u00f3loga y soprano &#183; La R\u00eaverie","breadcrumb":{"@id":"https:\/\/reflejarte.es\/lareverie\/los-musicos-de-la-reverie\/palmira-irisarri-musicologa-soprano\/#breadcrumb"},"inLanguage":"es","potentialAction":[{"@type":"ReadAction","target":["https:\/\/reflejarte.es\/lareverie\/los-musicos-de-la-reverie\/palmira-irisarri-musicologa-soprano\/"]}]},{"@type":"ImageObject","inLanguage":"es","@id":"https:\/\/reflejarte.es\/lareverie\/los-musicos-de-la-reverie\/palmira-irisarri-musicologa-soprano\/#primaryimage","url":"https:\/\/reflejarte.es\/lareverie\/wp-content\/uploads\/2018\/10\/PalmiraIrisarri.jpg","contentUrl":"https:\/\/reflejarte.es\/lareverie\/wp-content\/uploads\/2018\/10\/PalmiraIrisarri.jpg","width":591,"height":422,"caption":"Palmira Irisarri, music\u00f3loga, soprano"},{"@type":"BreadcrumbList","@id":"https:\/\/reflejarte.es\/lareverie\/los-musicos-de-la-reverie\/palmira-irisarri-musicologa-soprano\/#breadcrumb","itemListElement":[{"@type":"ListItem","position":1,"name":"Inicio","item":"https:\/\/reflejarte.es\/lareverie\/"},{"@type":"ListItem","position":2,"name":"Los m\u00fasicos de La R\u00eaverie","item":"https:\/\/reflejarte.es\/lareverie\/los-musicos-de-la-reverie\/"},{"@type":"ListItem","position":3,"name":"Palmira Irisarri, music\u00f3loga y soprano"}]},{"@type":"WebSite","@id":"https:\/\/reflejarte.es\/lareverie\/#website","url":"https:\/\/reflejarte.es\/lareverie\/","name":"La R\u00eaverie","description":"pasi\u00f3n por la m\u00fasica bien hecha","publisher":{"@id":"https:\/\/reflejarte.es\/lareverie\/#\/schema\/person\/5c48ca5d852a6ac613afecdcdad33430"},"potentialAction":[{"@type":"SearchAction","target":{"@type":"EntryPoint","urlTemplate":"https:\/\/reflejarte.es\/lareverie\/?s={search_term_string}"},"query-input":{"@type":"PropertyValueSpecification","valueRequired":true,"valueName":"search_term_string"}}],"inLanguage":"es"},{"@type":["Person","Organization"],"@id":"https:\/\/reflejarte.es\/lareverie\/#\/schema\/person\/5c48ca5d852a6ac613afecdcdad33430","name":"La R\u00eaverie","image":{"@type":"ImageObject","inLanguage":"es","@id":"https:\/\/reflejarte.es\/lareverie\/wp-content\/uploads\/2018\/09\/lareverie-logo.jpg","url":"https:\/\/reflejarte.es\/lareverie\/wp-content\/uploads\/2018\/09\/lareverie-logo.jpg","contentUrl":"https:\/\/reflejarte.es\/lareverie\/wp-content\/uploads\/2018\/09\/lareverie-logo.jpg","width":512,"height":512,"caption":"La R\u00eaverie"},"logo":{"@id":"https:\/\/reflejarte.es\/lareverie\/wp-content\/uploads\/2018\/09\/lareverie-logo.jpg"}}]}},"_links":{"self":[{"href":"https:\/\/reflejarte.es\/lareverie\/wp-json\/wp\/v2\/pages\/1135","targetHints":{"allow":["GET"]}}],"collection":[{"href":"https:\/\/reflejarte.es\/lareverie\/wp-json\/wp\/v2\/pages"}],"about":[{"href":"https:\/\/reflejarte.es\/lareverie\/wp-json\/wp\/v2\/types\/page"}],"author":[{"embeddable":true,"href":"https:\/\/reflejarte.es\/lareverie\/wp-json\/wp\/v2\/users\/1"}],"replies":[{"embeddable":true,"href":"https:\/\/reflejarte.es\/lareverie\/wp-json\/wp\/v2\/comments?post=1135"}],"version-history":[{"count":10,"href":"https:\/\/reflejarte.es\/lareverie\/wp-json\/wp\/v2\/pages\/1135\/revisions"}],"predecessor-version":[{"id":1893,"href":"https:\/\/reflejarte.es\/lareverie\/wp-json\/wp\/v2\/pages\/1135\/revisions\/1893"}],"up":[{"embeddable":true,"href":"https:\/\/reflejarte.es\/lareverie\/wp-json\/wp\/v2\/pages\/1108"}],"wp:attachment":[{"href":"https:\/\/reflejarte.es\/lareverie\/wp-json\/wp\/v2\/media?parent=1135"}],"curies":[{"name":"wp","href":"https:\/\/api.w.org\/{rel}","templated":true}]}}