{"id":1126,"date":"2018-10-01T12:20:41","date_gmt":"2018-10-01T12:20:41","guid":{"rendered":"https:\/\/reflejarte.es\/tallercreativo\/?page_id=1126"},"modified":"2022-03-31T11:32:04","modified_gmt":"2022-03-31T11:32:04","slug":"manuel-esteban-canyar-guitarra-vihuela-composicion","status":"publish","type":"page","link":"https:\/\/reflejarte.es\/lareverie\/los-musicos-de-la-reverie\/manuel-esteban-canyar-guitarra-vihuela-composicion\/","title":{"rendered":"Manuel Esteban Canyar, guitarra, vihuela, composici\u00f3n"},"content":{"rendered":"<h2>Los m\u00fasicos de La R\u00eaverie<a href=\"https:\/\/reflejarte.es\/lareverie\/wp-content\/uploads\/2018\/09\/EstebanCanyar.jpg\"><img loading=\"lazy\" decoding=\"async\" class=\"alignright size-medium wp-image-994\" src=\"https:\/\/reflejarte.es\/lareverie\/wp-content\/uploads\/2018\/09\/EstebanCanyar-300x225.jpg\" alt=\"Manuel Esteban Canyar\" width=\"300\" height=\"225\" srcset=\"https:\/\/reflejarte.es\/lareverie\/wp-content\/uploads\/2018\/09\/EstebanCanyar.jpg 300w, https:\/\/reflejarte.es\/lareverie\/wp-content\/uploads\/2018\/09\/EstebanCanyar-150x113.jpg 150w, https:\/\/reflejarte.es\/lareverie\/wp-content\/uploads\/2018\/09\/EstebanCanyar-200x150.jpg 200w\" sizes=\"auto, (max-width: 300px) 100vw, 300px\" \/><\/a><\/h2>\n<h1>Esteban Canyar<\/h1>\n<h3>guitarra cl\u00e1sica, vihuela, la\u00fad, composici\u00f3n<\/h3>\n<p>&nbsp;<\/p>\n<p>Nace en Granada en el a\u00f1o 1962, ciudad en la que estudia guitarra cl\u00e1sica, vihuela espa\u00f1ola y la\u00fad renacentista y barroco. Posteriormente, cursa estudios de teor\u00eda musical en la Open University y asiste a cursos magistrales con destacados guitarristas, entre los que cabe citar el realizado con el maestro David Russel.<\/p>\n<p>Ha grabado numerosos discos. Los m\u00e1s destacables son:<br \/>\n2002, <strong>M\u00fasica antigua para un tiempo vac\u00edo<\/strong> junto a la soprano vasca Palmira Irisarri.<br \/>\n2009, <a href=\"https:\/\/reflejarte.es\/elsombrerodelalquimista\/\" target=\"_blank\" rel=\"noopener\"><span style=\"color: #000000;\"><strong>El sombrero del alquimista<\/strong><\/span><\/a>, con el multiinstrumentista Ignacio B\u00e9jar. Este trabajo fue muy bien acogido por la cr\u00edtica especializada y est\u00e1 siendo programado regularmente en RNE, en programas como Ritmos \u00c9tnicos, Mediterr\u00e1neo, etc.<br \/>\n2010, <span style=\"color: #000000;\"><a href=\"https:\/\/reflejarte.es\/lareverie\/alma-de-cuerda\/\" target=\"_blank\" rel=\"noopener\"><strong><span style=\"color: #000000;\">Alma de cuerda<\/span><\/strong><\/a><b> (Soul of String)<\/b><\/span>, para la famosa discogr\u00e1fica norteamericana Magnatune, con el que logra un importante eco en todo el mundo a trav\u00e9s de plataformas como Spotify, I-tunes, etc.<br \/>\nEn 2011 publica en Magnatune el cd de m\u00fasica barroca y renacentista grabado junto con la soprano Palmira Irisarri <a href=\"https:\/\/reflejarte.es\/lareverie\/mosaico-antiguo-con-guitarra-esteban-canyar\/\" target=\"_blank\" rel=\"noopener\"><strong><span style=\"color: #000000;\">Ancient Mosaic with Guitar<\/span><\/strong><\/a> (Mosaico antiguo con guitarra).<br \/>\nEn 2015, graba el cd <a href=\"https:\/\/reflejarte.es\/lareverie\/album-cantica-musica-efimera-musica-eterna\/\" target=\"_blank\" rel=\"noopener\"><span style=\"color: #000000;\"><strong>C\u00e1ntica<\/strong> <\/span><\/a>junto con el grupo C\u00e1ntica Cuarteto.<br \/>\nSu \u00faltimo trabajo publicado (2018) es <a href=\"https:\/\/reflejarte.es\/lareverie\/music-of-spanish-gentlemen-%c2%b7-musica-de-los-gentilhombres\/\" target=\"_blank\" rel=\"noopener\"><strong><span style=\"color: #000000;\">M\u00fasica de los gentilhombres<\/span><\/strong><\/a> (Music of Spanish Gentlemen), y en breve saldr\u00e1 un \u00e1lbum con composiciones propias sobre poemas de Garc\u00eda Lorca.<\/p>\n<p><a href=\"https:\/\/reflejarte.es\/lareverie\/wp-content\/uploads\/2018\/09\/EstebanCanyar_guitarra.jpg\"><img loading=\"lazy\" decoding=\"async\" class=\"size-medium wp-image-995 alignleft\" src=\"https:\/\/reflejarte.es\/lareverie\/wp-content\/uploads\/2018\/09\/EstebanCanyar_guitarra-300x270.jpg\" alt=\"Esteban Canyar,guitarra\" width=\"300\" height=\"270\" srcset=\"https:\/\/reflejarte.es\/lareverie\/wp-content\/uploads\/2018\/09\/EstebanCanyar_guitarra.jpg 300w, https:\/\/reflejarte.es\/lareverie\/wp-content\/uploads\/2018\/09\/EstebanCanyar_guitarra-150x135.jpg 150w, https:\/\/reflejarte.es\/lareverie\/wp-content\/uploads\/2018\/09\/EstebanCanyar_guitarra-167x150.jpg 167w\" sizes=\"auto, (max-width: 300px) 100vw, 300px\" \/><\/a><\/p>\n<p>Ha ofrecido un gran n\u00famero de conciertos, entre los que pueden rese\u00f1arse los siguientes:<br \/>\nMayo de 2007, Concierto en la Sala Gades del Teatro Cervantes de M\u00e1laga.<br \/>\nAgosto de 2007, Concierto en la casa natal del pintor Salvador Dal\u00ed, en el marco del Festival Internacional de M\u00fasica de Cadaqu\u00e9s.<br \/>\nJunio de 2008: Concierto en los Ba\u00f1os \u00e1rabes de la ciudad de Ronda.<br \/>\nMayo de 2009: Concierto de cierre del I Ciclo de M\u00fasicas del Mundo de la Universidad de M\u00e1laga.<\/p>\n<p>En marzo de 2012, graba para el programa de <a href=\"https:\/\/www.youtube.com\/watch?v=MNdrDPGI8Hs\" target=\"_blank\" rel=\"noopener\">Televisi\u00f3n Espa\u00f1ola \u00abTVE es m\u00fasica\u00bb<\/a> en un espacio singular: a bordo de la Goleta Sadko, frente a la costa del Puerto de Santa Mar\u00eda.<br \/>\nSeptiembre de 2012: Concierto en el Castillo de Bil-Bil de Benalm\u00e1dena, dentro del ciclo M\u00fasicas del alma.<br \/>\nFebrero de 2014: Concierto en el Sal\u00f3n de los Espejos del Ayuntamiento de M\u00e1laga&#8230; (<a href=\"https:\/\/reflejarte.es\/lareverie\/conciertos-y-contratacion\/\">ver conciertos<\/a>)<\/p>\n<p>Desde entonces ha dado conciertos en muchas salas de Andaluc\u00eda, como en <a href=\"https:\/\/youtu.be\/Qj0xuatutUs\" target=\"_blank\" rel=\"noopener\">Los Ac\u00fasticos de El Rey Chico<\/a>\u00a0 y en la m\u00edtica La Tertulia (Granada).<\/p>\n<p>&nbsp;<\/p>\n","protected":false},"excerpt":{"rendered":"<p>Los m\u00fasicos de La R\u00eaverie Esteban Canyar guitarra cl\u00e1sica, vihuela, la\u00fad, composici\u00f3n &nbsp; Nace en Granada en el a\u00f1o 1962, ciudad en la que estudia guitarra cl\u00e1sica, vihuela espa\u00f1ola y la\u00fad renacentista y barroco. Posteriormente,&#8230;<\/p>\n<p> <a class=\"continue-reading-link\" href=\"https:\/\/reflejarte.es\/lareverie\/los-musicos-de-la-reverie\/manuel-esteban-canyar-guitarra-vihuela-composicion\/\"><span>seguir leyendo &#8230;<\/span><i class=\"crycon-right-dir\"><\/i><\/a> <\/p>\n","protected":false},"author":1,"featured_media":0,"parent":1108,"menu_order":0,"comment_status":"closed","ping_status":"closed","template":"","meta":{"footnotes":""},"class_list":["post-1126","page","type-page","status-publish","hentry"],"yoast_head":"<!-- This site is optimized with the Yoast SEO plugin v27.3 - https:\/\/yoast.com\/product\/yoast-seo-wordpress\/ -->\n<title>Manuel Esteban Canyar, guitarra, vihuela, composici\u00f3n &#183; La R\u00eaverie<\/title>\n<meta name=\"description\" content=\"Manuel Esteban Canyar, guitarra, vihuela, composici\u00f3n &#183; La R\u00eaverie\" \/>\n<meta name=\"robots\" content=\"index, follow, max-snippet:-1, max-image-preview:large, max-video-preview:-1\" \/>\n<link rel=\"canonical\" href=\"https:\/\/reflejarte.es\/lareverie\/los-musicos-de-la-reverie\/manuel-esteban-canyar-guitarra-vihuela-composicion\/\" \/>\n<meta property=\"og:locale\" content=\"es_ES\" \/>\n<meta property=\"og:type\" content=\"article\" \/>\n<meta property=\"og:title\" content=\"Manuel Esteban Canyar, guitarra, vihuela, composici\u00f3n &#183; La R\u00eaverie\" \/>\n<meta property=\"og:description\" content=\"Manuel Esteban Canyar, guitarra, vihuela, composici\u00f3n &#183; La R\u00eaverie\" \/>\n<meta property=\"og:url\" content=\"https:\/\/reflejarte.es\/lareverie\/los-musicos-de-la-reverie\/manuel-esteban-canyar-guitarra-vihuela-composicion\/\" \/>\n<meta property=\"og:site_name\" content=\"La R\u00eaverie\" \/>\n<meta property=\"article:modified_time\" content=\"2022-03-31T11:32:04+00:00\" \/>\n<meta property=\"og:image\" content=\"https:\/\/reflejarte.es\/lareverie\/wp-content\/uploads\/2018\/09\/EstebanCanyar-300x225.jpg\" \/>\n<meta name=\"twitter:card\" content=\"summary_large_image\" \/>\n<meta name=\"twitter:label1\" content=\"Tiempo de lectura\" \/>\n\t<meta name=\"twitter:data1\" content=\"2 minutos\" \/>\n<script type=\"application\/ld+json\" class=\"yoast-schema-graph\">{\"@context\":\"https:\\\/\\\/schema.org\",\"@graph\":[{\"@type\":\"WebPage\",\"@id\":\"https:\\\/\\\/reflejarte.es\\\/lareverie\\\/los-musicos-de-la-reverie\\\/manuel-esteban-canyar-guitarra-vihuela-composicion\\\/\",\"url\":\"https:\\\/\\\/reflejarte.es\\\/lareverie\\\/los-musicos-de-la-reverie\\\/manuel-esteban-canyar-guitarra-vihuela-composicion\\\/\",\"name\":\"Manuel Esteban Canyar, guitarra, vihuela, composici\u00f3n &#183; La R\u00eaverie\",\"isPartOf\":{\"@id\":\"https:\\\/\\\/reflejarte.es\\\/lareverie\\\/#website\"},\"primaryImageOfPage\":{\"@id\":\"https:\\\/\\\/reflejarte.es\\\/lareverie\\\/los-musicos-de-la-reverie\\\/manuel-esteban-canyar-guitarra-vihuela-composicion\\\/#primaryimage\"},\"image\":{\"@id\":\"https:\\\/\\\/reflejarte.es\\\/lareverie\\\/los-musicos-de-la-reverie\\\/manuel-esteban-canyar-guitarra-vihuela-composicion\\\/#primaryimage\"},\"thumbnailUrl\":\"https:\\\/\\\/reflejarte.es\\\/lareverie\\\/wp-content\\\/uploads\\\/2018\\\/09\\\/EstebanCanyar-300x225.jpg\",\"datePublished\":\"2018-10-01T12:20:41+00:00\",\"dateModified\":\"2022-03-31T11:32:04+00:00\",\"description\":\"Manuel Esteban Canyar, guitarra, vihuela, composici\u00f3n &#183; La R\u00eaverie\",\"breadcrumb\":{\"@id\":\"https:\\\/\\\/reflejarte.es\\\/lareverie\\\/los-musicos-de-la-reverie\\\/manuel-esteban-canyar-guitarra-vihuela-composicion\\\/#breadcrumb\"},\"inLanguage\":\"es\",\"potentialAction\":[{\"@type\":\"ReadAction\",\"target\":[\"https:\\\/\\\/reflejarte.es\\\/lareverie\\\/los-musicos-de-la-reverie\\\/manuel-esteban-canyar-guitarra-vihuela-composicion\\\/\"]}]},{\"@type\":\"ImageObject\",\"inLanguage\":\"es\",\"@id\":\"https:\\\/\\\/reflejarte.es\\\/lareverie\\\/los-musicos-de-la-reverie\\\/manuel-esteban-canyar-guitarra-vihuela-composicion\\\/#primaryimage\",\"url\":\"https:\\\/\\\/reflejarte.es\\\/lareverie\\\/wp-content\\\/uploads\\\/2018\\\/09\\\/EstebanCanyar.jpg\",\"contentUrl\":\"https:\\\/\\\/reflejarte.es\\\/lareverie\\\/wp-content\\\/uploads\\\/2018\\\/09\\\/EstebanCanyar.jpg\",\"width\":300,\"height\":225,\"caption\":\"Manuel Esteban Canyar\"},{\"@type\":\"BreadcrumbList\",\"@id\":\"https:\\\/\\\/reflejarte.es\\\/lareverie\\\/los-musicos-de-la-reverie\\\/manuel-esteban-canyar-guitarra-vihuela-composicion\\\/#breadcrumb\",\"itemListElement\":[{\"@type\":\"ListItem\",\"position\":1,\"name\":\"Inicio\",\"item\":\"https:\\\/\\\/reflejarte.es\\\/lareverie\\\/\"},{\"@type\":\"ListItem\",\"position\":2,\"name\":\"Los m\u00fasicos de La R\u00eaverie\",\"item\":\"https:\\\/\\\/reflejarte.es\\\/lareverie\\\/los-musicos-de-la-reverie\\\/\"},{\"@type\":\"ListItem\",\"position\":3,\"name\":\"Manuel Esteban Canyar, guitarra, vihuela, composici\u00f3n\"}]},{\"@type\":\"WebSite\",\"@id\":\"https:\\\/\\\/reflejarte.es\\\/lareverie\\\/#website\",\"url\":\"https:\\\/\\\/reflejarte.es\\\/lareverie\\\/\",\"name\":\"La R\u00eaverie\",\"description\":\"pasi\u00f3n por la m\u00fasica bien hecha\",\"publisher\":{\"@id\":\"https:\\\/\\\/reflejarte.es\\\/lareverie\\\/#\\\/schema\\\/person\\\/5c48ca5d852a6ac613afecdcdad33430\"},\"potentialAction\":[{\"@type\":\"SearchAction\",\"target\":{\"@type\":\"EntryPoint\",\"urlTemplate\":\"https:\\\/\\\/reflejarte.es\\\/lareverie\\\/?s={search_term_string}\"},\"query-input\":{\"@type\":\"PropertyValueSpecification\",\"valueRequired\":true,\"valueName\":\"search_term_string\"}}],\"inLanguage\":\"es\"},{\"@type\":[\"Person\",\"Organization\"],\"@id\":\"https:\\\/\\\/reflejarte.es\\\/lareverie\\\/#\\\/schema\\\/person\\\/5c48ca5d852a6ac613afecdcdad33430\",\"name\":\"La R\u00eaverie\",\"image\":{\"@type\":\"ImageObject\",\"inLanguage\":\"es\",\"@id\":\"https:\\\/\\\/reflejarte.es\\\/lareverie\\\/wp-content\\\/uploads\\\/2018\\\/09\\\/lareverie-logo.jpg\",\"url\":\"https:\\\/\\\/reflejarte.es\\\/lareverie\\\/wp-content\\\/uploads\\\/2018\\\/09\\\/lareverie-logo.jpg\",\"contentUrl\":\"https:\\\/\\\/reflejarte.es\\\/lareverie\\\/wp-content\\\/uploads\\\/2018\\\/09\\\/lareverie-logo.jpg\",\"width\":512,\"height\":512,\"caption\":\"La R\u00eaverie\"},\"logo\":{\"@id\":\"https:\\\/\\\/reflejarte.es\\\/lareverie\\\/wp-content\\\/uploads\\\/2018\\\/09\\\/lareverie-logo.jpg\"}}]}<\/script>\n<!-- \/ Yoast SEO plugin. -->","yoast_head_json":{"title":"Manuel Esteban Canyar, guitarra, vihuela, composici\u00f3n &#183; La R\u00eaverie","description":"Manuel Esteban Canyar, guitarra, vihuela, composici\u00f3n &#183; La R\u00eaverie","robots":{"index":"index","follow":"follow","max-snippet":"max-snippet:-1","max-image-preview":"max-image-preview:large","max-video-preview":"max-video-preview:-1"},"canonical":"https:\/\/reflejarte.es\/lareverie\/los-musicos-de-la-reverie\/manuel-esteban-canyar-guitarra-vihuela-composicion\/","og_locale":"es_ES","og_type":"article","og_title":"Manuel Esteban Canyar, guitarra, vihuela, composici\u00f3n &#183; La R\u00eaverie","og_description":"Manuel Esteban Canyar, guitarra, vihuela, composici\u00f3n &#183; La R\u00eaverie","og_url":"https:\/\/reflejarte.es\/lareverie\/los-musicos-de-la-reverie\/manuel-esteban-canyar-guitarra-vihuela-composicion\/","og_site_name":"La R\u00eaverie","article_modified_time":"2022-03-31T11:32:04+00:00","og_image":[{"url":"https:\/\/reflejarte.es\/lareverie\/wp-content\/uploads\/2018\/09\/EstebanCanyar-300x225.jpg","type":"","width":"","height":""}],"twitter_card":"summary_large_image","twitter_misc":{"Tiempo de lectura":"2 minutos"},"schema":{"@context":"https:\/\/schema.org","@graph":[{"@type":"WebPage","@id":"https:\/\/reflejarte.es\/lareverie\/los-musicos-de-la-reverie\/manuel-esteban-canyar-guitarra-vihuela-composicion\/","url":"https:\/\/reflejarte.es\/lareverie\/los-musicos-de-la-reverie\/manuel-esteban-canyar-guitarra-vihuela-composicion\/","name":"Manuel Esteban Canyar, guitarra, vihuela, composici\u00f3n &#183; La R\u00eaverie","isPartOf":{"@id":"https:\/\/reflejarte.es\/lareverie\/#website"},"primaryImageOfPage":{"@id":"https:\/\/reflejarte.es\/lareverie\/los-musicos-de-la-reverie\/manuel-esteban-canyar-guitarra-vihuela-composicion\/#primaryimage"},"image":{"@id":"https:\/\/reflejarte.es\/lareverie\/los-musicos-de-la-reverie\/manuel-esteban-canyar-guitarra-vihuela-composicion\/#primaryimage"},"thumbnailUrl":"https:\/\/reflejarte.es\/lareverie\/wp-content\/uploads\/2018\/09\/EstebanCanyar-300x225.jpg","datePublished":"2018-10-01T12:20:41+00:00","dateModified":"2022-03-31T11:32:04+00:00","description":"Manuel Esteban Canyar, guitarra, vihuela, composici\u00f3n &#183; La R\u00eaverie","breadcrumb":{"@id":"https:\/\/reflejarte.es\/lareverie\/los-musicos-de-la-reverie\/manuel-esteban-canyar-guitarra-vihuela-composicion\/#breadcrumb"},"inLanguage":"es","potentialAction":[{"@type":"ReadAction","target":["https:\/\/reflejarte.es\/lareverie\/los-musicos-de-la-reverie\/manuel-esteban-canyar-guitarra-vihuela-composicion\/"]}]},{"@type":"ImageObject","inLanguage":"es","@id":"https:\/\/reflejarte.es\/lareverie\/los-musicos-de-la-reverie\/manuel-esteban-canyar-guitarra-vihuela-composicion\/#primaryimage","url":"https:\/\/reflejarte.es\/lareverie\/wp-content\/uploads\/2018\/09\/EstebanCanyar.jpg","contentUrl":"https:\/\/reflejarte.es\/lareverie\/wp-content\/uploads\/2018\/09\/EstebanCanyar.jpg","width":300,"height":225,"caption":"Manuel Esteban Canyar"},{"@type":"BreadcrumbList","@id":"https:\/\/reflejarte.es\/lareverie\/los-musicos-de-la-reverie\/manuel-esteban-canyar-guitarra-vihuela-composicion\/#breadcrumb","itemListElement":[{"@type":"ListItem","position":1,"name":"Inicio","item":"https:\/\/reflejarte.es\/lareverie\/"},{"@type":"ListItem","position":2,"name":"Los m\u00fasicos de La R\u00eaverie","item":"https:\/\/reflejarte.es\/lareverie\/los-musicos-de-la-reverie\/"},{"@type":"ListItem","position":3,"name":"Manuel Esteban Canyar, guitarra, vihuela, composici\u00f3n"}]},{"@type":"WebSite","@id":"https:\/\/reflejarte.es\/lareverie\/#website","url":"https:\/\/reflejarte.es\/lareverie\/","name":"La R\u00eaverie","description":"pasi\u00f3n por la m\u00fasica bien hecha","publisher":{"@id":"https:\/\/reflejarte.es\/lareverie\/#\/schema\/person\/5c48ca5d852a6ac613afecdcdad33430"},"potentialAction":[{"@type":"SearchAction","target":{"@type":"EntryPoint","urlTemplate":"https:\/\/reflejarte.es\/lareverie\/?s={search_term_string}"},"query-input":{"@type":"PropertyValueSpecification","valueRequired":true,"valueName":"search_term_string"}}],"inLanguage":"es"},{"@type":["Person","Organization"],"@id":"https:\/\/reflejarte.es\/lareverie\/#\/schema\/person\/5c48ca5d852a6ac613afecdcdad33430","name":"La R\u00eaverie","image":{"@type":"ImageObject","inLanguage":"es","@id":"https:\/\/reflejarte.es\/lareverie\/wp-content\/uploads\/2018\/09\/lareverie-logo.jpg","url":"https:\/\/reflejarte.es\/lareverie\/wp-content\/uploads\/2018\/09\/lareverie-logo.jpg","contentUrl":"https:\/\/reflejarte.es\/lareverie\/wp-content\/uploads\/2018\/09\/lareverie-logo.jpg","width":512,"height":512,"caption":"La R\u00eaverie"},"logo":{"@id":"https:\/\/reflejarte.es\/lareverie\/wp-content\/uploads\/2018\/09\/lareverie-logo.jpg"}}]}},"_links":{"self":[{"href":"https:\/\/reflejarte.es\/lareverie\/wp-json\/wp\/v2\/pages\/1126","targetHints":{"allow":["GET"]}}],"collection":[{"href":"https:\/\/reflejarte.es\/lareverie\/wp-json\/wp\/v2\/pages"}],"about":[{"href":"https:\/\/reflejarte.es\/lareverie\/wp-json\/wp\/v2\/types\/page"}],"author":[{"embeddable":true,"href":"https:\/\/reflejarte.es\/lareverie\/wp-json\/wp\/v2\/users\/1"}],"replies":[{"embeddable":true,"href":"https:\/\/reflejarte.es\/lareverie\/wp-json\/wp\/v2\/comments?post=1126"}],"version-history":[{"count":11,"href":"https:\/\/reflejarte.es\/lareverie\/wp-json\/wp\/v2\/pages\/1126\/revisions"}],"predecessor-version":[{"id":1892,"href":"https:\/\/reflejarte.es\/lareverie\/wp-json\/wp\/v2\/pages\/1126\/revisions\/1892"}],"up":[{"embeddable":true,"href":"https:\/\/reflejarte.es\/lareverie\/wp-json\/wp\/v2\/pages\/1108"}],"wp:attachment":[{"href":"https:\/\/reflejarte.es\/lareverie\/wp-json\/wp\/v2\/media?parent=1126"}],"curies":[{"name":"wp","href":"https:\/\/api.w.org\/{rel}","templated":true}]}}