{"id":4233,"date":"2019-04-26T23:31:19","date_gmt":"2019-04-26T21:31:19","guid":{"rendered":"http:\/\/guitar-repertoire.com\/?post_type=product&#038;p=4233"},"modified":"2019-05-14T17:16:43","modified_gmt":"2019-05-14T15:16:43","slug":"roncalli-ludovico_passacaglia_pdf-audio-de-manuel-esteban-guitarra-clasica","status":"publish","type":"product","link":"https:\/\/reflejarte.es\/guitar-repertoire\/musicalia\/roncalli-ludovico_passacaglia_pdf-audio-de-manuel-esteban-guitarra-clasica\/","title":{"rendered":"Roncalli, Ludovico: Passacaglia \u00b7 PDF + AUDIO de Manuel Esteban (guitarra cl\u00e1sica)"},"content":{"rendered":"","protected":false},"excerpt":{"rendered":"<p><!-- [sc_embed_player_template1 fileurl=\"http:\/\/guitar-repertoire.com\/.mp3\"] --><\/p>\n<p>&nbsp;<\/p>\n<p>Escucha a <a href=\"https:\/\/open.spotify.com\/track\/0RBP0v19G2FpvCxJyhwopA\" target=\"_blank\" rel=\"noopener noreferrer\"><strong>Manuel Esteban interpretando el Pasacalle\u00a0<\/strong><\/a> en la guitarra cl\u00e1sica, en el espacio de <a href=\"https:\/\/open.spotify.com\/artist\/0j0kISVp5ynwLWbMamTlM7\" target=\"_blank\" rel=\"noopener noreferrer\">La Reverie<\/a> en Spotify (<a href=\"https:\/\/open.spotify.com\/album\/4Msu1gciDi5NPKAPhcLN0i\" target=\"_blank\" rel=\"noopener noreferrer\">\u00c1lbum\u00a0 \u2018Mosaico antiguo con guitarra \u2013 Ancient Mosaic with Guitar\u2019<\/a>).<\/p>\n<p><img loading=\"lazy\" decoding=\"async\" class=\"alignleft\" src=\"http:\/\/guitar-repertoire.com\/wp-content\/uploads\/2016\/01\/AMwGwavmp3-e1516549691716-150x148.jpg\" width=\"104\" height=\"103\" \/><\/p>\n<p>Para m\u00e1s informaci\u00f3n sobre el \u00e1lbum, <a href=\"http:\/\/lareverie.es\/mosaico-antiguo-con-guitarra-esteban-canyar\/\" target=\"_blank\" rel=\"noopener noreferrer\">visita la p\u00e1gina del disco en la web de La Reverie<\/a>.<\/p>\n<hr \/>\n<p>&nbsp;<\/p>\n<h3><b>Ludovico Roncalli<\/b> (1654 \u2013 1713)<\/h3>\n<p>Existen muy pocos datos acerca de la figura de este compositor italiano.<br \/>\nLa calidad de su obra est\u00e1 muy por encima de su eco en la historia de la m\u00fasica. <img loading=\"lazy\" decoding=\"async\" class=\"alignright \" src=\"https:\/\/reflejarte.es\/nirvanagift\/wp-content\/uploads\/2015\/01\/Ludovico_Antonio_Roncalli.jpg\" alt=\"Ludovico Roncalli\" width=\"105\" height=\"104\" \/><\/p>\n<p>Hijo menor de un conde, fue cl\u00e9rigo y doctor en derecho can\u00f3nigo.<br \/>\nEn 1692\u00a0 public\u00f3 en B\u00e9rgamo, su ciudad natal, una colecci\u00f3n de 9 suites para la guitarra barroca de 5 cuerdas, titulada \u00abCapricci Armonici sopra la chitarra spagnola\u00bb, dedicada al cardenal Benedetto Panfili, un conocido mecenas musical.<br \/>\nEl presente pasacalle forma parte de la suite en Sol menor, siendo su \u00faltimo movimiento.<br \/>\nCada una de las suites consta de preludio, alemanda y otras danzas t\u00edpicas del siglo XVII: minueto, corriente, sarabanda, giga etc. <cite id=\"CITEREFRoncalli1692\" class=\"citation wikicite\"><\/cite><\/p>\n<p>En 1881, Oscar Chilesotti transcribi\u00f3 las piezas para la moderna guitarra de 6 cuerdas.<br \/>\nLa obra de Roncalli forma parte del repertorio de muchos guitarristas. El Pasacalle de la Suite en Sol menor, que forma parte de este disco, alcanz\u00f3 gran celebridad en su \u00e9poca y fue utilizado por Otto Respighi en sus Aires y Danzas antiguos.<\/p>\n<p>La partitura en pdf va acompa\u00f1ada de la interpretaci\u00f3n de Manuel Esteban, en la guitarra cl\u00e1sica, lo que te facilitar\u00e1 la ejecuci\u00f3n de esta pieza barroca de nivel alto.<\/p>\n<p>&nbsp;<\/p>\n<p>Escucha m\u00e1s <a href=\"https:\/\/open.spotify.com\/artist\/0j0kISVp5ynwLWbMamTlM7\" target=\"_blank\" rel=\"noopener noreferrer\">obras interpretadas a la guitarra por Manuel Esteban<\/a> en Spotify &#8211; es gratis.<\/p>\n<p><a href=\"http:\/\/lareverie.es\"><img loading=\"lazy\" decoding=\"async\" class=\"aligncenter wp-image-4112 size-medium\" src=\"http:\/\/guitar-repertoire.com\/wp-content\/uploads\/2019\/04\/Lareverie-portadaalbumstodos-300x99.png\" alt=\"\u00c1lbumes de Manuel Esteban - La Reverie\" width=\"300\" height=\"99\" srcset=\"https:\/\/reflejarte.es\/guitar-repertoire\/wp-content\/uploads\/2019\/04\/Lareverie-portadaalbumstodos-300x99.png 300w, https:\/\/reflejarte.es\/guitar-repertoire\/wp-content\/uploads\/2019\/04\/Lareverie-portadaalbumstodos-150x50.png 150w, https:\/\/reflejarte.es\/guitar-repertoire\/wp-content\/uploads\/2019\/04\/Lareverie-portadaalbumstodos-600x199.png 600w, https:\/\/reflejarte.es\/guitar-repertoire\/wp-content\/uploads\/2019\/04\/Lareverie-portadaalbumstodos-324x107.png 324w, https:\/\/reflejarte.es\/guitar-repertoire\/wp-content\/uploads\/2019\/04\/Lareverie-portadaalbumstodos-416x138.png 416w, https:\/\/reflejarte.es\/guitar-repertoire\/wp-content\/uploads\/2019\/04\/Lareverie-portadaalbumstodos.png 1263w\" sizes=\"auto, (max-width: 300px) 100vw, 300px\" \/><\/a><\/p>\n<hr \/>\n<p><!-- <a href=\"#ES\"><img decoding=\"async\" class=\"bandera\" title=\"ES - descripci\u00f3n en espa\u00f1ol\" src=\"http:\/\/guitar-repertoire.reflejarte.es\/wp-content\/uploads\/2018\/01\/ES-guitar-repertoire-mini.png\" alt=\"ES - descripci\u00f3n del producto en espa\u00f1ol\" \/>AUDIO: ver detalles<\/a>\n<a href=\"#FR\"><img decoding=\"async\" class=\"bandera\" title=\"FR - description en fran\u00e7ais\" src=\"http:\/\/guitar-repertoire.reflejarte.es\/wp-content\/uploads\/2018\/01\/FR-guitar-repertoire-mini.png\" alt=\"FR - description du produit en fran\u00e7ais\" \/>AUDIO : voir description d\u00e9taill\u00e9e<\/a>\n<a href=\"#EN\"><img decoding=\"async\" class=\"bandera\" title=\"EN - Description in English\" src=\"http:\/\/guitar-repertoire.reflejarte.es\/wp-content\/uploads\/2018\/01\/EN-guitar-repertoire-mini.png\" alt=\"EN - Product Description in English\" \/>AUDIO: see details<\/a>\n<a href=\"#DE\"><img decoding=\"async\" class=\"bandera\" title=\"DE - Produktbeschreibung auf Deutsch\" src=\"http:\/\/guitar-repertoire.reflejarte.es\/wp-content\/uploads\/2018\/01\/DE-guitar-repertoire-mini.png\" alt=\"DE - Produktbeschreibung auf Deutsch\" \/>AUDIO: Beschreibung lesen<\/a> --><\/p>\n","protected":false},"featured_media":1696,"comment_status":"closed","ping_status":"closed","template":"","meta":[],"product_brand":[],"product_cat":[378,387,793,441,403,466,394,134,398,374,685,784],"product_tag":[470,108,794,471,56,62,222,515,787,485,472,122],"class_list":{"0":"post-4233","1":"product","2":"type-product","3":"status-publish","4":"has-post-thumbnail","6":"product_cat-audio","7":"product_cat-barroco","8":"product_cat-biografia","9":"product_cat-g","10":"product_cat-italia","11":"product_cat-libre","12":"product_cat-esteban-manuel-interprete","13":"product_cat-_mp3","14":"product_cat-nivel-alto","15":"product_cat-pdf","16":"product_cat-pdf-audio","17":"product_cat-roncalli","18":"product_tag-audio","19":"product_tag-barroco","20":"product_tag-biografia","21":"product_tag-free-gratis","22":"product_tag-guitar","23":"product_tag-la-reverie","24":"product_tag-manuel-esteban","25":"product_tag-alto-high","26":"product_tag-passacaglia","27":"product_tag-pdf","28":"product_tag-pdfaudio","29":"product_tag-roncalli","30":"pa_compositor-ludovico-roncalli","31":"pa_epoca-barroco","32":"pa_instrumentacion-guitarra-sola","33":"pa_licencia-creative-commons","34":"pa_nivel-nivel-alto","36":"first","37":"instock","38":"featured","39":"downloadable","40":"virtual","41":"product-type-simple"},"_links":{"self":[{"href":"https:\/\/reflejarte.es\/guitar-repertoire\/wp-json\/wp\/v2\/product\/4233","targetHints":{"allow":["GET"]}}],"collection":[{"href":"https:\/\/reflejarte.es\/guitar-repertoire\/wp-json\/wp\/v2\/product"}],"about":[{"href":"https:\/\/reflejarte.es\/guitar-repertoire\/wp-json\/wp\/v2\/types\/product"}],"replies":[{"embeddable":true,"href":"https:\/\/reflejarte.es\/guitar-repertoire\/wp-json\/wp\/v2\/comments?post=4233"}],"wp:featuredmedia":[{"embeddable":true,"href":"https:\/\/reflejarte.es\/guitar-repertoire\/wp-json\/wp\/v2\/media\/1696"}],"wp:attachment":[{"href":"https:\/\/reflejarte.es\/guitar-repertoire\/wp-json\/wp\/v2\/media?parent=4233"}],"wp:term":[{"taxonomy":"product_brand","embeddable":true,"href":"https:\/\/reflejarte.es\/guitar-repertoire\/wp-json\/wp\/v2\/product_brand?post=4233"},{"taxonomy":"product_cat","embeddable":true,"href":"https:\/\/reflejarte.es\/guitar-repertoire\/wp-json\/wp\/v2\/product_cat?post=4233"},{"taxonomy":"product_tag","embeddable":true,"href":"https:\/\/reflejarte.es\/guitar-repertoire\/wp-json\/wp\/v2\/product_tag?post=4233"}],"curies":[{"name":"wp","href":"https:\/\/api.w.org\/{rel}","templated":true}]}}