{"id":4165,"date":"2019-04-17T18:16:46","date_gmt":"2019-04-17T16:16:46","guid":{"rendered":"http:\/\/guitar-repertoire.com\/?post_type=product&#038;p=4165"},"modified":"2021-03-16T22:22:16","modified_gmt":"2021-03-16T21:22:16","slug":"musica-de-los-gentilhombresmusic-of-spanish-gentlemenla-reverie-interpreta-narvaez-milan-de-murcia-sanz-mudarra-y-sor-en-guitarra-santur-oud","status":"publish","type":"product","link":"https:\/\/reflejarte.es\/guitar-repertoire\/musicalia\/musica-de-los-gentilhombresmusic-of-spanish-gentlemenla-reverie-interpreta-narvaez-milan-de-murcia-sanz-mudarra-y-sor-en-guitarra-santur-oud\/","title":{"rendered":"La R\u00eaverie: M\u00fasica de los gentilhombres \u00b7 Music of Spanish Gentlemen &#8211; Narv\u00e1ez, Mil\u00e1n, de Murcia, Sanz, Mudarra y Sor en guitarra, santur, oud"},"content":{"rendered":"<p class=\"wpview-selection-before\">Env\u00edanos un\u00a0 <a href=\"http:\/\/guitar-repertoire.com\/contact\/\">email<\/a> si quieres adquirir el \u00e1lbum en formato wav.<br \/>\nLos temas del <a href=\"https:\/\/open.spotify.com\/artist\/0j0kISVp5ynwLWbMamTlM7\" target=\"_blank\" rel=\"noopener noreferrer\">\u00e1lbum Music of Spanish Gentlemen<\/a> pueden escucharse libremente en Spotify<\/p>\n<p><!--[playlist ids=\"1675,1676,65,66,1677,1678,1679,1680,1681,1682\"]\n\n--><\/p>\n<p>&nbsp;<\/p>\n<p><!--  &nbsp;\n\n\n<div id=\"tab-description\" class=\"woocommerce-Tabs-panel woocommerce-Tabs-panel--description panel entry-content wc-tab\" role=\"tabpanel\" aria-labelledby=\"tab-title-description\">\n\n\n<h2><strong>Caracter\u00edsticas del producto:<\/strong><\/h2>\n\n\n\u00c1LBUM MUSICAL en formato mp3 o wav\nARTISTAS: La R\u00eaverie.\u00a0 Esteban Canyar, Juan Manuel Rubio\nPRODUCCI\u00d3N: La R\u00eaverie (Esteban Canyar), \u00a9 La R\u00eaverie 2010\nDURACI\u00d3N:\u00a0\u00a0 43\u201945\u201d\n\nFORMATOS disponibles: \u00a0 descarga en mp3, descarga en wav\n<strong>BONUS: artwork descargable gratis (libreto <\/strong>de 8 p\u00e1ginas parcialmente en color, texto en castellano<strong>, covers y disc label para imprimir, en formato pdf, de la edici\u00f3n art\u00edstica de comunicArte)<\/strong>\n\n<strong>DESCARGA:\u00a0 inmediata<\/strong>\n\n<\/div>\n\n\nEncuentra m\u00e1s informaci\u00f3n sobre el \u00e1lbum y los artistas en la <a title=\"ir a la web de La R\u00eaverie\/\u00e1lbum Alma de cuerda\" href=\"http:\/\/lareverie.es\" target=\"_blank\" rel=\"noopener noreferrer\">Web oficial de <i>La R\u00eaverie<\/i><\/a>\n--><\/p>\n","protected":false},"excerpt":{"rendered":"<p>Int\u00e9rpretes:<br \/>\n<b>Esteban Canyar: <\/b>guitarra espa\u00f1ola<b><br \/>\nJuan Manuel Rubio: <\/b>santur turco, la\u00fad \u00e1rabe (oud)<b><br \/>\n<\/b><b>\u00c1ngel Mart\u00edn: <\/b>percusiones<\/p>\n<p align=\"right\"><small>El cuarto trabajo de La R\u00eaverie, con temas de<br \/>\nNarv\u00e1ez, Mil\u00e1n, De Murcia, Sanz,<br \/>\nMudarra y Sor, en arreglos de La R\u00eaverie<\/small><\/p>\n<p><b>\u00a0<\/b><\/p>\n<h2 style=\"text-align: center;\">Music of Spanish Gentlemen<br \/>\nM\u00fasica de los gentilhombres<\/h2>\n<p>Este \u00e1lbum reune 17 piezas de compositores espa\u00f1oles, desde el renacimiento hasta el siglo XIX pasando por el barroco: Luis de Narv\u00e1ez, Luis Mil\u00e1n, Santiago de Murcia, Gaspar Sanz, Alonso Mudarra y Fernando Sor.<\/p>\n<p>Sus melod\u00edas, escritas mayoritariamente para vihuela, son reinterpretadas por los m\u00fasicos de La R\u00eaverie, con su combinaci\u00f3n de instrumentos inusual en este tipo de m\u00fasicas, como la guitarra cl\u00e1sica espa\u00f1ola o el oud \u00e1rabe, ex\u00f3ticos incluso, como el santur turco.<\/p>\n<p>Los artistas recrean los temas desde una perspectiva personal, sin alejarse del esp\u00edritu de sus creadores, compositores maestros de piezas serenas llenas de sonoridades nobles.<\/p>\n<p class=\"textr\" style=\"text-align: right;\">La R\u00eaverie<\/p>\n<p>&nbsp;<\/p>\n<h2 style=\"text-align: center;\">Contenido<br \/>\n<a href=\"https:\/\/open.spotify.com\/album\/5AJSCCGWwuqhIdMytzrwP3\" target=\"_blank\" rel=\"noopener noreferrer\">\u00e1lbum &#8216;M\u00fasica de los gentilhombres&#8217;\u00a0\u00a0<\/a><\/h2>\n<p style=\"text-align: center;\">Pulsa sobre los enlaces para escucharlo libremente en Spotify<\/p>\n<p>1 &#8211; <a href=\"https:\/\/open.spotify.com\/track\/3gcePaR6ed8dUV2wPVwe8e\" target=\"_blank\" rel=\"noopener noreferrer\">Canci\u00f3n del Emperador (Luis de Narv\u00e1ez)<\/a> &#8211; 2:56<br \/>\n2 &#8211; <a href=\"https:\/\/open.spotify.com\/track\/2CSSZ6ghxt4rF0wJJ7ACEh\" target=\"_blank\" rel=\"noopener noreferrer\">Diferencias sobre Gu\u00e1rdame las vacas (Narv\u00e1ez)<\/a> &#8211; 3:28<br \/>\n3 &#8211; <a href=\"https:\/\/open.spotify.com\/track\/2lTPyVRSCd6YMmvvt2RxBT\" target=\"_blank\" rel=\"noopener noreferrer\">Fantas\u00eda X (Luis de Narv\u00e1ez)<\/a> &#8211; 1:35<br \/>\n4 &#8211; <a href=\"https:\/\/open.spotify.com\/track\/2QLU29t2FUQ6I3NeeNQ6j4\" target=\"_blank\" rel=\"noopener noreferrer\">Fantas\u00eda XIV (Luis de Narv\u00e1ez)<\/a> &#8211; 1:10<br \/>\n5 &#8211; <a href=\"https:\/\/open.spotify.com\/track\/0mFsHMMxDiLbYDEtuTRBQG\" target=\"_blank\" rel=\"noopener noreferrer\">Canci\u00f3n (Santiago de Murcia)<\/a> &#8211; 2:57<br \/>\n6 &#8211; <a href=\"https:\/\/open.spotify.com\/track\/7qCktThvK8PKVgtZ14pmw9\" target=\"_blank\" rel=\"noopener noreferrer\">Minueto El Excelente (Santiago de Murcia)<\/a> &#8211; 2:49<br \/>\n7 &#8211; <a href=\"https:\/\/open.spotify.com\/track\/5oUMl9am3wLXy1pHh29UvJ\" target=\"_blank\" rel=\"noopener noreferrer\">Pavana II (Luis de Mil\u00e1n)<\/a> &#8211; 1:38<br \/>\n8 &#8211; <a href=\"https:\/\/open.spotify.com\/track\/3bDUpjsKmEu9aeZowa1Lqx\" target=\"_blank\" rel=\"noopener noreferrer\">Pavanas IV-V (Luis de Mil\u00e1n)<\/a> &#8211; 1:41<br \/>\n9 &#8211; <a href=\"https:\/\/open.spotify.com\/track\/77CBxu5Y1z3dcSmSuV0BUo\" target=\"_blank\" rel=\"noopener noreferrer\">Espa\u00f1oletas (Gaspar Sanz)<\/a> &#8211; 3:05<br \/>\n10- <a href=\"https:\/\/open.spotify.com\/track\/5ovDm8OtYCWl4KrvUFarre\" target=\"_blank\" rel=\"noopener noreferrer\">Canarios (Gaspar Sanz)<\/a> &#8211; 3:21<br \/>\n11- <a href=\"https:\/\/open.spotify.com\/track\/4OBdWS0u0QVyTOkvd7u7Yi\" target=\"_blank\" rel=\"noopener noreferrer\">Fantas\u00eda III (Luis de Mil\u00e1n)<\/a> &#8211; 2:05<br \/>\n12- <a href=\"https:\/\/open.spotify.com\/track\/4QIf3Jw7EZcvQrDshszlOe\" target=\"_blank\" rel=\"noopener noreferrer\">Fantas\u00eda V (Luis de Mil\u00e1n)<\/a> &#8211; 2:06<br \/>\n13- <a href=\"https:\/\/open.spotify.com\/track\/1ioy1XqYTB79hmfseJRkEp\" target=\"_blank\" rel=\"noopener noreferrer\">Fantas\u00eda N\u00ba 10 (Alonso Mudarra)<\/a> &#8211; 2:26<br \/>\n14- <a href=\"https:\/\/open.spotify.com\/track\/1nadrNyRyDylZnIm3Hpm7s\" target=\"_blank\" rel=\"noopener noreferrer\">Pavana de Alexandre (Alonso Mudarra)<\/a> &#8211; 2:07<br \/>\n15- <a href=\"https:\/\/open.spotify.com\/track\/6KTkal64tHLfNv40vAzSl5\" target=\"_blank\" rel=\"noopener noreferrer\">Fantas\u00eda VII (Luis de Mil\u00e1n)<\/a> &#8211; 2:20<br \/>\n16- <a href=\"https:\/\/open.spotify.com\/track\/3PsSBmAa24yzY88U6HpMCa\" target=\"_blank\" rel=\"noopener noreferrer\">12 Etudes, Op 6: XI. Estudio en Mi menor (F. Sor)<\/a> &#8211; 3:26<br \/>\n17- <a href=\"https:\/\/open.spotify.com\/track\/5KnSlC9H7ojMpMiwN0zqwZ\" target=\"_blank\" rel=\"noopener noreferrer\">24 Exercices tr\u00e8s faciles, Op 35: XXII.<\/a><br \/>\nEstudio en Si menor (Fernando Sor) &#8211; 2:32<\/p>\n<p>M\u00e1s informaci\u00f3n sobre este trabajo, los artistas y su m\u00fasica en\u00a0 <a title=\"ir a la web de La R\u00eaverie\/\u00e1lbum Alma de cuerda\" href=\"http:\/\/lareverie.es\/music-of-spanish-gentlemen-%c2%b7-musica-de-los-gentilhombres\/\" target=\"_blank\" rel=\"noopener noreferrer\"><i>lareverie.es<\/i><\/a><\/p>\n<p><a href=\"https:\/\/open.spotify.com\/album\/5AJSCCGWwuqhIdMytzrwP3\" target=\"_blank\" rel=\"noopener noreferrer\">Todos los temas del \u00e1lbum pueden escucharse en Spotify<\/a>.<\/p>\n","protected":false},"featured_media":4098,"comment_status":"closed","ping_status":"closed","template":"","meta":[],"product_brand":[],"product_cat":[730,387,728,401,729,726,134,724,727,456,392,390,725,384,139],"product_tag":[735,33,36,108,138,738,736,338,741,740,737,742,731,743,337,92,62,95,733,732,222,70,97,739,71,73,734,100],"class_list":{"0":"post-4165","1":"product","2":"type-product","3":"status-publish","4":"has-post-thumbnail","6":"product_cat-album","7":"product_cat-barroco","8":"product_cat-de-murcia","9":"product_cat-espana","10":"product_cat-la-reverie","11":"product_cat-milan","12":"product_cat-_mp3","13":"product_cat-mudarra","14":"product_cat-narvaez","15":"product_cat-otras","16":"product_cat-renacimiento","17":"product_cat-romanticismo","18":"product_cat-sanz","19":"product_cat-sor-fernando","20":"product_cat-_wav","21":"product_tag-alonso-mudarra","22":"product_tag-angel-martin","23":"product_tag-arrangements","24":"product_tag-barroco","25":"product_tag-quality","26":"product_tag-canarios","27":"product_tag-cancion-del-emperador","28":"product_tag-stringed-instruments","29":"product_tag-diferencias","30":"product_tag-espanoleta","31":"product_tag-fantasia","32":"product_tag-fernando-sor","33":"product_tag-gaspar-sanz","34":"product_tag-guitarra-espanola","35":"product_tag-unusual","36":"product_tag-juan-manuel-rubio","37":"product_tag-la-reverie","38":"product_tag-laud","39":"product_tag-luis-de-milan","40":"product_tag-luis-de-narvaez","41":"product_tag-manuel-esteban","42":"product_tag-original","43":"product_tag-oud","44":"product_tag-pavana","45":"product_tag-percussions","46":"product_tag-renaissance","47":"product_tag-santiago-de-murcia","48":"product_tag-santur","49":"product_shipping_class-descarga","50":"pa_artista-la-reverie","51":"pa_artista-angel-martin","52":"pa_artista-juan-manuel-rubio-2","53":"pa_artista-manuel-esteban","54":"pa_compositor-alonso-mudarra","55":"pa_compositor-fernando-sor","56":"pa_compositor-gaspar-sanz","57":"pa_compositor-luis-de-milan","58":"pa_compositor-luis-de-narvaez","59":"pa_compositor-santiago-de-murcia","60":"pa_epoca-barroco","61":"pa_epoca-renaissance","62":"pa_epoca-romanticismo","63":"pa_instrumentacion-guitarra","64":"pa_instrumentacion-otras-instrumentaciones","65":"pa_instrumentacion-oud","66":"pa_instrumentacion-percusiones","67":"pa_instrumentacion-santur","68":"pa_plazo-envio-instant-download","69":"pa_production-la-reverie","70":"pa_production-manuel-esteban","72":"first","73":"instock","74":"featured","75":"virtual","76":"product-type-simple"},"_links":{"self":[{"href":"https:\/\/reflejarte.es\/guitar-repertoire\/wp-json\/wp\/v2\/product\/4165","targetHints":{"allow":["GET"]}}],"collection":[{"href":"https:\/\/reflejarte.es\/guitar-repertoire\/wp-json\/wp\/v2\/product"}],"about":[{"href":"https:\/\/reflejarte.es\/guitar-repertoire\/wp-json\/wp\/v2\/types\/product"}],"replies":[{"embeddable":true,"href":"https:\/\/reflejarte.es\/guitar-repertoire\/wp-json\/wp\/v2\/comments?post=4165"}],"wp:featuredmedia":[{"embeddable":true,"href":"https:\/\/reflejarte.es\/guitar-repertoire\/wp-json\/wp\/v2\/media\/4098"}],"wp:attachment":[{"href":"https:\/\/reflejarte.es\/guitar-repertoire\/wp-json\/wp\/v2\/media?parent=4165"}],"wp:term":[{"taxonomy":"product_brand","embeddable":true,"href":"https:\/\/reflejarte.es\/guitar-repertoire\/wp-json\/wp\/v2\/product_brand?post=4165"},{"taxonomy":"product_cat","embeddable":true,"href":"https:\/\/reflejarte.es\/guitar-repertoire\/wp-json\/wp\/v2\/product_cat?post=4165"},{"taxonomy":"product_tag","embeddable":true,"href":"https:\/\/reflejarte.es\/guitar-repertoire\/wp-json\/wp\/v2\/product_tag?post=4165"}],"curies":[{"name":"wp","href":"https:\/\/api.w.org\/{rel}","templated":true}]}}