{"id":241,"date":"2021-02-14T10:31:25","date_gmt":"2021-02-14T10:31:25","guid":{"rendered":"https:\/\/reflejarte.es\/elsombrerodelalquimista\/?page_id=241"},"modified":"2021-02-14T11:38:55","modified_gmt":"2021-02-14T11:38:55","slug":"juan-manuel-rubio-santur-oud","status":"publish","type":"page","link":"https:\/\/reflejarte.es\/elsombrerodelalquimista\/los-musicos\/juan-manuel-rubio-santur-oud\/","title":{"rendered":"Juan Manuel Rubio, santur, oud"},"content":{"rendered":"<h1 style=\"text-align: center;\">Juan Manuel Rubio<\/h1>\n<h4 style=\"text-align: center;\">santur, oud<\/h4>\n<p>&nbsp;<\/p>\n<p style=\"text-align: center;\"><img loading=\"lazy\" decoding=\"async\" class=\"alignright size-full wp-image-246\" src=\"https:\/\/reflejarte.es\/elsombrerodelalquimista\/wp-content\/uploads\/2021\/02\/La-Reverie-JuanManuel-Rubio-oud.jpg\" alt=\"La Reverie - Juan Manuel Rubio, oud\" width=\"300\" height=\"400\" srcset=\"https:\/\/reflejarte.es\/elsombrerodelalquimista\/wp-content\/uploads\/2021\/02\/La-Reverie-JuanManuel-Rubio-oud.jpg 300w, https:\/\/reflejarte.es\/elsombrerodelalquimista\/wp-content\/uploads\/2021\/02\/La-Reverie-JuanManuel-Rubio-oud-225x300.jpg 225w, https:\/\/reflejarte.es\/elsombrerodelalquimista\/wp-content\/uploads\/2021\/02\/La-Reverie-JuanManuel-Rubio-oud-113x150.jpg 113w\" sizes=\"auto, (max-width: 300px) 100vw, 300px\" \/><\/p>\n<p>Multiinstrumentista de orientaci\u00f3n esencialmente autodidacta, nacido en Jerez de la Frontera(C\u00e1diz) el 30 de Mayo de 1972, una noche de luna menguante.<\/p>\n<p>Su inter\u00e9s por la m\u00fasica antigua, \u00e9tnica y de corte tradicional le ha llevado a progresar en un inagotable itinerario musical a trav\u00e9s de distintos instrumentos.<\/p>\n<p>En 1996 se inicia en la construcci\u00f3n de instrumentos tradicionales de la mano de Jes\u00fas Reolid.<br \/>\nEse mismo a\u00f1o destaca en los talleres de formaci\u00f3n que la Asociaci\u00f3n Ib\u00e9rica de la Zanfona organiza en varios puntos de la pen\u00ednsula como int\u00e9rprete de Rabel y Zanfona, sendos instrumentos de la tradici\u00f3n peninsular.<\/p>\n<p>En 1997 colabora en el trabajo que Robert Evans y William Taylor llevan a<br \/>\ncabo en Carddyff (Pa\u00eds de Gales) sobre la reconstrucci\u00f3n e interpretaci\u00f3n<br \/>\nhist\u00f3rica de dos instrumentos esenciales en la m\u00fasica tradicional b\u00e1rdica y<br \/>\ngalesa como son el Arpa y el Crwth, destacando en la ejecuci\u00f3n de ambos<br \/>\ninstrumentos.<\/p>\n<p><span style=\"font-family: 'Trebuchet MS', Arial, Helvetica, sans-serif;\">Hasta 1999 participa como int\u00e9rprete de Rabel, Crwth y Arpa con varias<\/span><\/p>\n<p>formaciones y en solitario en festivales de m\u00fasica y teatro de aqu\u00e9l pa\u00eds<br \/>\n(Saint Donats Storytelling Festival, Bangor NonFolk Festival).<\/p>\n<p>Posteriormente inicia un apasionante descubrimiento de la m\u00fasica \u00e1rabe,<br \/>\nturca y persa de la mano de maestros insignes como son Amin Chaachoo<br \/>\n(Tetuan), Necati \u00c7elik y Oru\u00e7 Guven\u00e7 (Estambul) con quienes destaca en la<br \/>\ninterpretaci\u00f3n del Oud. En Estambul tambi\u00e9n inicia su formaci\u00f3n como int\u00e9rprete<br \/>\nde Baglama y Saz con profesores destacados como Suhat Baktagir y Tarik Aydoglu,<br \/>\nde Santur y Qanun con Osman Aksu.<\/p>\n<p>Una formaci\u00f3n cont\u00ednua que hoy d\u00eda le ha hecho especializarse en la interpretaci\u00f3n<br \/>\ny estudio de una pl\u00e9tora de instrumentos: Zanfona, Rabel, Viola de arco, Kemanja,<br \/>\nArpa, Qanun, Baglama, Saz, Oud, Santur, La\u00fad, etc\u2026<\/p>\n<p>Desde 1999 ha participado y colaborado en formaciones diversas de m\u00fasica antigua,<br \/>\n\u00e9tnica y corte tradicional como \u00c1brigu, Bran Ruz, Alquimia, Arte Factvm,<br \/>\nCaravasar, Estambul, El Sombrero del Alquimista, Capella de Ministrers, L\u00b4ham de Foc,<br \/>\nRoss Daly, Samarcanda, Mediterr\u00e1nea, Z\u00e9jel, Durendal Ensemble, Capilla de M\u00fasica<br \/>\nAntigua de Chinchilla, Estampida Real,Yasmine Levy, Dufay Collective, Estampie,<br \/>\nOrquesta del Conservatorio de Tetu\u00e1n, Schola Gregoriana Hispana.<\/p>\n<p>Con estas formaciones ha participado en los festivales y espacios esc\u00e9nicos m\u00e1s<br \/>\nimportantes de m\u00fasica antigua y tradicional del territorio nacional (Gij\u00f3n,<br \/>\nSevilla, Barcelona, Girona, C\u00e1ceres, Valencia, Castell\u00f3n, Granada, Toledo,<br \/>\nSan Sebasti\u00e1n, Salamanca, etc..) e internacional en pa\u00edses como Marruecos,<br \/>\nArgelia, T\u00fanez, Italia, Alemania, Francia, Rep. Pop. China, EE.UU., Grecia,<br \/>\nPa\u00edses Bajos, Brasil, Cuba, etc\u2026)<\/p>\n<p>&nbsp;<\/p>\n<p><a href=\"http:\/\/lareverie.es\"><img loading=\"lazy\" decoding=\"async\" class=\"aligncenter wp-image-244 size-full\" title=\"La Reverie, Alma de cuerda (Manuel Esteban, guitarra &amp; Juan Manuel Rubio, santur)\" src=\"https:\/\/reflejarte.es\/elsombrerodelalquimista\/wp-content\/uploads\/2021\/02\/LaReverieAlma.jpg\" alt=\"La Reverie, Alma de cuerda (Manuel Esteban, guitarra &amp; Juan Manuel Rubio, santur)\" width=\"800\" height=\"246\" srcset=\"https:\/\/reflejarte.es\/elsombrerodelalquimista\/wp-content\/uploads\/2021\/02\/LaReverieAlma.jpg 800w, https:\/\/reflejarte.es\/elsombrerodelalquimista\/wp-content\/uploads\/2021\/02\/LaReverieAlma-300x92.jpg 300w, https:\/\/reflejarte.es\/elsombrerodelalquimista\/wp-content\/uploads\/2021\/02\/LaReverieAlma-768x236.jpg 768w, https:\/\/reflejarte.es\/elsombrerodelalquimista\/wp-content\/uploads\/2021\/02\/LaReverieAlma-150x46.jpg 150w, https:\/\/reflejarte.es\/elsombrerodelalquimista\/wp-content\/uploads\/2021\/02\/LaReverieAlma-250x77.jpg 250w\" sizes=\"auto, (max-width: 800px) 100vw, 800px\" \/><\/a><\/p>\n<p>&nbsp;<\/p>\n<p><img loading=\"lazy\" decoding=\"async\" class=\"size-thumbnail wp-image-242 alignleft\" src=\"https:\/\/reflejarte.es\/elsombrerodelalquimista\/wp-content\/uploads\/2021\/02\/Alma_de_cuerda-La_Reverie-front-cover-150x150.jpg\" alt=\"\" width=\"150\" height=\"150\" srcset=\"https:\/\/reflejarte.es\/elsombrerodelalquimista\/wp-content\/uploads\/2021\/02\/Alma_de_cuerda-La_Reverie-front-cover-150x150.jpg 150w, https:\/\/reflejarte.es\/elsombrerodelalquimista\/wp-content\/uploads\/2021\/02\/Alma_de_cuerda-La_Reverie-front-cover.jpg 300w\" sizes=\"auto, (max-width: 150px) 100vw, 150px\" \/><\/p>\n<p><span style=\"font-family: 'Trebuchet MS', Arial, Helvetica, sans-serif;\">Junto con <a href=\"https:\/\/reflejarte.es\/elsombrerodelalquimista\/los-musicos\/manuel-esteban\/\">Manuel Esteban<\/a> h<\/span>a fundado el grupo <a href=\"http:\/\/lareverie.es\" target=\"_blank\" rel=\"noopener\">La Reverie<\/a><br \/>\ny grabado el exitoso \u00e1lbum <a href=\"http:\/\/lareverie.es\/alma-de-cuerda\/\">Soul of String &#8211; Alma de cuerda.<\/a><\/p>\n<p>&nbsp;<\/p>\n","protected":false},"excerpt":{"rendered":"<p>Juan Manuel Rubio santur, oud &nbsp; Multiinstrumentista de orientaci\u00f3n esencialmente autodidacta, nacido en Jerez de la Frontera(C\u00e1diz) el 30 de Mayo de 1972, una noche de luna menguante. Su inter\u00e9s por la m\u00fasica antigua, \u00e9tnica y de corte tradicional le ha llevado a progresar en un inagotable itinerario musical a trav\u00e9s de distintos instrumentos. En 1996 se inicia en la construcci\u00f3n de instrumentos tradicionales de la mano de Jes\u00fas Reolid. Ese mismo a\u00f1o destaca en los talleres de formaci\u00f3n que la Asociaci\u00f3n Ib\u00e9rica de la Zanfona organiza en varios puntos de la pen\u00ednsula como int\u00e9rprete de Rabel y Zanfona, sendos[ &#8230; ]<\/p>\n<p> <a class=\"continue-reading-link\" href=\"https:\/\/reflejarte.es\/elsombrerodelalquimista\/los-musicos\/juan-manuel-rubio-santur-oud\/\"><span>Seguir leyendo &gt;&gt;<\/span><i class=\"crycon-right-dir\"><\/i><\/a> <\/p>\n","protected":false},"author":1,"featured_media":0,"parent":198,"menu_order":0,"comment_status":"closed","ping_status":"closed","template":"","meta":{"footnotes":""},"class_list":["post-241","page","type-page","status-publish","hentry"],"_links":{"self":[{"href":"https:\/\/reflejarte.es\/elsombrerodelalquimista\/wp-json\/wp\/v2\/pages\/241","targetHints":{"allow":["GET"]}}],"collection":[{"href":"https:\/\/reflejarte.es\/elsombrerodelalquimista\/wp-json\/wp\/v2\/pages"}],"about":[{"href":"https:\/\/reflejarte.es\/elsombrerodelalquimista\/wp-json\/wp\/v2\/types\/page"}],"author":[{"embeddable":true,"href":"https:\/\/reflejarte.es\/elsombrerodelalquimista\/wp-json\/wp\/v2\/users\/1"}],"replies":[{"embeddable":true,"href":"https:\/\/reflejarte.es\/elsombrerodelalquimista\/wp-json\/wp\/v2\/comments?post=241"}],"version-history":[{"count":6,"href":"https:\/\/reflejarte.es\/elsombrerodelalquimista\/wp-json\/wp\/v2\/pages\/241\/revisions"}],"predecessor-version":[{"id":258,"href":"https:\/\/reflejarte.es\/elsombrerodelalquimista\/wp-json\/wp\/v2\/pages\/241\/revisions\/258"}],"up":[{"embeddable":true,"href":"https:\/\/reflejarte.es\/elsombrerodelalquimista\/wp-json\/wp\/v2\/pages\/198"}],"wp:attachment":[{"href":"https:\/\/reflejarte.es\/elsombrerodelalquimista\/wp-json\/wp\/v2\/media?parent=241"}],"curies":[{"name":"wp","href":"https:\/\/api.w.org\/{rel}","templated":true}]}}