{"id":179,"date":"2021-02-13T22:27:11","date_gmt":"2021-02-13T22:27:11","guid":{"rendered":"https:\/\/reflejarte.es\/elsombrerodelalquimista\/?page_id=179"},"modified":"2021-02-13T22:46:35","modified_gmt":"2021-02-13T22:46:35","slug":"resenas-del-album","status":"publish","type":"page","link":"https:\/\/reflejarte.es\/elsombrerodelalquimista\/album-el-sombrero-del-alquimista\/resenas-del-album\/","title":{"rendered":"Rese\u00f1as del \u00e1lbum"},"content":{"rendered":"<h2 class=\"gross\" style=\"text-align: center;\">Rese\u00f1as del \u00e1lbum<br \/>\nEl Sombrero del Alquimista<\/h2>\n<p>&nbsp;<\/p>\n<h6 style=\"text-align: center;\">&#8212;&#8212;&#8212;<\/h6>\n<h4 style=\"text-align: center;\">Rese\u00f1a de la m\u00fasica de El Sombrero del Alquimista<br \/>\nen el programa\u00a0<a id=\"ad\" href=\"http:\/\/www.rtve.es\/alacarta\/audios\/ritmos-etnicos\/ritmos-etnicos-sombrero-del-alquimista-03-04-12\/1366711\/\" target=\"_blank\" rel=\"noopener\">&#8216;Ritmos \u00e9tnicos&#8217;<\/a> que Jos\u00e9 Miguel L\u00f3pez presentaba de lunes a jueves en radio 5 RNE (16.25 h.)<\/h4>\n<p><b>Emisi\u00f3n del 3 de abril de 2012<\/b><\/p>\n<p>En la presentaci\u00f3n del disco, Jos\u00e9 Miguel L\u00f3pez comenta:<\/p>\n<p>\u00abEs un proyecto que viene de M\u00e1laga, que tiene ya ciertos a\u00f1os, y que est\u00e1 dirigido por dos m\u00fasicos realmente competentes: un guitarrista llamado Manuel Esteban, y un int\u00e9rprete de instrumentos de viento llamado Ignacio B\u00e9jar. Responden al nombre art\u00edstico de El Sombrero del Alquimista y lo que proponen es un viaje por el Mediterr\u00e1neo, con composiciones propias, con temas basados en la tradici\u00f3n, pero siempre con mucha creatividad y con esp\u00edritu totalmente original.<br \/>\nEl disco que conozco de ellos se public\u00f3 ya hace unos a\u00f1os, en 2009, pero da igual es un trabajo espl\u00e9ndido, bueno, bonito de verdad, y es el que siguen llevando en el repertorio de sus conciertos. Un trabajo con unos criterios est\u00e9ticos realmente avanzados. Aunque nos pueda parecer que todo esto es muy tradicional, lo cierto es que no, que el lenguaje est\u00e1 muy desarrollado y que hay unas improvisaciones muy muy creativas.<br \/>\nRecuerden su nombre, El Sombrero del Alquimista.\u00bb<\/p>\n<p>3 de abril de 2012. Ritmos \u00e9tnicos, radio 5 RNE, Jos\u00e9 Miguel L\u00f3pez.<\/p>\n<p style=\"text-align: center;\"><a href=\"https:\/\/mediavod-lvlt.rtve.es\/resources\/TE_SRITMO\/mp3\/7\/7\/1333450658577.mp3\" target=\"_blank\" rel=\"noopener\">Escucha la presentaci\u00f3n en rtve<\/a><\/p>\n<ul>\n<li><a title=\"A la carta\" href=\"http:\/\/www.rtve.es\/alacarta\/\"><strong>A la carta<\/strong><\/a><\/li>\n<li>\u00a0&gt;\u00a0<a title=\"Radio\" href=\"http:\/\/www.rtve.es\/alacarta\/rne\/\">Radio<\/a><\/li>\n<li>\u00a0&gt;\u00a0<a title=\"Radio 5\" href=\"http:\/\/www.rtve.es\/alacarta\/rne\/radio-5\/\">Radio 5<\/a><\/li>\n<li>\u00a0&gt;\u00a0<a title=\"Ritmos \u00e9tnicos\" href=\"http:\/\/www.rtve.es\/alacarta\/audios\/ritmos-etnicos\/\">Ritmos \u00e9tnicos<\/a><\/li>\n<li>\u00a0&gt;\u00a0<a title=\"Ritmos \u00e9tnicos - El sombrero del alquimista - 03\/04\/12\" href=\"http:\/\/www.rtve.es\/alacarta\/audios\/ritmos-etnicos\/1625-ritmos-etnicos-030412-sombrero-del-alquimista-030412-2012-03-27t09-14-25580\/1366711\/\">Ritmos \u00e9tnicos &#8211; El sombrero del alquimista &#8211; 03\/04\/12<\/a><\/li>\n<\/ul>\n<hr \/>\n<p>&nbsp;<\/p>\n<h4 class=\"textj\" style=\"text-align: center;\">La m\u00fasica de El Sombrero del Alquimista suena en Radio 3<\/h4>\n<p>&nbsp;<\/p>\n<p>En el programa\u00a0<a id=\"ad\" href=\"http:\/\/www.rtve.es\/alacarta\/audios\/mediterraneo\/mediterraneo-lejos-quiere-decir-cerca-15-07-12\/1464450\/\" target=\"_blank\" rel=\"noopener\">&#8216;Mediterr\u00e1neo&#8217;<\/a> que se emite cada domingo de 9 a 10.00 horas y los martes a las 04.00 horas (Repetici\u00f3n) en radio Radio 3, Pilar Sampietro seleccion\u00f3 el tema &#8216;\u00c7e\u00e7en Kizi&#8217; &#8211; una melod\u00eda tradicional turca en arreglos del Sombrero del Alquimista- para su inclusi\u00f3n entre las piezas de la emisi\u00f3n n\u00ba 196, del 15 de julio de 2012, titulada &#8216;Lejos quiere decir cerca&#8217;.<\/p>\n<p>Se trata de un tema muy popular en Turqu\u00eda, y la interpretaci\u00f3n particular del Sombrero del Alquimista ha suscitado mucho inter\u00e9s en ese pa\u00eds mediterr\u00e1neo.<\/p>\n<p>&#8216;\u00c7e\u00e7en Kizi&#8217; interpretado por El Sombrero del Alquimista (a partir de 23&#8217;20\u00bb de la grabaci\u00f3n)<\/p>\n<div class=\"AudioContainer\" style=\"text-align: center;\" data-sust=\"false\" data-permalink=\"http:\/\/www.rtve.es\/alacarta\/audios\/mediterraneo\/mediterraneo-lejos-quiere-decir-cerca-15-07-12\/1464450\/\" data-assetid=\"1464450_es_audios\" data-location=\"embed_audios\" data-idmanager=\"\">Escucha la emisi\u00f3n en rtve:<\/div>\n<ul>\n<li><a title=\"Mediterr\u00e1neo - Lejos quiere decir cerca - 15\/07\/12\" href=\"http:\/\/www.rtve.es\/alacarta\/audios\/mediterraneo\/mediterraneo-lejos-quiere-decir-cerca-15-07-12\/1464450.shtml\"><strong>Mediterr\u00e1neo &#8211; Lejos quiere decir cerca &#8211; emisi\u00f3n del 15\/07\/12<\/strong><\/a><\/li>\n<\/ul>\n<hr \/>\n<h4 class=\"textj\" style=\"text-align: center;\">Rese\u00f1a del cd de El Sombrero del Alquimista<br \/>\npublicada en la Revista\u00a0<a id=\"ad\" href=\"http:\/\/www.ritmosdelmundo.es\/\" target=\"_blank\" rel=\"noopener\">Ritmos del Mundo<\/a>,<br \/>\nn\u00famero 11 \/ julio-agosto 2009,<br \/>\npor Eduardo Retamero<\/h4>\n<p>&nbsp;<\/p>\n<p style=\"text-align: center;\">\u00abEl Sombrero del Alquimista<br \/>\nAutoeditado \/ Fusi\u00f3n<\/p>\n<p>Ignacio B\u00e9jar es un m\u00fasico malague\u00f1o que dio sus primeros pasos profesionales en el jazz y el rock, pero tras descubrir la m\u00fasica oriental comenz\u00f3 el estudio de \u00e9sta a trav\u00e9s de viajes a la zona, de encuentros con maestros como Oruc Guvenc, del grupo Tumata, y de un acercamiento sincero al sufismo, llegando incluso a participar como m\u00fasico de acompa\u00f1amiento en rituales de giro de los derviches en Turqu\u00eda. De ah\u00ed que sea uno de los pocos m\u00fasicos europeos en dominar el ney, algo m\u00e1s que una simple flauta de ca\u00f1a, adem\u00e1s del clarinete turco y el saxo. Este es uno de los muchos proyectos en los que est\u00e1 embarcado este inquieto m\u00fasico, aqu\u00ed junto al guitarrista y vihuelista granadino Manuel Esteban, especialista en m\u00fasica antigua. Este e Ignacio, que tambi\u00e9n es componente de Caravasar, fusionan de manera natural en sus composiciones aires andaluces y orientales, con gui\u00f1os a la m\u00fasica antigua y contempor\u00e1nea o el jazz, entrelazando adem\u00e1s la improvisaci\u00f3n. Y todo ello con el Mediterr\u00e1neo como tel\u00f3n de fondo y fuente de inspiraci\u00f3n. Prueba de ello son temas como Fantas\u00eda del M\u00e1rmara o Tiempo de cambios.<br \/>\nCompletan el grupo el portugu\u00e9s Ricardo Pasos, que adem\u00e1s de la percusi\u00f3n toca el saz, el contrabajista Estanislao Waflar y Juanma Rubio, componente de Capella de Ministrers y de los desaparecidos L\u00b4Han de Foc, que aporta con el santur motivos persas a la amalgama sonora. Adem\u00e1s en sus directos incorporan la danza de Svetlana Ilina, dando m\u00e1s color a una m\u00fasica ya llena de matices. Ojal\u00e1 este disco revalorice el importante trabajo de unos m\u00fasicos que, desde el sur, miran a Oriente, quiz\u00e1s no tan lejos como pensamos. De Algeciras, o Andaluc\u00eda, a Estambul, que dice la canci\u00f3n.<\/p>\n<p style=\"text-align: right;\">Eduardo Retamero\u00bb<\/p>\n<hr \/>\n<p>&nbsp;<\/p>\n","protected":false},"excerpt":{"rendered":"<p>Rese\u00f1as del \u00e1lbum El Sombrero del Alquimista &nbsp; &#8212;&#8212;&#8212; Rese\u00f1a de la m\u00fasica de El Sombrero del Alquimista en el programa\u00a0&#8216;Ritmos \u00e9tnicos&#8217; que Jos\u00e9 Miguel L\u00f3pez presentaba de lunes a jueves en radio 5 RNE (16.25 h.) Emisi\u00f3n del 3 de abril de 2012 En la presentaci\u00f3n del disco, Jos\u00e9 Miguel L\u00f3pez comenta: \u00abEs un proyecto que viene de M\u00e1laga, que tiene ya ciertos a\u00f1os, y que est\u00e1 dirigido por dos m\u00fasicos realmente competentes: un guitarrista llamado Manuel Esteban, y un int\u00e9rprete de instrumentos de viento llamado Ignacio B\u00e9jar. Responden al nombre art\u00edstico de El Sombrero del Alquimista y lo[ &#8230; ]<\/p>\n<p> <a class=\"continue-reading-link\" href=\"https:\/\/reflejarte.es\/elsombrerodelalquimista\/album-el-sombrero-del-alquimista\/resenas-del-album\/\"><span>Seguir leyendo &gt;&gt;<\/span><i class=\"crycon-right-dir\"><\/i><\/a> <\/p>\n","protected":false},"author":1,"featured_media":0,"parent":119,"menu_order":0,"comment_status":"closed","ping_status":"closed","template":"","meta":{"footnotes":""},"class_list":["post-179","page","type-page","status-publish","hentry"],"_links":{"self":[{"href":"https:\/\/reflejarte.es\/elsombrerodelalquimista\/wp-json\/wp\/v2\/pages\/179","targetHints":{"allow":["GET"]}}],"collection":[{"href":"https:\/\/reflejarte.es\/elsombrerodelalquimista\/wp-json\/wp\/v2\/pages"}],"about":[{"href":"https:\/\/reflejarte.es\/elsombrerodelalquimista\/wp-json\/wp\/v2\/types\/page"}],"author":[{"embeddable":true,"href":"https:\/\/reflejarte.es\/elsombrerodelalquimista\/wp-json\/wp\/v2\/users\/1"}],"replies":[{"embeddable":true,"href":"https:\/\/reflejarte.es\/elsombrerodelalquimista\/wp-json\/wp\/v2\/comments?post=179"}],"version-history":[{"count":4,"href":"https:\/\/reflejarte.es\/elsombrerodelalquimista\/wp-json\/wp\/v2\/pages\/179\/revisions"}],"predecessor-version":[{"id":184,"href":"https:\/\/reflejarte.es\/elsombrerodelalquimista\/wp-json\/wp\/v2\/pages\/179\/revisions\/184"}],"up":[{"embeddable":true,"href":"https:\/\/reflejarte.es\/elsombrerodelalquimista\/wp-json\/wp\/v2\/pages\/119"}],"wp:attachment":[{"href":"https:\/\/reflejarte.es\/elsombrerodelalquimista\/wp-json\/wp\/v2\/media?parent=179"}],"curies":[{"name":"wp","href":"https:\/\/api.w.org\/{rel}","templated":true}]}}