{"id":1472,"date":"2017-03-28T16:41:18","date_gmt":"2017-03-28T14:41:18","guid":{"rendered":"http:\/\/reflejarte.es\/RAINERWOHLFEIL\/?page_id=1472"},"modified":"2023-02-13T10:05:11","modified_gmt":"2023-02-13T09:05:11","slug":"rainer-wohlfeil-der-historiker-als-mensch","status":"publish","type":"page","link":"https:\/\/reflejarte.es\/RAINERWOHLFEIL\/rainer-wohlfeil-der-historiker-als-mensch\/","title":{"rendered":"Portrait von Rainer Wohlfeil &#8211; der Historiker als Mensch :: Retrato personal"},"content":{"rendered":"<p style=\"text-align: right;\"><a href=\"http:\/\/reflejarte.es\/RAINERWOHLFEIL\/wp-content\/uploads\/2017\/04\/Prof.em_.Dr_.RainerWohlfeil1990.jpg\"><img loading=\"lazy\" decoding=\"async\" class=\"wp-image-1807 alignright\" src=\"http:\/\/reflejarte.es\/RAINERWOHLFEIL\/wp-content\/uploads\/2017\/04\/Prof.em_.Dr_.RainerWohlfeil1990.jpg\" alt=\"Prof. em. Dr. Rainer Wohlfeil, 1990\" width=\"224\" height=\"341\" srcset=\"https:\/\/reflejarte.es\/RAINERWOHLFEIL\/wp-content\/uploads\/2017\/04\/Prof.em_.Dr_.RainerWohlfeil1990.jpg 500w, https:\/\/reflejarte.es\/RAINERWOHLFEIL\/wp-content\/uploads\/2017\/04\/Prof.em_.Dr_.RainerWohlfeil1990-131x200.jpg 131w, https:\/\/reflejarte.es\/RAINERWOHLFEIL\/wp-content\/uploads\/2017\/04\/Prof.em_.Dr_.RainerWohlfeil1990-99x150.jpg 99w\" sizes=\"auto, (max-width: 224px) 100vw, 224px\" \/><\/a><a name=\"aleman\"><\/a><\/p>\n<h6><small><a href=\"#espa\u00f1ol\">(leer el texto en espa\u00f1ol)<\/a><\/small><\/h6>\n<p>Die Wertsch\u00e4tzung, die dem Historiker Rainer Wohlfeil \u00fcberall entgegengebracht wird, liegt nicht zuletzt in seiner Pers\u00f6nlichkeit begr\u00fcndet.<br \/>\nZur\u00fcckhaltend und doch stets freundlich und hilfsbereit, tolerant und friedliebend, ist er ein sehr angenehmer Mitmensch &#8211; und seiner Familie ein liebevoller Vater, Grossvater und Ehemann.<br \/>\nGewissenhaft, sehr pflichtbewusst und stets ansprechbar, war er schon immer ein gesch\u00e4tzter Kollege, viel besch\u00e4ftigter Gutachter (DFG&#8230;) und gesuchter Doktorvater: seine F\u00e4higkeit, zuzuh\u00f6ren empfiehlt ihn als guten Berater.<\/p>\n<p>Rainer Wohlfeil versteht es, Einf\u00fchlungsverm\u00f6gen und Geduld mit Perseveranz zu paaren. Er stellt hohe Anspr\u00fcche an sich selbst und an andere, ist aber immer verst\u00e4ndnisvoll und respektiert die pers\u00f6nlichen Entscheidungen jedes einzelnen.<br \/>\nDiese Eigenschaft, jeden so anzunehmen, wie er ist, spiegelt sich in seinem grunds\u00e4tzlichen Geschichtsverst\u00e4ndnis: er bem\u00fcht sich &#8211; und es gelingt ihm -, historische Pers\u00f6nlichkeiten und Sachverhalte im Rahmen ihrer Zeit zu verstehen, zu interpretieren und zu erkl\u00e4ren, m\u00f6glichst unbeirrt von subjektiven Beeinflussungen ideologischer, gesellschaftlicher und politischer Art.<\/p>\n<p>Rainer Wohlfeil steht offen zu seinen stark reflektierten und solide begr\u00fcndeten Ansichten und Grunds\u00e4tzen; er ist aber gleichzeitig f\u00e4hig und bereit, seine Urteile zu revidieren und Kompromisse zu schliessen. Seine Aufgeschlossenheit gegen\u00fcber anders Denkenden veranlasste ihn schon in den 1970er Jahren dazu, am wissenschaftlichen und geistigen Austausch im deutsch-deutschen Rahmen aktiv mitzuwirken (&#8222;Reformation oder fr\u00fchb\u00fcrgerliche Revolution?&#8220;) und Kontakte zu Kollegen aus der Sowjetunion aufzubauen.<br \/>\nGerecht, geradsinnig und bescheiden, beeindruckt und \u00fcberzeugt er insbesondere dadurch, dass er niemals zu \u00fcberreden sucht.<\/p>\n<p>Er ist ausdauernd und optimistisch, wenn es darum geht, ein gestecktes Ziel zu erreichen, unerm\u00fcdlich, methodisch und pr\u00e4zise in seiner Arbeitshaltung: so hat er es geschafft, \u00fcber 100 wissenschaftliche Studien zu erarbeiten und zu publizieren &#8211; sowohl zur Zeit seiner Besch\u00e4ftigung am Milit\u00e4rgeschichtlichen Forschungsamt in Freiburg als auch w\u00e4hrend der Lehrt\u00e4tigkeit an der Universit\u00e4t Hamburg (1970-1990).<br \/>\nDie tatkr\u00e4ftige Unterst\u00fctzung von und die sachbezogene Auseinandersetzung mit seiner Frau, der <a href=\"http:\/\/trudl-umdenken.eu\" target=\"_blank\" rel=\"noopener noreferrer\">K\u00fcnstlerin Trudl Wohlfeil<\/a> &#8211; \u00f6fters Mitautorin der Untersuchungen &#8211; war ihm dabei eine bedeutende Hilfe, nicht zuletzt bei der Entwicklung des Konzepts der <a href=\"http:\/\/reflejarte.es\/RAINERWOHLFEIL\/methodische-reflexionen-zur-historischen-bildkunde\/\" target=\"_blank\" rel=\"noopener noreferrer\">Historischen Bildkunde<\/a>.<\/p>\n<p>Seit seiner Emeritierung forscht Rainer Wohlfeil vorzugsweise in spanischer Geschichte der Fr\u00fchen Neuzeit &#8211; seine pers\u00f6nliche Neigung zu diesem Themenbereich erl\u00e4utert er selbst deutlich in einer <a href=\"http:\/\/reflejarte.es\/RAINERWOHLFEIL\/kriegsheld-oder-friedensfuerst_studie-des-bildprogramms-palast-karl-v-alhambra-granada\/\" target=\"_blank\" rel=\"noopener noreferrer\">Untersuchung zu Karl V<\/a>.<br \/>\nIm Laufe der letzten 25 Jahre sind so viele Texte entstanden, die in der Liste der &#8222;<a href=\"http:\/\/reflejarte.es\/RAINERWOHLFEIL\/neuere-publikationen-von-rainer-wohlfeil\/\" target=\"_blank\" rel=\"noopener noreferrer\">Neueren Publikationen<\/a>&#8220; aufgef\u00fchrt sind und\u00a0 online gelesen werden k\u00f6nnen.<br \/>\nNeben Untersuchungen zur Person Karls V.\u00a0 finden sich eine Reihe sehr interessanter Studien zu sozialen und wirtschaftlichen Verh\u00e4ltnissen in Spanien, zur historischen Bildkunde, ihrer Methode und Interpretationsbeispielen,\u00a0 zum Geldwesen und zur Numismatik.<br \/>\nEine Kombinationder letztgenannten Forschungsgebiete findet ihren Ausdruck in der spannenden, reich bebilderten Monografie\u00a0 &#8222;<a href=\"https:\/\/reflejarte.es\/RAINERWOHLFEIL\/geschichte-spaniens-im-spiegel-von-muenzen-und-banknoten\/\">Geschichte Spaniens im Spiegel von M\u00fcnzen und Banknoten<\/a>&#8222;, ein neuartiger und faszinierender Ansatz, den geschichtlichen Werdegang eines Landes nachzuverfolgen und zu verstehen.<\/p>\n<p>Marie Wohlfeil-P\u00e9rez Esteban<br \/>\n<a name=\"espa\u00f1ol\"><\/a><\/p>\n<hr \/>\n<hr \/>\n<p style=\"padding-left: 60px;\"><a href=\"http:\/\/reflejarte.es\/RAINERWOHLFEIL\/wp-content\/uploads\/2017\/03\/Rainer-im-Fr\u00fchjahr-2001.jpg\"><img loading=\"lazy\" decoding=\"async\" class=\"alignright wp-image-1809\" src=\"http:\/\/reflejarte.es\/RAINERWOHLFEIL\/wp-content\/uploads\/2017\/03\/Rainer-im-Fr\u00fchjahr-2001.jpg\" alt=\"\" width=\"267\" height=\"459\" srcset=\"https:\/\/reflejarte.es\/RAINERWOHLFEIL\/wp-content\/uploads\/2017\/03\/Rainer-im-Fr\u00fchjahr-2001.jpg 1196w, https:\/\/reflejarte.es\/RAINERWOHLFEIL\/wp-content\/uploads\/2017\/03\/Rainer-im-Fr\u00fchjahr-2001-116x200.jpg 116w, https:\/\/reflejarte.es\/RAINERWOHLFEIL\/wp-content\/uploads\/2017\/03\/Rainer-im-Fr\u00fchjahr-2001-768x1321.jpg 768w, https:\/\/reflejarte.es\/RAINERWOHLFEIL\/wp-content\/uploads\/2017\/03\/Rainer-im-Fr\u00fchjahr-2001-595x1024.jpg 595w, https:\/\/reflejarte.es\/RAINERWOHLFEIL\/wp-content\/uploads\/2017\/03\/Rainer-im-Fr\u00fchjahr-2001-87x150.jpg 87w\" sizes=\"auto, (max-width: 267px) 100vw, 267px\" \/><\/a>Rainer Wohlfeil es un historiador altamente estimado por sus colegas, aprecio que se debe tanto a su capacidad cient\u00edfica como a su talante personal.<\/p>\n<p style=\"padding-left: 60px;\">Es discreto y humilde, tolerante y pac\u00edfico, siempre amable y servicial; para su familia es un padre, marido y abuelo cari\u00f1oso, para los dem\u00e1s, una persona de trato muy agradable.<\/p>\n<p style=\"padding-left: 60px;\">Rainer Wohlfeil exige mucho, tanto de s\u00ed mismo como de los dem\u00e1s, pero tambi\u00e9n es muy comprensivo y respeta las decisiones personales de cada uno.<\/p>\n<p style=\"padding-left: 60px;\">Es capaz de aceptar a las personas como son, actitud que se refleja en su percepci\u00f3n general de la historia. Procura comprender las personalidades y los hechos del pasado en el marco filos\u00f3fico, pol\u00edtico y social de la \u00e9poca, y los interpreta a la luz de aquellas circunstancias.<\/p>\n<p style=\"padding-left: 60px;\">Los colegas le aprecian como amigo y colaborador en las tareas administrativas, los estudiantes lo buscan -por su marcado sentido del deber, la disposici\u00f3n a ayudar y su paciencia- como tutor acad\u00e9mico: sabe escuchar y eso lo convierte en un buen consejero.<\/p>\n<p style=\"padding-left: 60px;\">Rainer Wohlfeil defiende sus meditadas convicciones y s\u00f3lidos razonamientos, pero siempre est\u00e1 abierto a la discusi\u00f3n y es capaz de revisar. Nunca intenta imponer su punto de vista, por lo que sus argumentos justos y sinceros convencen a\u00fan m\u00e1s.<\/p>\n<p style=\"padding-left: 60px;\">Perseverante y optimista cuando se trata de alcanzar una meta, incansable, met\u00f3dico y preciso en el trabajo, ha conseguido escribir m\u00e1s de 100 <a href=\"http:\/\/reflejarte.es\/RAINERWOHLFEIL\/chronologisches-schriftenverzeichnis-aller-studien-von-prof-em-dr-phil-rainer-wohlfeil\/\" target=\"_blank\" rel=\"noopener noreferrer\">publicaciones<\/a> cient\u00edficas, dedic\u00e1ndose a ello tanto mientras trabajaba en el Milit\u00e4rgeschichtliche Forschungsamt de Friburgo (Instituto de Investigaci\u00f3n de la Historia Militar) como cuando ocupaba la c\u00e1tedra de Historia Medieval y Moderna en la facultad de Hamburgo (desde 1970).<br \/>\nDif\u00edcilmente hubiera podido llevar a cabo toda esta obra sin el apoyo constante de su mujer, la artista <a href=\"http:\/\/trudl-umdenken.eu\/\" target=\"_blank\" rel=\"noopener noreferrer\">Trudl Wohlfeil<\/a>. Los debates cient\u00edficos con ella &#8211; a menudo <a href=\"http:\/\/reflejarte.es\/RAINERWOHLFEIL\/svz86-brot-olivenoel-kichererbsen-studie-zur-lebensqualitaet-der-unterschichten-im-spanien-karls-iii\/\" target=\"_blank\" rel=\"noopener noreferrer\">coautora<\/a> de sus publicaciones &#8211; han contribu\u00eddo decisivamente al desarrollo de los an\u00e1lisis.<br \/>\nEntre sus temas m\u00e1s importantes destacan:<\/p>\n<p id=\"L\" style=\"padding-left: 60px;\">\u00b7 Lutero, la Reforma y la Guerra de los Campesinos<br \/>\n\u00b7 discusi\u00f3n met\u00f3dico-hist\u00f3rica con historiadores de la RDA, sobre el significado sociohist\u00f3rico de la \u00e9poca,<br \/>\n\u00b7 la figura y el tiempo de Carlos V,<br \/>\n\u00b7 elaboraci\u00f3n del concepto de la iconograf\u00eda hist\u00f3rica (Historische Bildkunde) y sus m\u00e9todos,<br \/>\n\u00b7 investigaciones socioecon\u00f3micas, numism\u00e1ticas e iconogr\u00e1ficas relacionadas con la historia de\u00a0 Espa\u00f1a.<\/p>\n<p style=\"padding-left: 60px;\">Ahora -ya jubilado- explora preferentemente la historia moderna de Espa\u00f1a. En un <a href=\"http:\/\/reflejarte.es\/RAINERWOHLFEIL\/kriegsheld-oder-friedensfuerst_studie-des-bildprogramms-palast-karl-v-alhambra-granada\/\" target=\"_blank\" rel=\"noopener noreferrer\">estudio<\/a> sobre Carlos V explica \u00e9l mismo su inclinaci\u00f3n hacia aquella \u00e9poca.<br \/>\nEntre sus publicaciones m\u00e1s recientes cabe destacar una investigaci\u00f3n sobre la <a href=\"http:\/\/reflejarte.es\/RAINERWOHLFEIL\/wp-content\/uploads\/2017\/03\/svz102-RainerWohlfeil-CaballeroAndante.pdf\" target=\"_blank\" rel=\"noopener noreferrer\">figura del caballero andante<\/a>\u00a0 as\u00ed como una <a href=\"https:\/\/reflejarte.es\/RAINERWOHLFEIL\/geschichte-spaniens-im-spiegel-von-muenzen-und-banknoten\/\" target=\"_blank\" rel=\"noopener noreferrer\">interesant\u00edsima monograf\u00eda sobre &#8222;La historia de Espa\u00f1a reflejada en sus monedas y billetes&#8220;<\/a> . Este \u00faltimo trabajo aporta un enfoque muy novedoso a la investigaci\u00f3n documental, a trav\u00e9s de un medio fascinante, testigo de los vaivenes en el proceso evolutivo de una naci\u00f3n.<\/p>\n<p id=\"Rmini\" style=\"padding-left: 60px;\">Marie Wohlfeil-P\u00e9rez Esteban<\/p>\n","protected":false},"excerpt":{"rendered":"<p>(leer el texto en espa\u00f1ol) Die Wertsch\u00e4tzung, die dem Historiker Rainer Wohlfeil \u00fcberall entgegengebracht wird, liegt nicht zuletzt in seiner Pers\u00f6nlichkeit begr\u00fcndet. Zur\u00fcckhaltend und doch stets freundlich und hilfsbereit, tolerant und friedliebend, ist er ein sehr angenehmer Mitmensch &#8211; und seiner Familie ein liebevoller Vater, Grossvater und Ehemann. Gewissenhaft, sehr pflichtbewusst und stets ansprechbar, war er schon immer ein gesch\u00e4tzter Kollege, viel besch\u00e4ftigter Gutachter (DFG&#8230;) und gesuchter Doktorvater: seine F\u00e4higkeit, zuzuh\u00f6ren empfiehlt ihn als guten Berater. Rainer Wohlfeil versteht es, Einf\u00fchlungsverm\u00f6gen und Geduld mit Perseveranz zu paaren. Er stellt hohe Anspr\u00fcche an sich selbst und an andere, ist aber immer[ &#8230; ]<\/p>\n<p> <a class=\"continue-reading-link\" href=\"https:\/\/reflejarte.es\/RAINERWOHLFEIL\/rainer-wohlfeil-der-historiker-als-mensch\/\"><span>Weiterlesen &gt;&gt;<\/span><i class=\"crycon-right-dir\"><\/i><\/a> <\/p>\n","protected":false},"author":1,"featured_media":1477,"parent":0,"menu_order":0,"comment_status":"closed","ping_status":"closed","template":"","meta":{"footnotes":""},"class_list":["post-1472","page","type-page","status-publish","has-post-thumbnail","hentry"],"_links":{"self":[{"href":"https:\/\/reflejarte.es\/RAINERWOHLFEIL\/wp-json\/wp\/v2\/pages\/1472","targetHints":{"allow":["GET"]}}],"collection":[{"href":"https:\/\/reflejarte.es\/RAINERWOHLFEIL\/wp-json\/wp\/v2\/pages"}],"about":[{"href":"https:\/\/reflejarte.es\/RAINERWOHLFEIL\/wp-json\/wp\/v2\/types\/page"}],"author":[{"embeddable":true,"href":"https:\/\/reflejarte.es\/RAINERWOHLFEIL\/wp-json\/wp\/v2\/users\/1"}],"replies":[{"embeddable":true,"href":"https:\/\/reflejarte.es\/RAINERWOHLFEIL\/wp-json\/wp\/v2\/comments?post=1472"}],"version-history":[{"count":18,"href":"https:\/\/reflejarte.es\/RAINERWOHLFEIL\/wp-json\/wp\/v2\/pages\/1472\/revisions"}],"predecessor-version":[{"id":1475,"href":"https:\/\/reflejarte.es\/RAINERWOHLFEIL\/wp-json\/wp\/v2\/pages\/1472\/revisions\/1475"}],"wp:featuredmedia":[{"embeddable":true,"href":"https:\/\/reflejarte.es\/RAINERWOHLFEIL\/wp-json\/wp\/v2\/media\/1477"}],"wp:attachment":[{"href":"https:\/\/reflejarte.es\/RAINERWOHLFEIL\/wp-json\/wp\/v2\/media?parent=1472"}],"curies":[{"name":"wp","href":"https:\/\/api.w.org\/{rel}","templated":true}]}}