{"id":1440,"date":"2017-03-27T22:51:18","date_gmt":"2017-03-27T20:51:18","guid":{"rendered":"http:\/\/reflejarte.es\/RAINERWOHLFEIL\/wp-content\/uploads\/2017\/03\/cropped-RainerWohlfeil.gif"},"modified":"2017-04-16T10:15:10","modified_gmt":"2017-04-16T08:15:10","slug":"cropped-rainerwohlfeil-gif","status":"inherit","type":"attachment","link":"https:\/\/reflejarte.es\/RAINERWOHLFEIL\/cropped-rainerwohlfeil-gif\/","title":{"rendered":"Prof.Dr.Rainer Wohlfeil &#8211; Publikationen zur Geschichte von Mittelalter, Fr&uuml;her Neuzeit, Aufkl\u00e4rung, Zeitgeschichte &#8211; Publicaciones de Historia Medieval, Moderna y Contempor&aacute;nea.  Historia de Espa&ntilde;a"},"author":1,"featured_media":0,"comment_status":"open","ping_status":"closed","template":"","meta":[],"class_list":["post-1440","attachment","type-attachment","status-inherit","hentry"],"description":{"rendered":"<p class=\"attachment\"><a href='https:\/\/reflejarte.es\/RAINERWOHLFEIL\/wp-content\/uploads\/2017\/03\/cropped-RainerWohlfeil.gif'><img loading=\"lazy\" decoding=\"async\" width=\"200\" height=\"34\" src=\"https:\/\/reflejarte.es\/RAINERWOHLFEIL\/wp-content\/uploads\/2017\/03\/cropped-RainerWohlfeil-200x34.gif\" class=\"attachment-medium size-medium\" alt=\"Prof.Dr.Rainer Wohlfeil - Publikationen zur Geschichte von Mittelalter, Fr\u00fcher Neuzeit, Aufkl\u00e4rung, Zeitgeschichte; Schriftenverzeichnis und abrufbare Texte zu: Historische Bildkunde, Reformation, Bauernkrieg, Luther, Karl V., Milit\u00e4rgeschichte, Geschichte Spaniens im Spiegel von M\u00fcnzen. - Prof.Dr. Rainer Wohlfeil: Publicaciones de Historia Medieval, Moderna y Contempor\u00e1nea. Historia de Espa\u00f1a Iconograf\u00eda hist\u00f3rica, Historia militar, Carlos V, Carlos I, Reforma, Lutero, investigaciones socio-econ\u00f3micas, La historia de Espa\u00f1a reflejada en la moneda.\" srcset=\"https:\/\/reflejarte.es\/RAINERWOHLFEIL\/wp-content\/uploads\/2017\/03\/cropped-RainerWohlfeil-200x34.gif 200w, https:\/\/reflejarte.es\/RAINERWOHLFEIL\/wp-content\/uploads\/2017\/03\/cropped-RainerWohlfeil-250x43.gif 250w, https:\/\/reflejarte.es\/RAINERWOHLFEIL\/wp-content\/uploads\/2017\/03\/cropped-RainerWohlfeil-150x26.gif 150w\" sizes=\"auto, (max-width: 200px) 100vw, 200px\" \/><\/a><\/p>\n<p>Prof.Dr.Rainer Wohlfeil &#8211; Publikationen zur Geschichte von Mittelalter, Fr&uuml;her Neuzeit, Aufkl\u00e4rung, Zeitgeschichte; Schriftenverzeichnis und abrufbare<br \/>\nTexte zu:<br \/>\nHistorische Bildkunde, Reformation, Bauernkrieg, Luther, Karl V., Milit&auml;rgeschichte, Geschichte Spaniens im Spiegel von M&uuml;nzen.<br \/>\n&#8211; Prof.Dr. Rainer Wohlfeil: Publicaciones de Historia Medieval, Moderna y Contempor&aacute;nea.<br \/>\nHistoria de Espa&ntilde;a<br \/>\nIconograf&iacute;a hist&oacute;rica, Historia militar, Carlos V, Carlos I, Reforma, Lutero, investigaciones socio-econ&oacute;micas, La historia<br \/>\nde Espa&ntilde;a reflejada en la moneda.<\/p>\n"},"caption":{"rendered":"<p>Prof.Dr.Rainer Wohlfeil &#8211; Publikationen zur Geschichte von Mittelalter, Fr&uuml;her Neuzeit, Aufkl\u00e4rung, Zeitgeschichte; Schriftenverzeichnis und abrufbare<br \/>\nTexte zu:<br \/>\nHistorische Bildkunde, Reformation, Bauernkrieg, Luther, Karl V., Milit&auml;rgeschichte, Geschichte Spaniens im Spiegel von M&uuml;nzen.<br \/>\n&#8211; Prof.Dr. Rainer Wohlfeil: Publicaciones de Historia Medieval, Moderna y Contempor&aacute;nea.<br \/>\nHistoria de Espa&ntilde;a<br \/>\nIconograf&iacute;a hist&oacute;rica, Historia militar, Carlos V, Carlos I, Reforma, Lutero, investigaciones socio-econ&oacute;micas, La historia<br \/>\nde Espa&ntilde;a reflejada en la moneda.<\/p>\n<p> <a class=\"continue-reading-link\" href=\"https:\/\/reflejarte.es\/RAINERWOHLFEIL\/cropped-rainerwohlfeil-gif\/\"><span>Weiterlesen &gt;&gt;<\/span><i class=\"crycon-right-dir\"><\/i><\/a> <\/p>\n"},"alt_text":"Prof.Dr.Rainer Wohlfeil - Publikationen zur Geschichte von Mittelalter, Fr\u00fcher Neuzeit, Aufkl\u00e4rung, Zeitgeschichte; Schriftenverzeichnis und abrufbare Texte zu: Historische Bildkunde, Reformation, Bauernkrieg, Luther, Karl V., Milit\u00e4rgeschichte, Geschichte Spaniens im Spiegel von M\u00fcnzen. - Prof.Dr. Rainer Wohlfeil: Publicaciones de Historia Medieval, Moderna y Contempor\u00e1nea. Historia de Espa\u00f1a Iconograf\u00eda hist\u00f3rica, Historia militar, Carlos V, Carlos I, Reforma, Lutero, investigaciones socio-econ\u00f3micas, La historia de Espa\u00f1a reflejada en la moneda.","media_type":"image","mime_type":"image\/gif","media_details":{"width":750,"height":129,"file":"2017\/03\/cropped-RainerWohlfeil.gif","sizes":{"thumbnail":{"file":"cropped-RainerWohlfeil-150x129.gif","width":150,"height":129,"mime_type":"image\/gif","source_url":"https:\/\/reflejarte.es\/RAINERWOHLFEIL\/wp-content\/uploads\/2017\/03\/cropped-RainerWohlfeil-150x129.gif"},"medium":{"file":"cropped-RainerWohlfeil-200x34.gif","width":200,"height":34,"mime_type":"image\/gif","source_url":"https:\/\/reflejarte.es\/RAINERWOHLFEIL\/wp-content\/uploads\/2017\/03\/cropped-RainerWohlfeil-200x34.gif"},"custom":{"file":"cropped-RainerWohlfeil-250x43.gif","width":250,"height":43,"mime_type":"image\/gif","source_url":"https:\/\/reflejarte.es\/RAINERWOHLFEIL\/wp-content\/uploads\/2017\/03\/cropped-RainerWohlfeil-250x43.gif"},"post-thumbnail":{"file":"cropped-RainerWohlfeil-150x26.gif","width":150,"height":26,"mime_type":"image\/gif","source_url":"https:\/\/reflejarte.es\/RAINERWOHLFEIL\/wp-content\/uploads\/2017\/03\/cropped-RainerWohlfeil-150x26.gif"},"columns":{"file":"cropped-RainerWohlfeil-397x129.gif","width":397,"height":129,"mime_type":"image\/gif","source_url":"https:\/\/reflejarte.es\/RAINERWOHLFEIL\/wp-content\/uploads\/2017\/03\/cropped-RainerWohlfeil-397x129.gif"},"full":{"file":"cropped-RainerWohlfeil.gif","width":750,"height":129,"mime_type":"image\/gif","source_url":"https:\/\/reflejarte.es\/RAINERWOHLFEIL\/wp-content\/uploads\/2017\/03\/cropped-RainerWohlfeil.gif"}},"image_meta":{"aperture":"0","credit":"","camera":"","caption":"","created_timestamp":"0","copyright":"","focal_length":"0","iso":"0","shutter_speed":"0","title":"","orientation":"0","keywords":[]}},"post":null,"source_url":"https:\/\/reflejarte.es\/RAINERWOHLFEIL\/wp-content\/uploads\/2017\/03\/cropped-RainerWohlfeil.gif","_links":{"self":[{"href":"https:\/\/reflejarte.es\/RAINERWOHLFEIL\/wp-json\/wp\/v2\/media\/1440","targetHints":{"allow":["GET"]}}],"collection":[{"href":"https:\/\/reflejarte.es\/RAINERWOHLFEIL\/wp-json\/wp\/v2\/media"}],"about":[{"href":"https:\/\/reflejarte.es\/RAINERWOHLFEIL\/wp-json\/wp\/v2\/types\/attachment"}],"author":[{"embeddable":true,"href":"https:\/\/reflejarte.es\/RAINERWOHLFEIL\/wp-json\/wp\/v2\/users\/1"}],"replies":[{"embeddable":true,"href":"https:\/\/reflejarte.es\/RAINERWOHLFEIL\/wp-json\/wp\/v2\/comments?post=1440"}]}}

Prof.Dr.Rainer Wohlfeil &#8211; Publikationen zur Geschichte von Mittelalter, Fr&uuml;her Neuzeit, Aufklärung, Zeitgeschichte &#8211; Publicaciones de Historia Medieval, Moderna y Contempor&aacute;nea.  Historia de Espa&ntilde;a

<p class="attachment"><a href='https://reflejarte.es/RAINERWOHLFEIL/wp-content/uploads/2017/03/cropped-RainerWohlfeil.gif'><img loading="lazy" decoding="async" width="200" height="34" src="https://reflejarte.es/RAINERWOHLFEIL/wp-content/uploads/2017/03/cropped-RainerWohlfeil-200x34.gif" class="attachment-medium size-medium" alt="Prof.Dr.Rainer Wohlfeil - Publikationen zur Geschichte von Mittelalter, Früher Neuzeit, Aufklärung, Zeitgeschichte; Schriftenverzeichnis und abrufbare Texte zu: Historische Bildkunde, Reformation, Bauernkrieg, Luther, Karl V., Militärgeschichte, Geschichte Spaniens im Spiegel von Münzen. - Prof.Dr. Rainer Wohlfeil: Publicaciones de Historia Medieval, Moderna y Contemporánea. Historia de España Iconografía histórica, Historia militar, Carlos V, Carlos I, Reforma, Lutero, investigaciones socio-económicas, La historia de España reflejada en la moneda." srcset="https://reflejarte.es/RAINERWOHLFEIL/wp-content/uploads/2017/03/cropped-RainerWohlfeil-200x34.gif 200w, https://reflejarte.es/RAINERWOHLFEIL/wp-content/uploads/2017/03/cropped-RainerWohlfeil-250x43.gif 250w, https://reflejarte.es/RAINERWOHLFEIL/wp-content/uploads/2017/03/cropped-RainerWohlfeil-150x26.gif 150w" sizes="auto, (max-width: 200px) 100vw, 200px" /></a></p>
<p>Prof.Dr.Rainer Wohlfeil &#8211; Publikationen zur Geschichte von Mittelalter, Fr&uuml;her Neuzeit, Aufklärung, Zeitgeschichte; Schriftenverzeichnis und abrufbare<br />
Texte zu:<br />
Historische Bildkunde, Reformation, Bauernkrieg, Luther, Karl V., Milit&auml;rgeschichte, Geschichte Spaniens im Spiegel von M&uuml;nzen.<br />
&#8211; Prof.Dr. Rainer Wohlfeil: Publicaciones de Historia Medieval, Moderna y Contempor&aacute;nea.<br />
Historia de Espa&ntilde;a<br />
Iconograf&iacute;a hist&oacute;rica, Historia militar, Carlos V, Carlos I, Reforma, Lutero, investigaciones socio-econ&oacute;micas, La historia<br />
de Espa&ntilde;a reflejada en la moneda.</p>

<p>Prof.Dr.Rainer Wohlfeil &#8211; Publikationen zur Geschichte von Mittelalter, Fr&uuml;her Neuzeit, Aufklärung, Zeitgeschichte; Schriftenverzeichnis und abrufbare<br />
Texte zu:<br />
Historische Bildkunde, Reformation, Bauernkrieg, Luther, Karl V., Milit&auml;rgeschichte, Geschichte Spaniens im Spiegel von M&uuml;nzen.<br />
&#8211; Prof.Dr. Rainer Wohlfeil: Publicaciones de Historia Medieval, Moderna y Contempor&aacute;nea.<br />
Historia de Espa&ntilde;a<br />
Iconograf&iacute;a hist&oacute;rica, Historia militar, Carlos V, Carlos I, Reforma, Lutero, investigaciones socio-econ&oacute;micas, La historia<br />
de Espa&ntilde;a reflejada en la moneda.</p>
<p> <a class="continue-reading-link" href="https://reflejarte.es/RAINERWOHLFEIL/cropped-rainerwohlfeil-gif/"><span>Weiterlesen &gt;&gt;</span><i class="crycon-right-dir"></i></a> </p>

Prof.Dr.Rainer Wohlfeil - Publikationen zur Geschichte von Mittelalter, Früher Neuzeit, Aufklärung, Zeitgeschichte; Schriftenverzeichnis und abrufbare Texte zu: Historische Bildkunde, Reformation, Bauernkrieg, Luther, Karl V., Militärgeschichte, Geschichte Spaniens im Spiegel von Münzen. - Prof.Dr. Rainer Wohlfeil: Publicaciones de Historia Medieval, Moderna y Contemporánea. Historia de España Iconografía histórica, Historia militar, Carlos V, Carlos I, Reforma, Lutero, investigaciones socio-económicas, La historia de España reflejada en la moneda.
