{"id":571,"date":"2017-02-16T17:45:35","date_gmt":"2017-02-16T16:45:35","guid":{"rendered":"https:\/\/reflejarte.es\/DeutschamStrand\/wp-content\/uploads\/2017\/02\/aprenderaleman1417x280.jpg"},"modified":"2017-02-16T17:55:56","modified_gmt":"2017-02-16T16:55:56","slug":"aprenderaleman1417x280","status":"inherit","type":"attachment","link":"https:\/\/reflejarte.es\/DeutschamStrand\/de\/aprenderaleman1417x280\/","title":{"rendered":"Deutsch am Strand [:de]- Deutsch lernen mit Spa\u00df &#8211; motivierendes DaF-Material[:es]- material ameno para practicar y ense\u00f1ar alem\u00e1n[:]"},"author":1,"featured_media":0,"comment_status":"closed","ping_status":"closed","template":"","meta":[],"class_list":["post-571","attachment","type-attachment","status-inherit","hentry"],"smush":{"stats":{"percent":4.690023169276135,"bytes":668,"size_before":14243,"size_after":13575,"time":0.03,"api_version":"1.0","lossy":false,"keep_exif":0},"sizes":{"full":{"percent":4.69,"bytes":668,"size_before":14243,"size_after":13575,"time":0.03}}},"description":{"rendered":"<p class=\"attachment\"><a href='https:\/\/reflejarte.es\/DeutschamStrand\/de\/wp-content\/uploads\/2017\/02\/aprenderaleman1417x280.jpg'><img decoding=\"async\" width=\"300\" height=\"59\" data-src=\"https:\/\/reflejarte.es\/DeutschamStrand\/de\/wp-content\/uploads\/2017\/02\/aprenderaleman1417x280.jpg\" class=\"attachment-medium size-medium lazyload\" alt=\"Deutsch am Strand [:de]- Deutsch lernen mit Spa\u00df - motivierendes DaF-Material[:es]- material ameno para practicar y ense\u00f1ar alem\u00e1n[:]\" src=\"data:image\/svg+xml;base64,PHN2ZyB3aWR0aD0iMSIgaGVpZ2h0PSIxIiB4bWxucz0iaHR0cDovL3d3dy53My5vcmcvMjAwMC9zdmciPjwvc3ZnPg==\" style=\"--smush-placeholder-width: 300px; --smush-placeholder-aspect-ratio: 300\/59;\" \/><\/a><\/p>\n"},"caption":{"rendered":"<p> <a class=\"continue-reading-link\" href=\"https:\/\/reflejarte.es\/DeutschamStrand\/de\/aprenderaleman1417x280\/\"><span>weiterlesen &#8230;<\/span><i class=\"crycon-right-dir\"><\/i><\/a> <\/p>\n"},"alt_text":"Deutsch am Strand [:de]- Deutsch lernen mit Spa\u00df - motivierendes DaF-Material[:es]- material ameno para practicar y ense\u00f1ar alem\u00e1n[:]","media_type":"image","mime_type":"image\/jpeg","media_details":{"width":1417,"height":280,"file":"2017\/02\/aprenderaleman1417x280.jpg","sizes":{},"image_meta":{"aperture":"0","credit":"","camera":"","caption":"","created_timestamp":"0","copyright":"","focal_length":"0","iso":"0","shutter_speed":"0","title":"","orientation":"0","keywords":[]}},"post":null,"source_url":"https:\/\/reflejarte.es\/DeutschamStrand\/de\/wp-content\/uploads\/2017\/02\/aprenderaleman1417x280.jpg","_links":{"self":[{"href":"https:\/\/reflejarte.es\/DeutschamStrand\/de\/wp-json\/wp\/v2\/media\/571","targetHints":{"allow":["GET"]}}],"collection":[{"href":"https:\/\/reflejarte.es\/DeutschamStrand\/de\/wp-json\/wp\/v2\/media"}],"about":[{"href":"https:\/\/reflejarte.es\/DeutschamStrand\/de\/wp-json\/wp\/v2\/types\/attachment"}],"author":[{"embeddable":true,"href":"https:\/\/reflejarte.es\/DeutschamStrand\/de\/wp-json\/wp\/v2\/users\/1"}],"replies":[{"embeddable":true,"href":"https:\/\/reflejarte.es\/DeutschamStrand\/de\/wp-json\/wp\/v2\/comments?post=571"}]}}

Deutsch am Strand [:de]- Deutsch lernen mit Spaß &#8211; motivierendes DaF-Material[:es]- material ameno para practicar y enseñar alemán[:]

<p class="attachment"><a href='https://reflejarte.es/DeutschamStrand/de/wp-content/uploads/2017/02/aprenderaleman1417x280.jpg'><img decoding="async" width="300" height="59" data-src="https://reflejarte.es/DeutschamStrand/de/wp-content/uploads/2017/02/aprenderaleman1417x280.jpg" class="attachment-medium size-medium lazyload" alt="Deutsch am Strand [:de]- Deutsch lernen mit Spaß - motivierendes DaF-Material[:es]- material ameno para practicar y enseñar alemán[:]" src="data:image/svg+xml;base64,PHN2ZyB3aWR0aD0iMSIgaGVpZ2h0PSIxIiB4bWxucz0iaHR0cDovL3d3dy53My5vcmcvMjAwMC9zdmciPjwvc3ZnPg==" style="--smush-placeholder-width: 300px; --smush-placeholder-aspect-ratio: 300/59;" /></a></p>

Deutsch am Strand [:de]- Deutsch lernen mit Spaß - motivierendes DaF-Material[:es]- material ameno para practicar y enseñar alemán[:]
